{"id":140,"date":"2013-12-11T16:47:19","date_gmt":"2013-12-11T16:47:19","guid":{"rendered":"http:\/\/waterlat.org\/es\/?page_id=140"},"modified":"2017-03-24T17:06:02","modified_gmt":"2017-03-24T17:06:02","slug":"fifth-meeting","status":"publish","type":"page","link":"https:\/\/waterlat.org\/es\/encuentros\/public-meetings\/fifth-meeting\/","title":{"rendered":"WATERLAT V, Quito, 2013"},"content":{"rendered":"<h2>Quinta Reuni\u00f3n Internacional de la Red WATERLAT &#8211; 2013<\/h2>\n<p><a href=\"https:\/\/waterlat.org\/es\/wp-content\/uploads\/sites\/2\/2014\/06\/waterlat-V-banner.jpg\"><img loading=\"lazy\" decoding=\"async\" class=\"alignleft wp-image-1104\" style=\"width: 391px;\" src=\"https:\/\/waterlat.org\/es\/wp-content\/uploads\/sites\/2\/2014\/06\/waterlat-V-banner-300x124.jpg\" alt=\"waterlat V banner\" width=\"300\" height=\"132\" \/><\/a><\/p>\n<p>&nbsp;<\/p>\n<p>&nbsp;<\/p>\n<p>&nbsp;<\/p>\n<p>&nbsp;<\/p>\n<p><span style=\"text-decoration: underline;\"><strong>Venues<\/strong><\/span>: <a href=\"http:\/\/www.ciespal.net\/\">Centro Internacional de Estudios Superiores de Comunicaci\u00f3n para Am\u00e9rica Latina (CIESPAL)<\/a> y <a href=\"http:\/\/www.yakumuseoagua.gob.ec\/\">Museo del Agua Yaku<\/a><\/p>\n<p>Con base en los debates de la Reuni\u00f3n elaboramos una <a href=\"http:\/\/waterlat.org\/GeneralPDFs\/DeclaracionVReunionweb.pdf\">Declaraci\u00f3n P\u00fablica del Plenario de la Quinta Reuni\u00f3n de la red WATERLAT<\/a><\/p>\n<p>Tambi\u00e9n emitimos dos <a href=\"http:\/\/www.waterlat.org\/GeneralPDFs\/Declaraciones%20de%20solidaridad%20con%20mobilizaciones%20en%20Ecuador%20y%20Uruguay.pdf\">declaraciones de solidaridad con mobilizaciones en Ecuador y Uruguay<\/a> que tuvieron lugar simult\u00e1neamente con nuestra Reuni\u00f3n.<\/p>\n<p>&nbsp;<\/p>\n<p><span style=\"text-decoration: underline;\">Galer\u00eda de fotos de la Reuni\u00f3n Anual de 2013<\/span><br \/>\n<object style=\"width: 650px; height: 561px;\" width=\"400\" height=\"300\" classid=\"clsid:d27cdb6e-ae6d-11cf-96b8-444553540000\" codebase=\"http:\/\/download.macromedia.com\/pub\/shockwave\/cabs\/flash\/swflash.cab#version=6,0,40,0\"><param name=\"flashvars\" value=\"offsite=true&amp;lang=en-us&amp;page_show_url=%2Fphotos%2F125391306%40N03%2Fsets%2F72157645245935674%2Fshow%2F&amp;page_show_back_url=%2Fphotos%2F125391306%40N03%2Fsets%2F72157645245935674%2F&amp;set_id=72157645245935674&amp;jump_to=\" \/><param name=\"allowFullScreen\" value=\"true\" \/><param name=\"src\" value=\"https:\/\/www.flickr.com\/apps\/slideshow\/show.swf?v=143270\" \/><param name=\"allowfullscreen\" value=\"true\" \/><embed style=\"width: 650px; height: 561px;\" width=\"400\" height=\"300\" type=\"application\/x-shockwave-flash\" src=\"https:\/\/www.flickr.com\/apps\/slideshow\/show.swf?v=143270\" flashvars=\"offsite=true&amp;lang=en-us&amp;page_show_url=%2Fphotos%2F125391306%40N03%2Fsets%2F72157645245935674%2Fshow%2F&amp;page_show_back_url=%2Fphotos%2F125391306%40N03%2Fsets%2F72157645245935674%2F&amp;set_id=72157645245935674&amp;jump_to=\" allowfullscreen=\"allowfullscreen\" allowfullscreen=\"allowfullscreen\" \/><\/object><\/p>\n<p>Ecuador is right now a key place for the study of some of the most recent initiatives taken to reconsider the role of the State in the government and management of water. The process leading to the new Constitution in 2008 recognized the right to water, limited the participation of private enterprise in the provision of water services, re-established public companies, created a single national water authority, and recognized community water management arrangements and the rights of nature. Ecuador has also headed the rejection of international arbitration for disputes between private companies and national states and some of the proposals for regional integration within the framework of the\u00a0<a href=\"http:\/\/www.unasursg.org\/\">Union of South American Nations (UNASUR)<\/a>, which has its headquarters in Quito. What kind of balance can we make in 2013 concerning these initiatives, which have been termed \u2018post-neoliberal\u2019? What challenges and advances can we identify? How do these initiatives compare with others in the region? What kind of theoretical and methodological challenges we face for the study of these processes?<\/p>\n<p>Topics addressed in our meeting<\/p>\n<p>With the objective of strengthening the debate about the challenges that these transformations are posing for the development of post-neoliberal water politics we decided to focus our meeting on the following issues:<\/p>\n<p><strong>1. Are we moving towards a post-neoliberal hydrosocial metabolism in Latin America?<\/strong><\/p>\n<blockquote><p><strong>a.<\/strong>\u00a0Revisiting the notion of water \u201cneoliberalism\u201d (forms, indicators, levels; liberalisms and neoliberalisms; continuities and ruptures, etc.).<br \/>\n<strong>b.<\/strong>\u00a0Capitalist autonomies and heteronomies in Latin America; degrees of \u201cde-neoliberalization\u201d; neoliberal persistence and resistance (neoliberal islands in a post-neoliberal landscape?).<br \/>\n<strong>c.<\/strong>\u00a0Obstacles and opportunities for strengthening a post-neoliberal hydrosocial metabolism in Latin America.<br \/>\n<strong>d.\u00a0<\/strong>Post-neoliberal water government and management; the \u201cbuen vivir\u201d and the rights of nature (contradictions, struggles, and challenges to the establishment of these rights and principles, etc.).<br \/>\n<strong>e.<\/strong>\u00a0The reproduction and construction of democratic post- and non-neoliberal hydrosocial territories (basins, transboundary waters; class, gender, and ethnic inequalities, etc.).<br \/>\n<strong>f.<\/strong>\u00a0Preserving and constructing democratic post- and non-neoliberal hydrosocial cultures.<\/p><\/blockquote>\n<p><strong>2. Tensions and contradictions of the post-neoliberal capitalist state<\/strong><\/p>\n<blockquote><p><strong>a.<\/strong>\u00a0Revisiting the tension between social and environmental justice in the context of post-neoliberal capitalisms.<br \/>\n<strong>b.<\/strong>\u00a0Mega projects of hydraulic infrastructures with impact on the hydrosocial metabolism.<br \/>\n<strong>c.<\/strong>\u00a0Mega mining projects.<br \/>\n<strong>d.\u00a0<\/strong>Industrial and exports agriculture.<br \/>\n<strong>e.<\/strong>\u00a0The expression of tensions and contradictions in the health dimension (public health, environmental health, etc.).<br \/>\n<strong>f.<\/strong>\u00a0\u201cNatural disasters\u201d: injustice, inequality and defencelessness in post-neoliberal contexts.<br \/>\n<strong>g.<\/strong>\u00a0Confronting water injustice, inequality and defencelessness (struggles, contradictions, alliances, direction of the processes, etc.).<\/p><\/blockquote>\n<p><strong>3. Recovering and defending the public role in the provision of essential water services (drinking water, sanitation, drainage, etc.).<\/strong><\/p>\n<blockquote><p><strong>a.\u00a0<\/strong>The challenge of guaranteeing the exercise of the human right to water.<br \/>\n<strong>b.<\/strong>\u00a0Challenges facing the interaction between community and public water management.<br \/>\n<strong>c.\u00a0<\/strong>Inequality and injustice in the post-neoliberal government and management of essential water services.<br \/>\n<strong>d.\u00a0<\/strong>Commodification and privatization of water and water services in the post-neoliberal stage (including the mercantilization of public companies, the consolidation and emergence of regional multinational companies [\u201cmulti-latinas\u201d], etc.).<\/p><\/blockquote>\n<p><strong>4. X-disciplinarity in research and action to democratize water government and management<\/strong><\/p>\n<blockquote><p><strong>a.<\/strong>\u00a0Deepening interdisciplinarity in research: obstacles, opportunities, examples.<br \/>\n<strong>b.<\/strong>\u00a0Practicing trans-disciplinarity: research and action to democratize water government and management.<br \/>\n<strong>c.<\/strong>\u00a0The interrelation between academics, \u201cnon-academics\u201d, and other actors of X-disciplinarity.<\/p><\/blockquote>\n<p><strong>___________________________________________________________________________<\/strong><\/p>\n<p>The meeting supported the\u00a0<a href=\"http:\/\/www.blueplanetproject.net\/BlueOctober\/wordpress\/?page_id=24\">Blue October Campaign<\/a>\u00a0against the control and commodification of water by private corporations.<\/p>\n<p><a href=\"https:\/\/waterlat.org\/es\/wp-content\/uploads\/sites\/2\/2014\/06\/Octubre-Azul.jpg\"><img loading=\"lazy\" decoding=\"async\" class=\"alignleft wp-image-1103\" style=\"width: 188px;\" src=\"https:\/\/waterlat.org\/es\/wp-content\/uploads\/sites\/2\/2014\/06\/Octubre-Azul-300x151.jpg\" alt=\"Octubre Azul\" width=\"300\" height=\"125\" \/><\/a><\/p>\n<p>&nbsp;<\/p>\n<p>&nbsp;<\/p>\n<p>&nbsp;<\/p>\n<p>The Meeting was an activity of the WATERLAT Network. It was co-organized by the\u00a0<a href=\"http:\/\/www.ncl.ac.uk\/gps\/\">School of Geography, Politics and Sociology<\/a>, Newcastle University, UK, and the\u00a0<a href=\"http:\/\/www.iaen.edu.ec\/\">Institute of Higher National Studies (IAEN<\/a>), Ecuador.<\/p>\n<p>The organization of the event was supported by the\u00a0<a href=\"http:\/\/www.yakumuseoagua.gob.ec\/\">Yaku Water Museum<\/a>, Ecuador.<\/p>\n","protected":false},"excerpt":{"rendered":"<p>Quinta Reuni\u00f3n Internacional de la Red WATERLAT &#8211; 2013 &nbsp; &nbsp; &nbsp; &nbsp; Venues: Centro Internacional de Estudios Superiores de Comunicaci\u00f3n para Am\u00e9rica Latina (CIESPAL) y Museo del Agua Yaku Con base en los debates de la Reuni\u00f3n elaboramos una Declaraci\u00f3n P\u00fablica del Plenario de la Quinta Reuni\u00f3n de la red WATERLAT Tambi\u00e9n emitimos dos [&hellip;]<\/p>\n","protected":false},"author":1,"featured_media":0,"parent":19,"menu_order":0,"comment_status":"closed","ping_status":"closed","template":"page-templates\/full-width.php","meta":{"_acf_changed":false,"footnotes":""},"class_list":["post-140","page","type-page","status-publish","hentry","wpautop"],"acf":[],"_links":{"self":[{"href":"https:\/\/waterlat.org\/es\/wp-json\/wp\/v2\/pages\/140","targetHints":{"allow":["GET"]}}],"collection":[{"href":"https:\/\/waterlat.org\/es\/wp-json\/wp\/v2\/pages"}],"about":[{"href":"https:\/\/waterlat.org\/es\/wp-json\/wp\/v2\/types\/page"}],"author":[{"embeddable":true,"href":"https:\/\/waterlat.org\/es\/wp-json\/wp\/v2\/users\/1"}],"replies":[{"embeddable":true,"href":"https:\/\/waterlat.org\/es\/wp-json\/wp\/v2\/comments?post=140"}],"version-history":[{"count":21,"href":"https:\/\/waterlat.org\/es\/wp-json\/wp\/v2\/pages\/140\/revisions"}],"predecessor-version":[{"id":2247,"href":"https:\/\/waterlat.org\/es\/wp-json\/wp\/v2\/pages\/140\/revisions\/2247"}],"up":[{"embeddable":true,"href":"https:\/\/waterlat.org\/es\/wp-json\/wp\/v2\/pages\/19"}],"wp:attachment":[{"href":"https:\/\/waterlat.org\/es\/wp-json\/wp\/v2\/media?parent=140"}],"curies":[{"name":"wp","href":"https:\/\/api.w.org\/{rel}","templated":true}]}}

<h2>Quinta Reunión Internacional de la Red WATERLAT &#8211; 2013</h2>
<p><a href="https://waterlat.org/es/wp-content/uploads/sites/2/2014/06/waterlat-V-banner.jpg"><img loading="lazy" decoding="async" class="alignleft wp-image-1104" style="width: 391px;" src="https://waterlat.org/es/wp-content/uploads/sites/2/2014/06/waterlat-V-banner-300x124.jpg" alt="waterlat V banner" width="300" height="132" /></a></p>
<p>&nbsp;</p>
<p>&nbsp;</p>
<p>&nbsp;</p>
<p>&nbsp;</p>
<p><span style="text-decoration: underline;"><strong>Venues</strong></span>: <a href="http://www.ciespal.net/">Centro Internacional de Estudios Superiores de Comunicación para América Latina (CIESPAL)</a> y <a href="http://www.yakumuseoagua.gob.ec/">Museo del Agua Yaku</a></p>
<p>Con base en los debates de la Reunión elaboramos una <a href="http://waterlat.org/GeneralPDFs/DeclaracionVReunionweb.pdf">Declaración Pública del Plenario de la Quinta Reunión de la red WATERLAT</a></p>
<p>También emitimos dos <a href="http://www.waterlat.org/GeneralPDFs/Declaraciones%20de%20solidaridad%20con%20mobilizaciones%20en%20Ecuador%20y%20Uruguay.pdf">declaraciones de solidaridad con mobilizaciones en Ecuador y Uruguay</a> que tuvieron lugar simultáneamente con nuestra Reunión.</p>
<p>&nbsp;</p>
<p><span style="text-decoration: underline;">Galería de fotos de la Reunión Anual de 2013</span><br />
<object style="width: 650px; height: 561px;" width="400" height="300" classid="clsid:d27cdb6e-ae6d-11cf-96b8-444553540000" codebase="http://download.macromedia.com/pub/shockwave/cabs/flash/swflash.cab#version=6,0,40,0"><param name="flashvars" value="offsite=true&amp;lang=en-us&amp;page_show_url=%2Fphotos%2F125391306%40N03%2Fsets%2F72157645245935674%2Fshow%2F&amp;page_show_back_url=%2Fphotos%2F125391306%40N03%2Fsets%2F72157645245935674%2F&amp;set_id=72157645245935674&amp;jump_to=" /><param name="allowFullScreen" value="true" /><param name="src" value="https://www.flickr.com/apps/slideshow/show.swf?v=143270" /><param name="allowfullscreen" value="true" /><embed style="width: 650px; height: 561px;" width="400" height="300" type="application/x-shockwave-flash" src="https://www.flickr.com/apps/slideshow/show.swf?v=143270" flashvars="offsite=true&amp;lang=en-us&amp;page_show_url=%2Fphotos%2F125391306%40N03%2Fsets%2F72157645245935674%2Fshow%2F&amp;page_show_back_url=%2Fphotos%2F125391306%40N03%2Fsets%2F72157645245935674%2F&amp;set_id=72157645245935674&amp;jump_to=" allowfullscreen="allowfullscreen" allowfullscreen="allowfullscreen" /></object></p>
<p>Ecuador is right now a key place for the study of some of the most recent initiatives taken to reconsider the role of the State in the government and management of water. The process leading to the new Constitution in 2008 recognized the right to water, limited the participation of private enterprise in the provision of water services, re-established public companies, created a single national water authority, and recognized community water management arrangements and the rights of nature. Ecuador has also headed the rejection of international arbitration for disputes between private companies and national states and some of the proposals for regional integration within the framework of the <a href="http://www.unasursg.org/">Union of South American Nations (UNASUR)</a>, which has its headquarters in Quito. What kind of balance can we make in 2013 concerning these initiatives, which have been termed ‘post-neoliberal’? What challenges and advances can we identify? How do these initiatives compare with others in the region? What kind of theoretical and methodological challenges we face for the study of these processes?</p>
<p>Topics addressed in our meeting</p>
<p>With the objective of strengthening the debate about the challenges that these transformations are posing for the development of post-neoliberal water politics we decided to focus our meeting on the following issues:</p>
<p><strong>1. Are we moving towards a post-neoliberal hydrosocial metabolism in Latin America?</strong></p>
<blockquote><p><strong>a.</strong> Revisiting the notion of water “neoliberalism” (forms, indicators, levels; liberalisms and neoliberalisms; continuities and ruptures, etc.).<br />
<strong>b.</strong> Capitalist autonomies and heteronomies in Latin America; degrees of “de-neoliberalization”; neoliberal persistence and resistance (neoliberal islands in a post-neoliberal landscape?).<br />
<strong>c.</strong> Obstacles and opportunities for strengthening a post-neoliberal hydrosocial metabolism in Latin America.<br />
<strong>d. </strong>Post-neoliberal water government and management; the “buen vivir” and the rights of nature (contradictions, struggles, and challenges to the establishment of these rights and principles, etc.).<br />
<strong>e.</strong> The reproduction and construction of democratic post- and non-neoliberal hydrosocial territories (basins, transboundary waters; class, gender, and ethnic inequalities, etc.).<br />
<strong>f.</strong> Preserving and constructing democratic post- and non-neoliberal hydrosocial cultures.</p></blockquote>
<p><strong>2. Tensions and contradictions of the post-neoliberal capitalist state</strong></p>
<blockquote><p><strong>a.</strong> Revisiting the tension between social and environmental justice in the context of post-neoliberal capitalisms.<br />
<strong>b.</strong> Mega projects of hydraulic infrastructures with impact on the hydrosocial metabolism.<br />
<strong>c.</strong> Mega mining projects.<br />
<strong>d. </strong>Industrial and exports agriculture.<br />
<strong>e.</strong> The expression of tensions and contradictions in the health dimension (public health, environmental health, etc.).<br />
<strong>f.</strong> “Natural disasters”: injustice, inequality and defencelessness in post-neoliberal contexts.<br />
<strong>g.</strong> Confronting water injustice, inequality and defencelessness (struggles, contradictions, alliances, direction of the processes, etc.).</p></blockquote>
<p><strong>3. Recovering and defending the public role in the provision of essential water services (drinking water, sanitation, drainage, etc.).</strong></p>
<blockquote><p><strong>a. </strong>The challenge of guaranteeing the exercise of the human right to water.<br />
<strong>b.</strong> Challenges facing the interaction between community and public water management.<br />
<strong>c. </strong>Inequality and injustice in the post-neoliberal government and management of essential water services.<br />
<strong>d. </strong>Commodification and privatization of water and water services in the post-neoliberal stage (including the mercantilization of public companies, the consolidation and emergence of regional multinational companies [“multi-latinas”], etc.).</p></blockquote>
<p><strong>4. X-disciplinarity in research and action to democratize water government and management</strong></p>
<blockquote><p><strong>a.</strong> Deepening interdisciplinarity in research: obstacles, opportunities, examples.<br />
<strong>b.</strong> Practicing trans-disciplinarity: research and action to democratize water government and management.<br />
<strong>c.</strong> The interrelation between academics, “non-academics”, and other actors of X-disciplinarity.</p></blockquote>
<p><strong>___________________________________________________________________________</strong></p>
<p>The meeting supported the <a href="http://www.blueplanetproject.net/BlueOctober/wordpress/?page_id=24">Blue October Campaign</a> against the control and commodification of water by private corporations.</p>
<p><a href="https://waterlat.org/es/wp-content/uploads/sites/2/2014/06/Octubre-Azul.jpg"><img loading="lazy" decoding="async" class="alignleft wp-image-1103" style="width: 188px;" src="https://waterlat.org/es/wp-content/uploads/sites/2/2014/06/Octubre-Azul-300x151.jpg" alt="Octubre Azul" width="300" height="125" /></a></p>
<p>&nbsp;</p>
<p>&nbsp;</p>
<p>&nbsp;</p>
<p>The Meeting was an activity of the WATERLAT Network. It was co-organized by the <a href="http://www.ncl.ac.uk/gps/">School of Geography, Politics and Sociology</a>, Newcastle University, UK, and the <a href="http://www.iaen.edu.ec/">Institute of Higher National Studies (IAEN</a>), Ecuador.</p>
<p>The organization of the event was supported by the <a href="http://www.yakumuseoagua.gob.ec/">Yaku Water Museum</a>, Ecuador.</p>

<p>Quinta Reunión Internacional de la Red WATERLAT &#8211; 2013 &nbsp; &nbsp; &nbsp; &nbsp; Venues: Centro Internacional de Estudios Superiores de Comunicación para América Latina (CIESPAL) y Museo del Agua Yaku Con base en los debates de la Reunión elaboramos una Declaración Pública del Plenario de la Quinta Reunión de la red WATERLAT También emitimos dos [&hellip;]</p>
