{"id":142,"date":"2013-12-15T11:42:03","date_gmt":"2013-12-15T11:42:03","guid":{"rendered":"http:\/\/waterlat.org\/es\/?page_id=142"},"modified":"2015-12-11T17:19:41","modified_gmt":"2015-12-11T17:19:41","slug":"waterlat-2011","status":"publish","type":"page","link":"https:\/\/waterlat.org\/es\/encuentros\/public-meetings\/waterlat-2011\/","title":{"rendered":"WATERLAT III, Ciudad de M\u00e9xico, 2011"},"content":{"rendered":"<p><a href=\"https:\/\/waterlat.org\/es\/wp-content\/uploads\/sites\/2\/2014\/03\/Tapaespanolbaja.jpg\"><img loading=\"lazy\" decoding=\"async\" class=\"alignnone  wp-image-181\" style=\"width: 294px;\" alt=\"Tapaespanolbaja\" src=\"https:\/\/waterlat.org\/es\/wp-content\/uploads\/sites\/2\/2014\/03\/Tapaespanolbaja.jpg\" width=\"458\" height=\"437\" \/><\/a><\/p>\n<p>El evento incluy\u00f3 un Conversatorio P\u00fablico sobre Agua y Salud, que tuvo lugar en las instalaciones de la Comisi\u00f3n de Derechos Humanos del Distrito Federal, en la tarde del d\u00eda 25 de octubre. <a href=\"https:\/\/waterlat.org\/es\/wp-content\/uploads\/sites\/2\/2014\/03\/Conversatorio_000.pdf\">Baje aqu\u00ed un volante informativo del Conversatorio<\/a>. <a href=\"https:\/\/waterlat.org\/es\/wp-content\/uploads\/sites\/2\/2014\/03\/ProgramaWATERLAT2011.pdf\">Baje una copia del Programa del evento aqu\u00ed<\/a>. Vea nuestras p\u00e1ginas de <a href=\"https:\/\/waterlat.org\/es\/comunicacion-publica\/\">Diseminaci\u00f3n<\/a> para ver video clips de las sesiones y de entrevistas con participantes en el evento.<\/p>\n<p>Galer\u00eda fotogr\u00e1fica de la II Reuni\u00f3n Anual, 2011:<br \/>\n<object style=\"width: 624px; height: 455px;\" width=\"400\" height=\"300\" classid=\"clsid:d27cdb6e-ae6d-11cf-96b8-444553540000\" codebase=\"http:\/\/download.macromedia.com\/pub\/shockwave\/cabs\/flash\/swflash.cab#version=6,0,40,0\"><param name=\"flashvars\" value=\"offsite=true&amp;lang=en-us&amp;page_show_url=%2Fphotos%2F125391306%40N03%2Fsets%2F72157645037784629%2Fshow%2F&amp;page_show_back_url=%2Fphotos%2F125391306%40N03%2Fsets%2F72157645037784629%2F&amp;set_id=72157645037784629&amp;jump_to=\" \/><param name=\"allowFullScreen\" value=\"true\" \/><param name=\"src\" value=\"https:\/\/www.flickr.com\/apps\/slideshow\/show.swf?v=143270\" \/><param name=\"allowfullscreen\" value=\"true\" \/><embed style=\"width: 624px; height: 455px;\" width=\"400\" height=\"300\" type=\"application\/x-shockwave-flash\" src=\"https:\/\/www.flickr.com\/apps\/slideshow\/show.swf?v=143270\" flashvars=\"offsite=true&amp;lang=en-us&amp;page_show_url=%2Fphotos%2F125391306%40N03%2Fsets%2F72157645037784629%2Fshow%2F&amp;page_show_back_url=%2Fphotos%2F125391306%40N03%2Fsets%2F72157645037784629%2F&amp;set_id=72157645037784629&amp;jump_to=\" allowFullScreen=\"true\" allowfullscreen=\"true\" \/><\/object><\/p>\n<p>La Reuni\u00f3n de la Red WATERLAT apoy\u00f3 la <a href=\"http:\/\/www.blueoctobercampaign.org\">Campa\u00f1a Octubre Azul<\/a> contra el control del agua por parte de las corporaciones privadas de negocios.<\/p>\n<p>El encuentro fue una actividad de la Red WATERLAT, organizada conjuntamente por la <a href=\"http:\/\/www.ncl.ac.uk\/gps\/\">Escuela de Geograf\u00eda, Ciencia Pol\u00edtica y Sociolog\u00eda<\/a>, Universidad de Newcastle, Reino Unido, y la <a href=\"http:\/\/www.flacso.edu.mx\">Facultad Latinoamericana de Ciencias Sociales (FLACSO)<\/a> Sede M\u00e9xico.<\/p>\n","protected":false},"excerpt":{"rendered":"<p>El evento incluy\u00f3 un Conversatorio P\u00fablico sobre Agua y Salud, que tuvo lugar en las instalaciones de la Comisi\u00f3n de Derechos Humanos del Distrito Federal, en la tarde del d\u00eda 25 de octubre. Baje aqu\u00ed un volante informativo del Conversatorio. Baje una copia del Programa del evento aqu\u00ed. Vea nuestras p\u00e1ginas de Diseminaci\u00f3n para ver [&hellip;]<\/p>\n","protected":false},"author":1,"featured_media":0,"parent":19,"menu_order":0,"comment_status":"closed","ping_status":"closed","template":"page-templates\/full-width.php","meta":{"_acf_changed":false,"footnotes":""},"class_list":["post-142","page","type-page","status-publish","hentry","wpautop"],"acf":[],"_links":{"self":[{"href":"https:\/\/waterlat.org\/es\/wp-json\/wp\/v2\/pages\/142","targetHints":{"allow":["GET"]}}],"collection":[{"href":"https:\/\/waterlat.org\/es\/wp-json\/wp\/v2\/pages"}],"about":[{"href":"https:\/\/waterlat.org\/es\/wp-json\/wp\/v2\/types\/page"}],"author":[{"embeddable":true,"href":"https:\/\/waterlat.org\/es\/wp-json\/wp\/v2\/users\/1"}],"replies":[{"embeddable":true,"href":"https:\/\/waterlat.org\/es\/wp-json\/wp\/v2\/comments?post=142"}],"version-history":[{"count":16,"href":"https:\/\/waterlat.org\/es\/wp-json\/wp\/v2\/pages\/142\/revisions"}],"predecessor-version":[{"id":1546,"href":"https:\/\/waterlat.org\/es\/wp-json\/wp\/v2\/pages\/142\/revisions\/1546"}],"up":[{"embeddable":true,"href":"https:\/\/waterlat.org\/es\/wp-json\/wp\/v2\/pages\/19"}],"wp:attachment":[{"href":"https:\/\/waterlat.org\/es\/wp-json\/wp\/v2\/media?parent=142"}],"curies":[{"name":"wp","href":"https:\/\/api.w.org\/{rel}","templated":true}]}}

WATERLAT III, Ciudad de México, 2011

<p><a href="https://waterlat.org/es/wp-content/uploads/sites/2/2014/03/Tapaespanolbaja.jpg"><img loading="lazy" decoding="async" class="alignnone  wp-image-181" style="width: 294px;" alt="Tapaespanolbaja" src="https://waterlat.org/es/wp-content/uploads/sites/2/2014/03/Tapaespanolbaja.jpg" width="458" height="437" /></a></p>
<p>El evento incluyó un Conversatorio Público sobre Agua y Salud, que tuvo lugar en las instalaciones de la Comisión de Derechos Humanos del Distrito Federal, en la tarde del día 25 de octubre. <a href="https://waterlat.org/es/wp-content/uploads/sites/2/2014/03/Conversatorio_000.pdf">Baje aquí un volante informativo del Conversatorio</a>. <a href="https://waterlat.org/es/wp-content/uploads/sites/2/2014/03/ProgramaWATERLAT2011.pdf">Baje una copia del Programa del evento aquí</a>. Vea nuestras páginas de <a href="https://waterlat.org/es/comunicacion-publica/">Diseminación</a> para ver video clips de las sesiones y de entrevistas con participantes en el evento.</p>
<p>Galería fotográfica de la II Reunión Anual, 2011:<br />
<object style="width: 624px; height: 455px;" width="400" height="300" classid="clsid:d27cdb6e-ae6d-11cf-96b8-444553540000" codebase="http://download.macromedia.com/pub/shockwave/cabs/flash/swflash.cab#version=6,0,40,0"><param name="flashvars" value="offsite=true&amp;lang=en-us&amp;page_show_url=%2Fphotos%2F125391306%40N03%2Fsets%2F72157645037784629%2Fshow%2F&amp;page_show_back_url=%2Fphotos%2F125391306%40N03%2Fsets%2F72157645037784629%2F&amp;set_id=72157645037784629&amp;jump_to=" /><param name="allowFullScreen" value="true" /><param name="src" value="https://www.flickr.com/apps/slideshow/show.swf?v=143270" /><param name="allowfullscreen" value="true" /><embed style="width: 624px; height: 455px;" width="400" height="300" type="application/x-shockwave-flash" src="https://www.flickr.com/apps/slideshow/show.swf?v=143270" flashvars="offsite=true&amp;lang=en-us&amp;page_show_url=%2Fphotos%2F125391306%40N03%2Fsets%2F72157645037784629%2Fshow%2F&amp;page_show_back_url=%2Fphotos%2F125391306%40N03%2Fsets%2F72157645037784629%2F&amp;set_id=72157645037784629&amp;jump_to=" allowFullScreen="true" allowfullscreen="true" /></object></p>
<p>La Reunión de la Red WATERLAT apoyó la <a href="http://www.blueoctobercampaign.org">Campaña Octubre Azul</a> contra el control del agua por parte de las corporaciones privadas de negocios.</p>
<p>El encuentro fue una actividad de la Red WATERLAT, organizada conjuntamente por la <a href="http://www.ncl.ac.uk/gps/">Escuela de Geografía, Ciencia Política y Sociología</a>, Universidad de Newcastle, Reino Unido, y la <a href="http://www.flacso.edu.mx">Facultad Latinoamericana de Ciencias Sociales (FLACSO)</a> Sede México.</p>

<p>El evento incluyó un Conversatorio Público sobre Agua y Salud, que tuvo lugar en las instalaciones de la Comisión de Derechos Humanos del Distrito Federal, en la tarde del día 25 de octubre. Baje aquí un volante informativo del Conversatorio. Baje una copia del Programa del evento aquí. Vea nuestras páginas de Diseminación para ver [&hellip;]</p>
