{"id":143,"date":"2013-12-15T12:32:45","date_gmt":"2013-12-15T12:32:45","guid":{"rendered":"http:\/\/waterlat.org\/es\/?page_id=143"},"modified":"2016-12-17T18:50:07","modified_gmt":"2016-12-17T18:50:07","slug":"waterlat-2010","status":"publish","type":"page","link":"https:\/\/waterlat.org\/es\/encuentros\/public-meetings\/waterlat-2010\/","title":{"rendered":"WATERLAT II, San Pablo, 2010"},"content":{"rendered":"<h2>Conferencia Internacional de la Red WATERLAT<\/h2>\n<h3>\u201cLa tensi\u00f3n entre justicia ambiental y justicia social en Am\u00e9rica Latina: el caso de la gesti\u00f3n del agua\u201d<\/h3>\n<p><em>Memorial de Am\u00e9rica Latina.\u00a0San Pablo, 25-27 de octubre de 2010<\/em><\/p>\n<p>Baje aqu\u00ed el <a href=\"http:\/\/waterlat.org\/wp-content\/uploads\/2014\/03\/Programa-WATERLAT-2010.pdf\">Programa de la Conferencia<\/a> (en portugu\u00e9s).<\/p>\n<p>Galer\u00eda fotogr\u00e1fica de la II Reuni\u00f3n Annual, 2010:<\/p>\n<p><object style=\"width: 621px; height: 404px;\" width=\"400\" height=\"300\" classid=\"clsid:d27cdb6e-ae6d-11cf-96b8-444553540000\" codebase=\"http:\/\/download.macromedia.com\/pub\/shockwave\/cabs\/flash\/swflash.cab#version=6,0,40,0\"><param name=\"flashvars\" value=\"offsite=true&amp;lang=en-us&amp;page_show_url=%2Fphotos%2F125391306%40N03%2Fsets%2F72157645039464448%2Fshow%2F&amp;page_show_back_url=%2Fphotos%2F125391306%40N03%2Fsets%2F72157645039464448%2F&amp;set_id=72157645039464448&amp;jump_to=\" \/><param name=\"allowFullScreen\" value=\"true\" \/><param name=\"src\" value=\"https:\/\/www.flickr.com\/apps\/slideshow\/show.swf?v=143270\" \/><param name=\"allowfullscreen\" value=\"true\" \/><embed style=\"width: 621px; height: 404px;\" width=\"400\" height=\"300\" type=\"application\/x-shockwave-flash\" src=\"https:\/\/www.flickr.com\/apps\/slideshow\/show.swf?v=143270\" flashvars=\"offsite=true&amp;lang=en-us&amp;page_show_url=%2Fphotos%2F125391306%40N03%2Fsets%2F72157645039464448%2Fshow%2F&amp;page_show_back_url=%2Fphotos%2F125391306%40N03%2Fsets%2F72157645039464448%2F&amp;set_id=72157645039464448&amp;jump_to=\" allowfullscreen=\"allowfullscreen\" allowfullscreen=\"allowfullscreen\" \/><\/object><\/p>\n<p>&nbsp;<\/p>\n<p>La conferencia fue una realizaci\u00f3n de la red WATERLAT. La misma fue organizada conjuntamente por la <a href=\"http:\/\/www.ncl.ac.uk\/gps\/\">Escuela de Geograf\u00eda, Ciencia Pol\u00edtica y Sociolog\u00eda, Universidad de Newcastle<\/a>, el <a href=\"http:\/\/www.iea.usp.br\/iea\/\">Instituto de Estudios Avanzados de la Universidad de San Pablo<\/a> y el Centro de Estudios Brasileros para Am\u00e9rica Latina de la Fundaci\u00f3n Memorial de America Latina, con el apoyo de la <a href=\"http:\/\/www.memorial.sp.gov.br\/memorial\/AgendaDetalhe.do?agendaId=792\">C\u00e1tedra UNESCO Memorial de Am\u00e9rica Latina<\/a>. El encuentro tuvo lugar en las instalaciones del <a href=\"http:\/\/www.memorial.org.br\/\">Memorial de Am\u00e9rica Latina<\/a>, en la Ciudad de San Pablo.<\/p>\n","protected":false},"excerpt":{"rendered":"<p>Conferencia Internacional de la Red WATERLAT \u201cLa tensi\u00f3n entre justicia ambiental y justicia social en Am\u00e9rica Latina: el caso de la gesti\u00f3n del agua\u201d Memorial de Am\u00e9rica Latina.\u00a0San Pablo, 25-27 de octubre de 2010 Baje aqu\u00ed el Programa de la Conferencia (en portugu\u00e9s). Galer\u00eda fotogr\u00e1fica de la II Reuni\u00f3n Annual, 2010: &nbsp; La conferencia fue [&hellip;]<\/p>\n","protected":false},"author":1,"featured_media":0,"parent":19,"menu_order":0,"comment_status":"closed","ping_status":"open","template":"page-templates\/full-width.php","meta":{"_acf_changed":false,"footnotes":""},"class_list":["post-143","page","type-page","status-publish","hentry","wpautop"],"acf":[],"_links":{"self":[{"href":"https:\/\/waterlat.org\/es\/wp-json\/wp\/v2\/pages\/143","targetHints":{"allow":["GET"]}}],"collection":[{"href":"https:\/\/waterlat.org\/es\/wp-json\/wp\/v2\/pages"}],"about":[{"href":"https:\/\/waterlat.org\/es\/wp-json\/wp\/v2\/types\/page"}],"author":[{"embeddable":true,"href":"https:\/\/waterlat.org\/es\/wp-json\/wp\/v2\/users\/1"}],"replies":[{"embeddable":true,"href":"https:\/\/waterlat.org\/es\/wp-json\/wp\/v2\/comments?post=143"}],"version-history":[{"count":16,"href":"https:\/\/waterlat.org\/es\/wp-json\/wp\/v2\/pages\/143\/revisions"}],"predecessor-version":[{"id":2034,"href":"https:\/\/waterlat.org\/es\/wp-json\/wp\/v2\/pages\/143\/revisions\/2034"}],"up":[{"embeddable":true,"href":"https:\/\/waterlat.org\/es\/wp-json\/wp\/v2\/pages\/19"}],"wp:attachment":[{"href":"https:\/\/waterlat.org\/es\/wp-json\/wp\/v2\/media?parent=143"}],"curies":[{"name":"wp","href":"https:\/\/api.w.org\/{rel}","templated":true}]}}

<h2>Conferencia Internacional de la Red WATERLAT</h2>
<h3>“La tensión entre justicia ambiental y justicia social en América Latina: el caso de la gestión del agua”</h3>
<p><em>Memorial de América Latina. San Pablo, 25-27 de octubre de 2010</em></p>
<p>Baje aquí el <a href="http://waterlat.org/wp-content/uploads/2014/03/Programa-WATERLAT-2010.pdf">Programa de la Conferencia</a> (en portugués).</p>
<p>Galería fotográfica de la II Reunión Annual, 2010:</p>
<p><object style="width: 621px; height: 404px;" width="400" height="300" classid="clsid:d27cdb6e-ae6d-11cf-96b8-444553540000" codebase="http://download.macromedia.com/pub/shockwave/cabs/flash/swflash.cab#version=6,0,40,0"><param name="flashvars" value="offsite=true&amp;lang=en-us&amp;page_show_url=%2Fphotos%2F125391306%40N03%2Fsets%2F72157645039464448%2Fshow%2F&amp;page_show_back_url=%2Fphotos%2F125391306%40N03%2Fsets%2F72157645039464448%2F&amp;set_id=72157645039464448&amp;jump_to=" /><param name="allowFullScreen" value="true" /><param name="src" value="https://www.flickr.com/apps/slideshow/show.swf?v=143270" /><param name="allowfullscreen" value="true" /><embed style="width: 621px; height: 404px;" width="400" height="300" type="application/x-shockwave-flash" src="https://www.flickr.com/apps/slideshow/show.swf?v=143270" flashvars="offsite=true&amp;lang=en-us&amp;page_show_url=%2Fphotos%2F125391306%40N03%2Fsets%2F72157645039464448%2Fshow%2F&amp;page_show_back_url=%2Fphotos%2F125391306%40N03%2Fsets%2F72157645039464448%2F&amp;set_id=72157645039464448&amp;jump_to=" allowfullscreen="allowfullscreen" allowfullscreen="allowfullscreen" /></object></p>
<p>&nbsp;</p>
<p>La conferencia fue una realización de la red WATERLAT. La misma fue organizada conjuntamente por la <a href="http://www.ncl.ac.uk/gps/">Escuela de Geografía, Ciencia Política y Sociología, Universidad de Newcastle</a>, el <a href="http://www.iea.usp.br/iea/">Instituto de Estudios Avanzados de la Universidad de San Pablo</a> y el Centro de Estudios Brasileros para América Latina de la Fundación Memorial de America Latina, con el apoyo de la <a href="http://www.memorial.sp.gov.br/memorial/AgendaDetalhe.do?agendaId=792">Cátedra UNESCO Memorial de América Latina</a>. El encuentro tuvo lugar en las instalaciones del <a href="http://www.memorial.org.br/">Memorial de América Latina</a>, en la Ciudad de San Pablo.</p>

<p>Conferencia Internacional de la Red WATERLAT “La tensión entre justicia ambiental y justicia social en América Latina: el caso de la gestión del agua” Memorial de América Latina. San Pablo, 25-27 de octubre de 2010 Baje aquí el Programa de la Conferencia (en portugués). Galería fotográfica de la II Reunión Annual, 2010: &nbsp; La conferencia fue [&hellip;]</p>
