{"id":1446,"date":"2015-09-16T16:39:23","date_gmt":"2015-09-16T16:39:23","guid":{"rendered":"http:\/\/waterlat.org\/es\/?page_id=1446"},"modified":"2015-11-26T16:10:29","modified_gmt":"2015-11-26T16:10:29","slug":"presentacion-del-libro-o-direito-a-agua-brasilia-10-de-septiembre-de-2015","status":"publish","type":"page","link":"https:\/\/waterlat.org\/es\/publicaciones\/libros\/libro-o-direito-a-agua\/presentacion-del-libro-o-direito-a-agua-brasilia-10-de-septiembre-de-2015\/","title":{"rendered":"Presentaci\u00f3n del Libro O Direito a \u00c1gua, Brasilia, 10 de septiembre de 2015"},"content":{"rendered":"<p><a title=\"The Right to Water as Public Policy\/O Direito a \u00c1gua como Pol\u00edtica P\u00fablica\" href=\"https:\/\/www.flickr.com\/photos\/125391306@N03\/21278501499\/\" data-flickr-embed=\"true\"><img loading=\"lazy\" decoding=\"async\" class=\"aligncenter\" src=\"https:\/\/farm1.staticflickr.com\/654\/21278501499_28e8e68269_z.jpg\" alt=\"The Right to Water as Public Policy\/O Direito a \u00c1gua como Pol\u00edtica P\u00fablica\" width=\"452\" height=\"640\" \/><\/a><script src=\"\/\/embedr.flickr.com\/assets\/client-code.js\" async=\"\" charset=\"utf-8\"><\/script><\/p>\n<h3>Programa<\/h3>\n<p><strong>Panelistas<\/strong>:<\/p>\n<p><strong>Jos\u00e9 Esteban Castro<\/strong>, Universidad de Newcastle, Reino Unido, Coordinador de la Red WATERLAT-GOBACIT<\/p>\n<p><strong>L\u00e9o Heller<\/strong>, Centro de Investigaciones Ren\u00e9 Rachou\/CPqRR, Fundaci\u00f3n Oswaldo Cruz y Relator Especial de la ONU para el Derecho Humano al Agua y al Saneamiento<\/p>\n<p><strong>Maria da Piedade Morais<\/strong>, Instituto de Investigaci\u00f3n Econ\u00f3mica Aplicada (IPEA)\u00a0<\/p>\n<p><strong>Hermelinda Rocha<\/strong>, Universidad Federal de Pernambuco (UFPE) \/ Agencia Pernambucana de Aguas y Clima (APAC) <a title=\"The Right to Water as Public Policy\/O Direito a \u00c1gua como Pol\u00edtica P\u00fablica\" href=\"https:\/\/www.flickr.com\/photos\/125391306@N03\/21439731776\/\" data-flickr-embed=\"true\"><img loading=\"lazy\" decoding=\"async\" class=\"aligncenter\" src=\"https:\/\/farm6.staticflickr.com\/5809\/21439731776_e783a33254_z.jpg\" alt=\"The Right to Water as Public Policy\/O Direito a \u00c1gua como Pol\u00edtica P\u00fablica\" width=\"640\" height=\"458\" \/><\/a><script src=\"\/\/embedr.flickr.com\/assets\/client-code.js\" async=\"\" charset=\"utf-8\"><\/script><\/p>\n<p>&nbsp;<\/p>\n<p><strong>Moderador<\/strong>:<\/p>\n<p><strong>Marco Aur\u00e9lio Costa<\/strong>, Diretor de Estudios y Pol\u00edticas Regionales, Urbanas y Ambientales, Instituto de Investigaci\u00f3n Econ\u00f3mica Aplicada (IPEA)<br \/>\n<a title=\"The Right to Water as Public Policy\/O Direito a \u00c1gua como Pol\u00edtica P\u00fablica\" href=\"https:\/\/www.flickr.com\/photos\/125391306@N03\/21278677178\/\" data-flickr-embed=\"true\"><img loading=\"lazy\" decoding=\"async\" class=\"aligncenter\" src=\"https:\/\/farm6.staticflickr.com\/5835\/21278677178_e910574673_z.jpg\" alt=\"The Right to Water as Public Policy\/O Direito a \u00c1gua como Pol\u00edtica P\u00fablica\" width=\"640\" height=\"424\" \/><\/a><script src=\"\/\/embedr.flickr.com\/assets\/client-code.js\" async=\"\" charset=\"utf-8\"><\/script>\u00a0 <\/p>\n<h3><a href=\"https:\/\/youtu.be\/53SG-q4M-gQ?list=PLx6qphzdSP6tRENnfg6Df0smjG7MFCM9s\">Video completo de las presentaciones<\/a><\/h3>\n<p>&nbsp;<\/p>\n<p><strong>Comentarios<\/strong>:<\/p>\n<p><strong>Ernani Cir\u00edaco de Miranda<\/strong>, Director del Departamento de Articulaci\u00f3n Institucional, Secretar\u00eda Nacional de Saneamiento Ambiental, Ministerio de las Ciudades<\/p>\n<p><strong>Marcos Helano Montenegro<\/strong>, Presidente, Asociaci\u00f3n Brasilera de Ingenier\u00eda Sanitaria del Distrito Federal (ABES-DF), Brasilia <a title=\"The Right to Water as Public Policy\/O Direito a \u00c1gua como Pol\u00edtica P\u00fablica\" href=\"https:\/\/www.flickr.com\/photos\/125391306@N03\/21439915516\/\" data-flickr-embed=\"true\"><img loading=\"lazy\" decoding=\"async\" class=\"aligncenter\" src=\"https:\/\/farm1.staticflickr.com\/568\/21439915516_333f2918a7_z.jpg\" alt=\"The Right to Water as Public Policy\/O Direito a \u00c1gua como Pol\u00edtica P\u00fablica\" width=\"640\" height=\"424\" \/><\/a><script src=\"\/\/embedr.flickr.com\/assets\/client-code.js\" async=\"\" charset=\"utf-8\"><\/script><\/p>\n<p>&nbsp;<\/p>\n<p><strong>Moderador<\/strong>:<\/p>\n<p><strong>Marco Aur\u00e9lio Costa<\/strong>, Diretor de Estudios y Pol\u00edticas Regionales, Urbanas y Ambientales, Instituto de Investigaci\u00f3n Econ\u00f3mica Aplicada (IPEA)<\/p>\n<p><a title=\"The Right to Water as Public Policy\/O Direito a \u00c1gua como Pol\u00edtica P\u00fablica\" href=\"https:\/\/www.flickr.com\/photos\/125391306@N03\/21278677178\/\" data-flickr-embed=\"true\"><img loading=\"lazy\" decoding=\"async\" class=\"aligncenter\" src=\"https:\/\/farm6.staticflickr.com\/5835\/21278677178_e910574673_z.jpg\" alt=\"The Right to Water as Public Policy\/O Direito a \u00c1gua como Pol\u00edtica P\u00fablica\" width=\"640\" height=\"424\" \/><\/a><script src=\"\/\/embedr.flickr.com\/assets\/client-code.js\" async=\"\" charset=\"utf-8\"><\/script>\u00a0 <\/p>\n<h3><a href=\"https:\/\/youtu.be\/Zz8hrkypsqg?list=PLx6qphzdSP6tRENnfg6Df0smjG7MFCM9s\">Video completo de los comentarios y de la discusi\u00f3n<\/a><\/h3>\n<p>&nbsp;<\/p>\n<p><strong>12:30 Cierre<\/strong> <a title=\"The Right to Water as Public Policy\/O Direito a \u00c1gua como Pol\u00edtica P\u00fablica\" href=\"https:\/\/www.flickr.com\/photos\/125391306@N03\/21277802638\/\" data-flickr-embed=\"true\"><img loading=\"lazy\" decoding=\"async\" class=\"aligncenter\" src=\"https:\/\/farm1.staticflickr.com\/722\/21277802638_8bcddb994f_z.jpg\" alt=\"The Right to Water as Public Policy\/O Direito a \u00c1gua como Pol\u00edtica P\u00fablica\" width=\"640\" height=\"473\" \/><\/a><script src=\"\/\/embedr.flickr.com\/assets\/client-code.js\" async=\"\" charset=\"utf-8\"><\/script><\/p>\n<hr \/>\n<p>&nbsp;<\/p>\n<p>Organizada conjuntamente por el Instituto de Investigaci\u00f3n Econ\u00f3mica Aplicada (IPEA), la Red WATERLAT-GOBACIT, la Secretar\u00eda Nacional de Saneamiento Ambiental, Ministerio de las Ciudades (MinCid), el Instituto de Relaciones Internacionales (IREL), Universidad de Brasilia, y la Asociaci\u00f3n Brasilera de Ingenier\u00eda Sanitaria del Distrito Federal (ABES-DF), Brasilia.<\/p>\n<p><a href=\"http:\/\/www.ipea.gov.br\/\">Auditorio del IPEA<\/a>, Brasilia, 10 de septiembre de 2015.<\/p>\n","protected":false},"excerpt":{"rendered":"<p>Programa Panelistas: Jos\u00e9 Esteban Castro, Universidad de Newcastle, Reino Unido, Coordinador de la Red WATERLAT-GOBACIT L\u00e9o Heller, Centro de Investigaciones Ren\u00e9 Rachou\/CPqRR, Fundaci\u00f3n Oswaldo Cruz y Relator Especial de la ONU para el Derecho Humano al Agua y al Saneamiento Maria da Piedade Morais, Instituto de Investigaci\u00f3n Econ\u00f3mica Aplicada (IPEA)\u00a0 Hermelinda Rocha, Universidad Federal de [&hellip;]<\/p>\n","protected":false},"author":3,"featured_media":0,"parent":1432,"menu_order":0,"comment_status":"closed","ping_status":"closed","template":"page-templates\/full-width.php","meta":{"_acf_changed":false,"footnotes":""},"class_list":["post-1446","page","type-page","status-publish","hentry","wpautop"],"acf":[],"_links":{"self":[{"href":"https:\/\/waterlat.org\/es\/wp-json\/wp\/v2\/pages\/1446","targetHints":{"allow":["GET"]}}],"collection":[{"href":"https:\/\/waterlat.org\/es\/wp-json\/wp\/v2\/pages"}],"about":[{"href":"https:\/\/waterlat.org\/es\/wp-json\/wp\/v2\/types\/page"}],"author":[{"embeddable":true,"href":"https:\/\/waterlat.org\/es\/wp-json\/wp\/v2\/users\/3"}],"replies":[{"embeddable":true,"href":"https:\/\/waterlat.org\/es\/wp-json\/wp\/v2\/comments?post=1446"}],"version-history":[{"count":3,"href":"https:\/\/waterlat.org\/es\/wp-json\/wp\/v2\/pages\/1446\/revisions"}],"predecessor-version":[{"id":1533,"href":"https:\/\/waterlat.org\/es\/wp-json\/wp\/v2\/pages\/1446\/revisions\/1533"}],"up":[{"embeddable":true,"href":"https:\/\/waterlat.org\/es\/wp-json\/wp\/v2\/pages\/1432"}],"wp:attachment":[{"href":"https:\/\/waterlat.org\/es\/wp-json\/wp\/v2\/media?parent=1446"}],"curies":[{"name":"wp","href":"https:\/\/api.w.org\/{rel}","templated":true}]}}

Presentación del Libro O Direito a Água, Brasilia, 10 de septiembre de 2015

<p><a title="The Right to Water as Public Policy/O Direito a Água como Política Pública" href="https://www.flickr.com/photos/125391306@N03/21278501499/" data-flickr-embed="true"><img loading="lazy" decoding="async" class="aligncenter" src="https://farm1.staticflickr.com/654/21278501499_28e8e68269_z.jpg" alt="The Right to Water as Public Policy/O Direito a Água como Política Pública" width="452" height="640" /></a><script src="//embedr.flickr.com/assets/client-code.js" async="" charset="utf-8"></script></p>
<h3>Programa</h3>
<p><strong>Panelistas</strong>:</p>
<p><strong>José Esteban Castro</strong>, Universidad de Newcastle, Reino Unido, Coordinador de la Red WATERLAT-GOBACIT</p>
<p><strong>Léo Heller</strong>, Centro de Investigaciones René Rachou/CPqRR, Fundación Oswaldo Cruz y Relator Especial de la ONU para el Derecho Humano al Agua y al Saneamiento</p>
<p><strong>Maria da Piedade Morais</strong>, Instituto de Investigación Económica Aplicada (IPEA) </p>
<p><strong>Hermelinda Rocha</strong>, Universidad Federal de Pernambuco (UFPE) / Agencia Pernambucana de Aguas y Clima (APAC) <a title="The Right to Water as Public Policy/O Direito a Água como Política Pública" href="https://www.flickr.com/photos/125391306@N03/21439731776/" data-flickr-embed="true"><img loading="lazy" decoding="async" class="aligncenter" src="https://farm6.staticflickr.com/5809/21439731776_e783a33254_z.jpg" alt="The Right to Water as Public Policy/O Direito a Água como Política Pública" width="640" height="458" /></a><script src="//embedr.flickr.com/assets/client-code.js" async="" charset="utf-8"></script></p>
<p>&nbsp;</p>
<p><strong>Moderador</strong>:</p>
<p><strong>Marco Aurélio Costa</strong>, Diretor de Estudios y Políticas Regionales, Urbanas y Ambientales, Instituto de Investigación Económica Aplicada (IPEA)<br />
<a title="The Right to Water as Public Policy/O Direito a Água como Política Pública" href="https://www.flickr.com/photos/125391306@N03/21278677178/" data-flickr-embed="true"><img loading="lazy" decoding="async" class="aligncenter" src="https://farm6.staticflickr.com/5835/21278677178_e910574673_z.jpg" alt="The Right to Water as Public Policy/O Direito a Água como Política Pública" width="640" height="424" /></a><script src="//embedr.flickr.com/assets/client-code.js" async="" charset="utf-8"></script>  </p>
<h3><a href="https://youtu.be/53SG-q4M-gQ?list=PLx6qphzdSP6tRENnfg6Df0smjG7MFCM9s">Video completo de las presentaciones</a></h3>
<p>&nbsp;</p>
<p><strong>Comentarios</strong>:</p>
<p><strong>Ernani Ciríaco de Miranda</strong>, Director del Departamento de Articulación Institucional, Secretaría Nacional de Saneamiento Ambiental, Ministerio de las Ciudades</p>
<p><strong>Marcos Helano Montenegro</strong>, Presidente, Asociación Brasilera de Ingeniería Sanitaria del Distrito Federal (ABES-DF), Brasilia <a title="The Right to Water as Public Policy/O Direito a Água como Política Pública" href="https://www.flickr.com/photos/125391306@N03/21439915516/" data-flickr-embed="true"><img loading="lazy" decoding="async" class="aligncenter" src="https://farm1.staticflickr.com/568/21439915516_333f2918a7_z.jpg" alt="The Right to Water as Public Policy/O Direito a Água como Política Pública" width="640" height="424" /></a><script src="//embedr.flickr.com/assets/client-code.js" async="" charset="utf-8"></script></p>
<p>&nbsp;</p>
<p><strong>Moderador</strong>:</p>
<p><strong>Marco Aurélio Costa</strong>, Diretor de Estudios y Políticas Regionales, Urbanas y Ambientales, Instituto de Investigación Económica Aplicada (IPEA)</p>
<p><a title="The Right to Water as Public Policy/O Direito a Água como Política Pública" href="https://www.flickr.com/photos/125391306@N03/21278677178/" data-flickr-embed="true"><img loading="lazy" decoding="async" class="aligncenter" src="https://farm6.staticflickr.com/5835/21278677178_e910574673_z.jpg" alt="The Right to Water as Public Policy/O Direito a Água como Política Pública" width="640" height="424" /></a><script src="//embedr.flickr.com/assets/client-code.js" async="" charset="utf-8"></script>  </p>
<h3><a href="https://youtu.be/Zz8hrkypsqg?list=PLx6qphzdSP6tRENnfg6Df0smjG7MFCM9s">Video completo de los comentarios y de la discusión</a></h3>
<p>&nbsp;</p>
<p><strong>12:30 Cierre</strong> <a title="The Right to Water as Public Policy/O Direito a Água como Política Pública" href="https://www.flickr.com/photos/125391306@N03/21277802638/" data-flickr-embed="true"><img loading="lazy" decoding="async" class="aligncenter" src="https://farm1.staticflickr.com/722/21277802638_8bcddb994f_z.jpg" alt="The Right to Water as Public Policy/O Direito a Água como Política Pública" width="640" height="473" /></a><script src="//embedr.flickr.com/assets/client-code.js" async="" charset="utf-8"></script></p>
<hr />
<p>&nbsp;</p>
<p>Organizada conjuntamente por el Instituto de Investigación Económica Aplicada (IPEA), la Red WATERLAT-GOBACIT, la Secretaría Nacional de Saneamiento Ambiental, Ministerio de las Ciudades (MinCid), el Instituto de Relaciones Internacionales (IREL), Universidad de Brasilia, y la Asociación Brasilera de Ingeniería Sanitaria del Distrito Federal (ABES-DF), Brasilia.</p>
<p><a href="http://www.ipea.gov.br/">Auditorio del IPEA</a>, Brasilia, 10 de septiembre de 2015.</p>

<p>Programa Panelistas: José Esteban Castro, Universidad de Newcastle, Reino Unido, Coordinador de la Red WATERLAT-GOBACIT Léo Heller, Centro de Investigaciones René Rachou/CPqRR, Fundación Oswaldo Cruz y Relator Especial de la ONU para el Derecho Humano al Agua y al Saneamiento Maria da Piedade Morais, Instituto de Investigación Económica Aplicada (IPEA)  Hermelinda Rocha, Universidad Federal de [&hellip;]</p>
