{"id":1614,"date":"2016-02-20T11:10:32","date_gmt":"2016-02-20T11:10:32","guid":{"rendered":"http:\/\/waterlat.org\/es\/?page_id=1614"},"modified":"2023-05-20T19:23:59","modified_gmt":"2023-05-20T19:23:59","slug":"at3-cuardenos-de-trabajo","status":"publish","type":"page","link":"https:\/\/waterlat.org\/es\/areas-tematicas\/at3\/at3-cuardenos-de-trabajo\/","title":{"rendered":"Cuadernos de Trabajo del AT3 (2014-16)"},"content":{"rendered":"El AT3 tiene una Serie propia dentro de los Cuadernos de Trabajo de la Red WATERLAT-GOBACIT: Serie \u00c1reas Tem\u00e1ticas, AT3 El Ciclo Urbano del Agua y los Servicios P\u00fablicos Esenciales.\r\nEl AT tambi\u00e9n ha publicado n\u00fameros de los Cuadernos de Trabajo conjuntamente con otras \u00c1reas Tem\u00e1ticas sobre temas de inter\u00e9s com\u00fan.\r\nAdicionalmente, los proyectos m\u00e1s importantes del AT3, PRINWASS y DESAFIO tienen series individuales de los Cuadernos de Trabajo. Ver abajo los v\u00ednculos de acceso a sus respectivas sub p\u00e1ginas.\r\n<h2><\/h2>\r\n\r\n\r\n<h2><\/h2>\r\n<a href=\"https:\/\/waterlat.org\/wp-content\/uploads\/2023\/05\/Tapa-prueba-1.jpg\"><img loading=\"lazy\" decoding=\"async\" class=\"alignnone size-medium wp-image-2717\" src=\"https:\/\/waterlat.org\/wp-content\/uploads\/2023\/05\/Tapa-prueba-1.jpg\" alt=\"Tapa WPSATAM22\" width=\"212\" height=\"300\" \/><\/a>.\r\n<h2><\/h2>\r\n<b>Contradicciones, obst\u00e1culos y oportunidades que presenta la implementaci\u00f3n del derecho humano al agua. <\/b>. Editado por J.E. Castro, con art\u00edculos de  J. Echaide, H. March D. Saur\u00ed Pujol, S. Quintslr, A. L. Britto, R. Colmenares, C. Piccini y A. Aharonian. \r\nVol. 1 No 2, diciembre de  2014. <a href=\"https:\/\/waterlat.org\/WPapers\/WPSATCUASPENo2.pdf\">Bajar aqu\u00ed el n\u00famero<\/a>.\r\n<h2><\/h2>\r\n<a href=\"https:\/\/waterlat.org\/wp-content\/uploads\/2023\/05\/WPSATCUASPE35-scaled.jpg\"><img loading=\"lazy\" decoding=\"async\" class=\"alignnone size-medium wp-image-2717\" src=\"https:\/\/waterlat.org\/wp-content\/uploads\/2023\/05\/WPSATCUASPE35-scaled.jpg\" alt=\"Tapa WPSATAM22\" width=\"212\" height=\"300\" \/><\/a>.\r\n<h2><\/h2>\r\n<b>Agua vieja en  c\u00e1ntaros nuevos: an\u00e1lisis cr\u00edticos de la nueva ola de pol\u00edticas de privatizaci\u00f3n<\/b>. Editado porJ.E. Castro, con art\u00edculos de  D. Hall y E.Lobina. \r\nVol. 3 No 5, diciembre de 2016. <a href=\"https:\/\/waterlat.org\/WPapers\/WPSATCUASPE35.pdf\">Bajar aqu\u00ed el n\u00famero<\/a>.\r\n<h2><\/h2>\r\n<h2><\/h2>\r\n<a href=\"https:\/\/waterlat.org\/wp-content\/uploads\/2023\/05\/WPSATCUASPE36.jpg\"><img loading=\"lazy\" decoding=\"async\" class=\"alignnone size-medium wp-image-2717\" src=\"https:\/\/waterlat.org\/wp-content\/uploads\/2023\/05\/WPSATCUASPE36.jpg\" alt=\"Tapa WPSATAM22\" width=\"212\" height=\"300\" \/><\/a>.\r\n<h2><\/h2>\r\n<b>Las pol\u00edticas del deterioro: la din\u00e1mica urbano-industrial en torno al R\u00edo Santiago, Jalisco, M\u00e9xico<\/b>. Editado  por  C.McCulligh, L. Santana y C. Lezama, con art\u00edculos de A. Carmona,  J.A Gran Castro, y X.Romo. Vol. 3 No 6, diciembre de  2016. <a href=\"https:\/\/waterlat.org\/WPapers\/WPSATCUASPE36.pdf\">Bajar aqu\u00ed el n\u00famero<\/a>.\r\n<h2><\/h2>\r\n<a href=\"https:\/\/waterlat.org\/wp-content\/uploads\/2023\/05\/Tapa-vol3No7.jpg\"><img loading=\"lazy\" decoding=\"async\" class=\"alignnone size-medium wp-image-2717\" src=\"https:\/\/waterlat.org\/wp-content\/uploads\/2023\/05\/Tapa-vol3No7.jpg\" alt=\"Tapa WPSATAM22\" width=\"212\" height=\"300\" \/><\/a>.\r\n<h2><\/h2>\r\n<b>La ecolog\u00eda pol\u00edtica del agua urbana: contribuciones conceptuales y emp\u00edricas<\/b>. Editado porJ.E. Castro, con art\u00edculos de E. Swyngedouw, M.Ka\u00efka, J.E. Castro, D. Hall, A.P. Quintana Ram\u00edrez, C.A.Badillo Salas, J. R. Elie y E. Barbosa da Silva. \r\nVol. 3 No 7, diciembre de 2016. <a href=\"https:\/\/waterlat.org\/WPapers\/WPSATCUASPE36.pdf\">Bajar aqu\u00ed el n\u00famero<\/a>.\r\n<h2><\/h2>\r\n\r\n<h2><\/h2>\r\n\r\n&nbsp;\r\n<h2><a href=\"https:\/\/waterlat.org\/es\/areas-tematicas\/at3\/at3-cuardenos-de-trabajo\/cuadernos-de-tra\u2026a-at3-desde-2017\/\">Cuadernos de Trabajo del AT3 (desde 2017).<\/a><\/h2>\r\n\r\n<h2><a href=\" https:\/\/waterlat.org\/es\/areas-tematicas\/at3\/cuadernos-prinwassat3\/\">Serie de Cuadernos de Trabajo del Proyecto PRINWASS del AT3.<\/a><\/h2>\r\n<h2><a href=\" https:\/\/waterlat.org\/es\/areas-tematicas\/at3\/at3-cuardenos-de-trabajo\/serie-de-cuadern\u2026-desafio-del-at3\/\"> Serie de Cuadernos de Trabajo del Proyecto  DESAFIO del AT3.<\/a><\/h2>\r\n&nbsp;\r\n\r\n \r\n\r\n<h2><\/h2>\r\n\r\n<a href=\"https:\/\/waterlat.org\/es\/at3\/\">Volver a la Presentaci\u00f3n del AT3<\/a>","protected":false},"excerpt":{"rendered":"El AT3 tiene una Serie propia dentro de los Cuadernos de Trabajo de la Red WATERLAT-GOBACIT: Serie \u00c1reas Tem\u00e1ticas, AT3 El Ciclo Urbano del Agua y los Servicios P\u00fablicos Esenciales. El AT tambi\u00e9n ha publicado n\u00fameros de los Cuadernos de Trabajo conjuntamente con otras \u00c1reas Tem\u00e1ticas sobre temas de inter\u00e9s com\u00fan. Adicionalmente, los proyectos m\u00e1s [&hellip;]","protected":false},"author":3,"featured_media":0,"parent":1568,"menu_order":0,"comment_status":"closed","ping_status":"closed","template":"page-templates\/full-width.php","meta":{"_acf_changed":false,"footnotes":""},"class_list":["post-1614","page","type-page","status-publish","hentry","no-wpautop"],"acf":[],"_links":{"self":[{"href":"https:\/\/waterlat.org\/es\/wp-json\/wp\/v2\/pages\/1614","targetHints":{"allow":["GET"]}}],"collection":[{"href":"https:\/\/waterlat.org\/es\/wp-json\/wp\/v2\/pages"}],"about":[{"href":"https:\/\/waterlat.org\/es\/wp-json\/wp\/v2\/types\/page"}],"author":[{"embeddable":true,"href":"https:\/\/waterlat.org\/es\/wp-json\/wp\/v2\/users\/3"}],"replies":[{"embeddable":true,"href":"https:\/\/waterlat.org\/es\/wp-json\/wp\/v2\/comments?post=1614"}],"version-history":[{"count":25,"href":"https:\/\/waterlat.org\/es\/wp-json\/wp\/v2\/pages\/1614\/revisions"}],"predecessor-version":[{"id":4120,"href":"https:\/\/waterlat.org\/es\/wp-json\/wp\/v2\/pages\/1614\/revisions\/4120"}],"up":[{"embeddable":true,"href":"https:\/\/waterlat.org\/es\/wp-json\/wp\/v2\/pages\/1568"}],"wp:attachment":[{"href":"https:\/\/waterlat.org\/es\/wp-json\/wp\/v2\/media?parent=1614"}],"curies":[{"name":"wp","href":"https:\/\/api.w.org\/{rel}","templated":true}]}}

El AT3 tiene una Serie propia dentro de los Cuadernos de Trabajo de la Red WATERLAT-GOBACIT: Serie Áreas Temáticas, AT3 El Ciclo Urbano del Agua y los Servicios Públicos Esenciales.
El AT también ha publicado números de los Cuadernos de Trabajo conjuntamente con otras Áreas Temáticas sobre temas de interés común.
Adicionalmente, los proyectos más importantes del AT3, PRINWASS y DESAFIO tienen series individuales de los Cuadernos de Trabajo. Ver abajo los vínculos de acceso a sus respectivas sub páginas.
<h2></h2>


<h2></h2>
<a href="https://waterlat.org/wp-content/uploads/2023/05/Tapa-prueba-1.jpg"><img loading="lazy" decoding="async" class="alignnone size-medium wp-image-2717" src="https://waterlat.org/wp-content/uploads/2023/05/Tapa-prueba-1.jpg" alt="Tapa WPSATAM22" width="212" height="300" /></a>.
<h2></h2>
<b>Contradicciones, obstáculos y oportunidades que presenta la implementación del derecho humano al agua. </b>. Editado por J.E. Castro, con artículos de  J. Echaide, H. March D. Saurí Pujol, S. Quintslr, A. L. Britto, R. Colmenares, C. Piccini y A. Aharonian. 
Vol. 1 No 2, diciembre de  2014. <a href="https://waterlat.org/WPapers/WPSATCUASPENo2.pdf">Bajar aquí el número</a>.
<h2></h2>
<a href="https://waterlat.org/wp-content/uploads/2023/05/WPSATCUASPE35-scaled.jpg"><img loading="lazy" decoding="async" class="alignnone size-medium wp-image-2717" src="https://waterlat.org/wp-content/uploads/2023/05/WPSATCUASPE35-scaled.jpg" alt="Tapa WPSATAM22" width="212" height="300" /></a>.
<h2></h2>
<b>Agua vieja en  cántaros nuevos: análisis críticos de la nueva ola de políticas de privatización</b>. Editado porJ.E. Castro, con artículos de  D. Hall y E.Lobina. 
Vol. 3 No 5, diciembre de 2016. <a href="https://waterlat.org/WPapers/WPSATCUASPE35.pdf">Bajar aquí el número</a>.
<h2></h2>
<h2></h2>
<a href="https://waterlat.org/wp-content/uploads/2023/05/WPSATCUASPE36.jpg"><img loading="lazy" decoding="async" class="alignnone size-medium wp-image-2717" src="https://waterlat.org/wp-content/uploads/2023/05/WPSATCUASPE36.jpg" alt="Tapa WPSATAM22" width="212" height="300" /></a>.
<h2></h2>
<b>Las políticas del deterioro: la dinámica urbano-industrial en torno al Río Santiago, Jalisco, México</b>. Editado  por  C.McCulligh, L. Santana y C. Lezama, con artículos de A. Carmona,  J.A Gran Castro, y X.Romo. Vol. 3 No 6, diciembre de  2016. <a href="https://waterlat.org/WPapers/WPSATCUASPE36.pdf">Bajar aquí el número</a>.
<h2></h2>
<a href="https://waterlat.org/wp-content/uploads/2023/05/Tapa-vol3No7.jpg"><img loading="lazy" decoding="async" class="alignnone size-medium wp-image-2717" src="https://waterlat.org/wp-content/uploads/2023/05/Tapa-vol3No7.jpg" alt="Tapa WPSATAM22" width="212" height="300" /></a>.
<h2></h2>
<b>La ecología política del agua urbana: contribuciones conceptuales y empíricas</b>. Editado porJ.E. Castro, con artículos de E. Swyngedouw, M.Kaïka, J.E. Castro, D. Hall, A.P. Quintana Ramírez, C.A.Badillo Salas, J. R. Elie y E. Barbosa da Silva. 
Vol. 3 No 7, diciembre de 2016. <a href="https://waterlat.org/WPapers/WPSATCUASPE36.pdf">Bajar aquí el número</a>.
<h2></h2>

<h2></h2>

&nbsp;
<h2><a href="https://waterlat.org/es/areas-tematicas/at3/at3-cuardenos-de-trabajo/cuadernos-de-tra…a-at3-desde-2017/">Cuadernos de Trabajo del AT3 (desde 2017).</a></h2>

<h2><a href=" https://waterlat.org/es/areas-tematicas/at3/cuadernos-prinwassat3/">Serie de Cuadernos de Trabajo del Proyecto PRINWASS del AT3.</a></h2>
<h2><a href=" https://waterlat.org/es/areas-tematicas/at3/at3-cuardenos-de-trabajo/serie-de-cuadern…-desafio-del-at3/"> Serie de Cuadernos de Trabajo del Proyecto  DESAFIO del AT3.</a></h2>
&nbsp;

 

<h2></h2>

<a href="https://waterlat.org/es/at3/">Volver a la Presentación del AT3</a>

El AT3 tiene una Serie propia dentro de los Cuadernos de Trabajo de la Red WATERLAT-GOBACIT: Serie Áreas Temáticas, AT3 El Ciclo Urbano del Agua y los Servicios Públicos Esenciales. El AT también ha publicado números de los Cuadernos de Trabajo conjuntamente con otras Áreas Temáticas sobre temas de interés común. Adicionalmente, los proyectos más [&hellip;]
