{"id":1640,"date":"2016-03-28T22:40:12","date_gmt":"2016-03-28T22:40:12","guid":{"rendered":"http:\/\/waterlat.org\/es\/?page_id=1640"},"modified":"2016-09-04T15:26:07","modified_gmt":"2016-09-04T15:26:07","slug":"at6-temas","status":"publish","type":"page","link":"https:\/\/waterlat.org\/es\/areas-tematicas\/at6\/at6-temas\/","title":{"rendered":"AT6 &#8211; Temas"},"content":{"rendered":"<p>El \u00c1rea Tem\u00e1tica 6 \u201cCuencas, Territorios y Espacios Hidroscociales\u201d (AT6) es un espacio interdisciplinario de discusi\u00f3n y producci\u00f3n de conocimiento conformado por el trabajo de varias l\u00edneas de investigaci\u00f3n, docencia y extensi\u00f3n acad\u00e9mica y divulgaci\u00f3n que tienen como eje la relaci\u00f3n del agua en tanto sustento de la vida de poblaciones y ecosistemas donde se practican diferentes actividades productivas y en donde se manifiestan profundos procesos de transformaci\u00f3n, especialmente, en lo social, econ\u00f3mico, cultural y en la fundamentaci\u00f3n t\u00e9cnica de su manejo.<\/p>\n<p>&nbsp;<\/p>\n<p><span style=\"text-decoration: underline;\">Temas destacados que abordan los miembros del AT6<\/span>:<\/p>\n<ul>\n<li>Pesca artesanal y comunidades ribere\u00f1as.<\/li>\n<li>Agua Subterr\u00e1nea.<\/li>\n<li>Actores Sociales, Agua, Poder y Territorio.<\/li>\n<li>Conocimiento Ecol\u00f3gico Local en la gesti\u00f3n ambiental.<\/li>\n<li>Activismo y educaci\u00f3n ambiental en torno a la defensa del acuapaisaje.<\/li>\n<li>Justicia ambiental en la gesti\u00f3n de las aguas.<\/li>\n<li>Procesos de elitizaci\u00f3n del paisaje.<\/li>\n<\/ul>\n<p>&nbsp;<\/p>\n<p><strong>Relaci\u00f3n de estos temas con los\u00a0<a href=\"https:\/\/waterlat.org\/es\/comienzo\/objetivos\/\">objetivos<\/a>\u00a0y\u00a0<a href=\"https:\/\/waterlat.org\/es\/comienzo\/prioridades-de-investigacion\/\">prioridades de investigaci\u00f3n<\/a>\u00a0de la Red<\/strong><\/p>\n<p>Nuestro trabajo en el AT aspira a contribuir con los siguientes objetivos de la RED WATERLAT: promover el debate te\u00f3rico y metodol\u00f3gico relacionados con la investigaci\u00f3n en temas del agua desde una perspectiva cr\u00edtica y transdisciplinaria; colaborar en la consolidaci\u00f3n de un colectivo internacional de investigaci\u00f3n dedicado al estudio de las condiciones y elementos esenciales para lograr el desarrollo de una gesti\u00f3n participativa sustentable y democr\u00e1tica del agua y, comprometer esfuerzos para optimizar a nivel local los objetivos del milenio, la justicia socioambiental en diferentes contextos de desarrollo humano y comunitario. En s\u00edntesis, son asuntos de nuestro inter\u00e9s y trabajamos en los temas de agua que impliquen relaciones y procesos socio-pol\u00edticos y culturales; econ\u00f3micos y financieros; pol\u00edtico-institucionales, socio-espaciales y c\u00f3mo estos aspectos se encuentran interrelacionados entre s\u00ed y con la salud, la ecolog\u00eda y la justicia, desde una perspectiva cr\u00edtica.<\/p>\n<hr \/>\n<p><a href=\"https:\/\/waterlat.org\/es\/areas-tematicas\/at6\/\">Volver a la Presentaci\u00f3n del AT6<\/a><\/p>\n","protected":false},"excerpt":{"rendered":"<p>El \u00c1rea Tem\u00e1tica 6 \u201cCuencas, Territorios y Espacios Hidroscociales\u201d (AT6) es un espacio interdisciplinario de discusi\u00f3n y producci\u00f3n de conocimiento conformado por el trabajo de varias l\u00edneas de investigaci\u00f3n, docencia y extensi\u00f3n acad\u00e9mica y divulgaci\u00f3n que tienen como eje la relaci\u00f3n del agua en tanto sustento de la vida de poblaciones y ecosistemas donde se [&hellip;]<\/p>\n","protected":false},"author":3,"featured_media":0,"parent":1637,"menu_order":0,"comment_status":"closed","ping_status":"closed","template":"page-templates\/full-width.php","meta":{"_acf_changed":false,"footnotes":""},"class_list":["post-1640","page","type-page","status-publish","hentry","wpautop"],"acf":[],"_links":{"self":[{"href":"https:\/\/waterlat.org\/es\/wp-json\/wp\/v2\/pages\/1640","targetHints":{"allow":["GET"]}}],"collection":[{"href":"https:\/\/waterlat.org\/es\/wp-json\/wp\/v2\/pages"}],"about":[{"href":"https:\/\/waterlat.org\/es\/wp-json\/wp\/v2\/types\/page"}],"author":[{"embeddable":true,"href":"https:\/\/waterlat.org\/es\/wp-json\/wp\/v2\/users\/3"}],"replies":[{"embeddable":true,"href":"https:\/\/waterlat.org\/es\/wp-json\/wp\/v2\/comments?post=1640"}],"version-history":[{"count":10,"href":"https:\/\/waterlat.org\/es\/wp-json\/wp\/v2\/pages\/1640\/revisions"}],"predecessor-version":[{"id":1905,"href":"https:\/\/waterlat.org\/es\/wp-json\/wp\/v2\/pages\/1640\/revisions\/1905"}],"up":[{"embeddable":true,"href":"https:\/\/waterlat.org\/es\/wp-json\/wp\/v2\/pages\/1637"}],"wp:attachment":[{"href":"https:\/\/waterlat.org\/es\/wp-json\/wp\/v2\/media?parent=1640"}],"curies":[{"name":"wp","href":"https:\/\/api.w.org\/{rel}","templated":true}]}}

<p>El Área Temática 6 “Cuencas, Territorios y Espacios Hidroscociales” (AT6) es un espacio interdisciplinario de discusión y producción de conocimiento conformado por el trabajo de varias líneas de investigación, docencia y extensión académica y divulgación que tienen como eje la relación del agua en tanto sustento de la vida de poblaciones y ecosistemas donde se practican diferentes actividades productivas y en donde se manifiestan profundos procesos de transformación, especialmente, en lo social, económico, cultural y en la fundamentación técnica de su manejo.</p>
<p>&nbsp;</p>
<p><span style="text-decoration: underline;">Temas destacados que abordan los miembros del AT6</span>:</p>
<ul>
<li>Pesca artesanal y comunidades ribereñas.</li>
<li>Agua Subterránea.</li>
<li>Actores Sociales, Agua, Poder y Territorio.</li>
<li>Conocimiento Ecológico Local en la gestión ambiental.</li>
<li>Activismo y educación ambiental en torno a la defensa del acuapaisaje.</li>
<li>Justicia ambiental en la gestión de las aguas.</li>
<li>Procesos de elitización del paisaje.</li>
</ul>
<p>&nbsp;</p>
<p><strong>Relación de estos temas con los <a href="https://waterlat.org/es/comienzo/objetivos/">objetivos</a> y <a href="https://waterlat.org/es/comienzo/prioridades-de-investigacion/">prioridades de investigación</a> de la Red</strong></p>
<p>Nuestro trabajo en el AT aspira a contribuir con los siguientes objetivos de la RED WATERLAT: promover el debate teórico y metodológico relacionados con la investigación en temas del agua desde una perspectiva crítica y transdisciplinaria; colaborar en la consolidación de un colectivo internacional de investigación dedicado al estudio de las condiciones y elementos esenciales para lograr el desarrollo de una gestión participativa sustentable y democrática del agua y, comprometer esfuerzos para optimizar a nivel local los objetivos del milenio, la justicia socioambiental en diferentes contextos de desarrollo humano y comunitario. En síntesis, son asuntos de nuestro interés y trabajamos en los temas de agua que impliquen relaciones y procesos socio-políticos y culturales; económicos y financieros; político-institucionales, socio-espaciales y cómo estos aspectos se encuentran interrelacionados entre sí y con la salud, la ecología y la justicia, desde una perspectiva crítica.</p>
<hr />
<p><a href="https://waterlat.org/es/areas-tematicas/at6/">Volver a la Presentación del AT6</a></p>

<p>El Área Temática 6 “Cuencas, Territorios y Espacios Hidroscociales” (AT6) es un espacio interdisciplinario de discusión y producción de conocimiento conformado por el trabajo de varias líneas de investigación, docencia y extensión académica y divulgación que tienen como eje la relación del agua en tanto sustento de la vida de poblaciones y ecosistemas donde se [&hellip;]</p>
