{"id":1794,"date":"2016-06-30T17:38:08","date_gmt":"2016-06-30T17:38:08","guid":{"rendered":"http:\/\/waterlat.org\/es\/?page_id=1794"},"modified":"2023-05-22T20:37:29","modified_gmt":"2023-05-22T20:37:29","slug":"cuadernos-de-trabajo-del-at8","status":"publish","type":"page","link":"https:\/\/waterlat.org\/es\/areas-tematicas\/at8\/cuadernos-de-trabajo-del-at8\/","title":{"rendered":"Cuadernos de Trabajo del AT8"},"content":{"rendered":"El AT8 tiene una Serie propia dentro de los Cuadernos de Trabajo de la Red WATERLAT-GOBACIT: Serie \u00c1reas Tem\u00e1ticas, AT8 Desastres Relacionados con el Agua.\r\nEl AT tambi\u00e9n ha publicado n\u00fameros de los Cuadernos de Trabajo conjuntamente con otras \u00c1reas Tem\u00e1ticas sobre temas de inter\u00e9s com\u00fan.\r\n\r\n<h2><\/h2>\r\n<h2><\/h2>\r\n<a href=\"https:\/\/waterlat.org\/wp-content\/uploads\/2023\/05\/SATADV1No1.jpg\"><img loading=\"lazy\" decoding=\"async\" class=\"alignnone size-medium wp-image-2717\" src=\"https:\/\/waterlat.org\/wp-content\/uploads\/2023\/05\/SATADV1No1.jpg\" alt=\"Tapa WPSATAM22\" width=\"212\" height=\"300\" \/><\/a>.\r\n<h2><\/h2>\r\n<b>Desastres relacionados con el agua: de los desaf\u00edos transescalares a la multivocalidad interpretativa<\/b> (espa\u00f1ol y portugu\u00e9s). Editado por N. Valencio, con art\u00edculos de J. P. Roze,R. Taddei, L. Louren\u00e7o, A. Nunes, R. L. do Carmo, T. Mayumi Anazawa, I. Cavallini Johansen, S. Younes-Ibrahim, L. H. de S\u00e1, C. S. da Costa,D. A. Bernal Arias, E. Marandola Jr., R. Duarte Venturato-Landmann e Norma Valencio. \r\n<h2><\/h2>\r\nVol. 1 No 1, septiembre de  2014. <a href=\"https:\/\/waterlat.org\/WPapers\/WPSATADNo1.pdf\">Baje el n\u00famero aqu\u00ed<\/a>.\r\n<h2><\/h2>\r\n\r\n<a href=\"https:\/\/waterlat.org\/wp-content\/uploads\/2023\/05\/CapaSATAD217.jpg\"><img loading=\"lazy\" decoding=\"async\" class=\"alignnone size-medium wp-image-2717\" src=\"https:\/\/waterlat.org\/wp-content\/uploads\/2023\/05\/CapaSATAD217.jpg\" alt=\"Tapa WPSATAM22\" width=\"212\" height=\"300\" \/><\/a>.\r\n<h2><\/h2>\r\n<b>El contexto brasile\u00f1o de discusi\u00f3n human\u00edstica sobre la desnaturalizaci\u00f3n de los desastres<\/b> (en portugu\u00e9s). Editado por N. Valencio, con art\u00edculos de C. Losekann, A. C. de Oliveira S\u00e1, A. Augusto Santos,\r\nB. Jesus, J. Castro, L. Lima, L. Tin\u00f4co, L.eonardo Muniz,L. Cavalcante Fragotti, T. Batista Costa, W. Galv\u00e3o,\r\nS. Portella, S. Santos Oliveira,M. de Jesus Morais, S. Simione da Silva, E. Andrade de Paula, A. P. C. Ferreira, A. Siqueira y V.  Marchezini. \r\n<h2><\/h2>\r\nVol. 2 No 17, diciembre de  2015. <a href=\"https:\/\/waterlat.org\/WPapers\/WPSATAD217.pdf\">Baje el n\u00famero aqu\u00ed<\/a>.\r\n<h2><\/h2>\r\n<a href=\"https:\/\/waterlat.org\/wp-content\/uploads\/2023\/05\/WPSATAD31.jpg\"><img loading=\"lazy\" decoding=\"async\" class=\"alignnone size-medium wp-image-2717\" src=\"https:\/\/waterlat.org\/wp-content\/uploads\/2023\/05\/WPSATAD31.jpg\" alt=\"Tapa WPSATAM22\" width=\"212\" height=\"300\" \/><\/a>.\r\n<h2><\/h2>\r\n<b>Aguas turbulentas: la construcci\u00f3n social de desastres en diferentes contextos nacionales<\/b> (en espa\u00f1ol y portugu\u00e9s). Editado por N. Valencio, con art\u00edculos de J. P. Roze, K. da Costa,J. D. Mor\u00e1n Escamilla, e I. dos Santos Paquete Fernandes. \r\n<h2><\/h2>\r\nVol. 3 No 1, junio de  2016. <a href=\"https:\/\/waterlat.org\/WPapers\/WPSATAD31.pdf\">Baje el n\u00famero aqu\u00ed<\/a>.\r\n<h2><\/h2>\r\n\r\n<a href=\"https:\/\/waterlat.org\/es\/areas-tematicas\/at8\/\">Volver a la Presentaci\u00f3n del AT8<\/a>","protected":false},"excerpt":{"rendered":"El AT8 tiene una Serie propia dentro de los Cuadernos de Trabajo de la Red WATERLAT-GOBACIT: Serie \u00c1reas Tem\u00e1ticas, AT8 Desastres Relacionados con el Agua. El AT tambi\u00e9n ha publicado n\u00fameros de los Cuadernos de Trabajo conjuntamente con otras \u00c1reas Tem\u00e1ticas sobre temas de inter\u00e9s com\u00fan. . Desastres relacionados con el agua: de los desaf\u00edos [&hellip;]","protected":false},"author":3,"featured_media":0,"parent":1791,"menu_order":0,"comment_status":"closed","ping_status":"closed","template":"page-templates\/full-width.php","meta":{"_acf_changed":false,"footnotes":""},"class_list":["post-1794","page","type-page","status-publish","hentry","no-wpautop"],"acf":[],"_links":{"self":[{"href":"https:\/\/waterlat.org\/es\/wp-json\/wp\/v2\/pages\/1794","targetHints":{"allow":["GET"]}}],"collection":[{"href":"https:\/\/waterlat.org\/es\/wp-json\/wp\/v2\/pages"}],"about":[{"href":"https:\/\/waterlat.org\/es\/wp-json\/wp\/v2\/types\/page"}],"author":[{"embeddable":true,"href":"https:\/\/waterlat.org\/es\/wp-json\/wp\/v2\/users\/3"}],"replies":[{"embeddable":true,"href":"https:\/\/waterlat.org\/es\/wp-json\/wp\/v2\/comments?post=1794"}],"version-history":[{"count":7,"href":"https:\/\/waterlat.org\/es\/wp-json\/wp\/v2\/pages\/1794\/revisions"}],"predecessor-version":[{"id":4168,"href":"https:\/\/waterlat.org\/es\/wp-json\/wp\/v2\/pages\/1794\/revisions\/4168"}],"up":[{"embeddable":true,"href":"https:\/\/waterlat.org\/es\/wp-json\/wp\/v2\/pages\/1791"}],"wp:attachment":[{"href":"https:\/\/waterlat.org\/es\/wp-json\/wp\/v2\/media?parent=1794"}],"curies":[{"name":"wp","href":"https:\/\/api.w.org\/{rel}","templated":true}]}}

El AT8 tiene una Serie propia dentro de los Cuadernos de Trabajo de la Red WATERLAT-GOBACIT: Serie Áreas Temáticas, AT8 Desastres Relacionados con el Agua.
El AT también ha publicado números de los Cuadernos de Trabajo conjuntamente con otras Áreas Temáticas sobre temas de interés común.

<h2></h2>
<h2></h2>
<a href="https://waterlat.org/wp-content/uploads/2023/05/SATADV1No1.jpg"><img loading="lazy" decoding="async" class="alignnone size-medium wp-image-2717" src="https://waterlat.org/wp-content/uploads/2023/05/SATADV1No1.jpg" alt="Tapa WPSATAM22" width="212" height="300" /></a>.
<h2></h2>
<b>Desastres relacionados con el agua: de los desafíos transescalares a la multivocalidad interpretativa</b> (español y portugués). Editado por N. Valencio, con artículos de J. P. Roze,R. Taddei, L. Lourenço, A. Nunes, R. L. do Carmo, T. Mayumi Anazawa, I. Cavallini Johansen, S. Younes-Ibrahim, L. H. de Sá, C. S. da Costa,D. A. Bernal Arias, E. Marandola Jr., R. Duarte Venturato-Landmann e Norma Valencio. 
<h2></h2>
Vol. 1 No 1, septiembre de  2014. <a href="https://waterlat.org/WPapers/WPSATADNo1.pdf">Baje el número aquí</a>.
<h2></h2>

<a href="https://waterlat.org/wp-content/uploads/2023/05/CapaSATAD217.jpg"><img loading="lazy" decoding="async" class="alignnone size-medium wp-image-2717" src="https://waterlat.org/wp-content/uploads/2023/05/CapaSATAD217.jpg" alt="Tapa WPSATAM22" width="212" height="300" /></a>.
<h2></h2>
<b>El contexto brasileño de discusión humanística sobre la desnaturalización de los desastres</b> (en portugués). Editado por N. Valencio, con artículos de C. Losekann, A. C. de Oliveira Sá, A. Augusto Santos,
B. Jesus, J. Castro, L. Lima, L. Tinôco, L.eonardo Muniz,L. Cavalcante Fragotti, T. Batista Costa, W. Galvão,
S. Portella, S. Santos Oliveira,M. de Jesus Morais, S. Simione da Silva, E. Andrade de Paula, A. P. C. Ferreira, A. Siqueira y V.  Marchezini. 
<h2></h2>
Vol. 2 No 17, diciembre de  2015. <a href="https://waterlat.org/WPapers/WPSATAD217.pdf">Baje el número aquí</a>.
<h2></h2>
<a href="https://waterlat.org/wp-content/uploads/2023/05/WPSATAD31.jpg"><img loading="lazy" decoding="async" class="alignnone size-medium wp-image-2717" src="https://waterlat.org/wp-content/uploads/2023/05/WPSATAD31.jpg" alt="Tapa WPSATAM22" width="212" height="300" /></a>.
<h2></h2>
<b>Aguas turbulentas: la construcción social de desastres en diferentes contextos nacionales</b> (en español y portugués). Editado por N. Valencio, con artículos de J. P. Roze, K. da Costa,J. D. Morán Escamilla, e I. dos Santos Paquete Fernandes. 
<h2></h2>
Vol. 3 No 1, junio de  2016. <a href="https://waterlat.org/WPapers/WPSATAD31.pdf">Baje el número aquí</a>.
<h2></h2>

<a href="https://waterlat.org/es/areas-tematicas/at8/">Volver a la Presentación del AT8</a>

El AT8 tiene una Serie propia dentro de los Cuadernos de Trabajo de la Red WATERLAT-GOBACIT: Serie Áreas Temáticas, AT8 Desastres Relacionados con el Agua. El AT también ha publicado números de los Cuadernos de Trabajo conjuntamente con otras Áreas Temáticas sobre temas de interés común. . Desastres relacionados con el agua: de los desafíos [&hellip;]
