{"id":1835,"date":"2016-08-25T23:37:57","date_gmt":"2016-08-25T23:37:57","guid":{"rendered":"http:\/\/waterlat.org\/es\/?page_id=1835"},"modified":"2023-05-22T18:51:56","modified_gmt":"2023-05-22T18:51:56","slug":"cuadernos-de-trabajo-del-at2","status":"publish","type":"page","link":"https:\/\/waterlat.org\/es\/areas-tematicas\/at2\/cuadernos-de-trabajo-del-at2\/","title":{"rendered":"Cuadernos de Trabajo del AT2"},"content":{"rendered":"El AT2 tiene una Serie propia dentro de los <a href=\"https:\/\/waterlat.org\/es\/publicaciones\/cuadernos-de-trabajo\/\">Cuadernos de Trabajo de la Red WATERLAT-GOBACIT<\/a>: Serie \u00c1reas Tem\u00e1ticas, AT2 Agua y Megaproyectos.\r\nEl AT tambi\u00e9n ha publicado n\u00fameros de los Cuadernos de Trabajo conjuntamente con otras \u00c1reas Tem\u00e1ticas sobre temas de inter\u00e9s com\u00fan.\r\n\r\n<a href=\"https:\/\/waterlat.org\/es\/wp-content\/uploads\/sites\/2\/2016\/08\/Tapa-WPSATAM22.jpg\"><img loading=\"lazy\" decoding=\"async\" class=\"alignnone size-medium wp-image-1883\" src=\"https:\/\/waterlat.org\/es\/wp-content\/uploads\/sites\/2\/2016\/08\/Tapa-WPSATAM22-212x300.jpg\" alt=\"Tapa WPSATAM22\" width=\"212\" height=\"300\" srcset=\"https:\/\/waterlat.org\/es\/wp-content\/uploads\/sites\/2\/2016\/08\/Tapa-WPSATAM22-212x300.jpg 212w, https:\/\/waterlat.org\/es\/wp-content\/uploads\/sites\/2\/2016\/08\/Tapa-WPSATAM22-768x1086.jpg 768w, https:\/\/waterlat.org\/es\/wp-content\/uploads\/sites\/2\/2016\/08\/Tapa-WPSATAM22-724x1024.jpg 724w, https:\/\/waterlat.org\/es\/wp-content\/uploads\/sites\/2\/2016\/08\/Tapa-WPSATAM22-624x882.jpg 624w, https:\/\/waterlat.org\/es\/wp-content\/uploads\/sites\/2\/2016\/08\/Tapa-WPSATAM22.jpg 1654w\" sizes=\"auto, (max-width: 212px) 100vw, 212px\" \/><\/a>\u00a0\r\nVol 2 No 2, julio de 2015, Editado por  A. Latta y V. Ibarra, con  R. Larsimont, J. D. Ivars, A. Zhouri, G. A. Mu\u00f1oz Gaviria, y A.C. Gomez Fuentes.<a href=\"https:\/\/waterlat.org\/WPapers\/WPSATAM22.pdf\">Baje aqu\u00ed el n\u00famero<\/a>. \r\n\r\n&nbsp;\r\n<a href=\"https:\/\/waterlat.org\/es\/wp-content\/uploads\/sites\/2\/2016\/08\/Tapa-WPSATAM218.jpg\"><img loading=\"lazy\" decoding=\"async\" class=\"alignnone size-medium wp-image-1884\" src=\"https:\/\/waterlat.org\/es\/wp-content\/uploads\/sites\/2\/2016\/08\/Tapa-WPSATAM218-212x300.jpg\" alt=\"Tapa WPSATAM218\" width=\"212\" height=\"300\" srcset=\"https:\/\/waterlat.org\/es\/wp-content\/uploads\/sites\/2\/2016\/08\/Tapa-WPSATAM218-212x300.jpg 212w, https:\/\/waterlat.org\/es\/wp-content\/uploads\/sites\/2\/2016\/08\/Tapa-WPSATAM218-768x1086.jpg 768w, https:\/\/waterlat.org\/es\/wp-content\/uploads\/sites\/2\/2016\/08\/Tapa-WPSATAM218-724x1024.jpg 724w, https:\/\/waterlat.org\/es\/wp-content\/uploads\/sites\/2\/2016\/08\/Tapa-WPSATAM218-624x882.jpg 624w, https:\/\/waterlat.org\/es\/wp-content\/uploads\/sites\/2\/2016\/08\/Tapa-WPSATAM218.jpg 1654w\" sizes=\"auto, (max-width: 212px) 100vw, 212px\" \/><\/a>\r\nVol 2 No 18, diciembre de  2015, Editado por  A. Poma ay  T. Gravante, con  J. Regalado, L. Santana Belmont, A. G. H. Hern\u00e1ndez, S. Herrera Rivera, A. Ramos y J. Casillas.<a href=\"https:\/\/waterlat.org\/WPapers\/WPSATAM218.pdf\">Baje aqu\u00ed el n\u00famero<\/a>. \r\n\r\n&nbsp;\r\nVol 6 No 4, diciembre de 2019, Editado por G. A. Rausch, E. Gomes de Souza Junior, y S.Texeira, con F. A. Pizarro, A. Garcia-Carmona, y J. Gonzaga Valencia Hern\u00e1ndez. <a href=\"https:\/\/waterlat.org\/working-papers-series\/volume-6-2019\/vol-6-no-4\/\">Baje aqu\u00ed el n\u00famero<\/a>. \r\n&nbsp;\r\n<a href=\"https:\/\/waterlat.org\/wp-content\/uploads\/2022\/11\/Tapa-8.3.jpg\"><img loading=\"lazy\" decoding=\"async\" class=\"alignnone size-medium wp-image-2718\" src=\"http:\/\/waterlat.org\/wp-content\/uploads\/2016\/07\/Tapa-WPSATAM218-212x300.jpg\" alt=\"Tapa WPSATAM218\" width=\"212\" height=\"300\" \/><\/a>\r\nVol 8 No 3, septiembre de 2021, Editado por E. Gomes de Souza Junior, y S.Texeira, con  S. Rangel de Souza Miscali, R. Carvalho, I. R. Araujo, F. dos Santos Oliveira Souza, N. dos Santos Silveira, N. Araujo, L. F. Novoa Garzon, E. Mateus Moretto, A. F. Barbieri,  S. Sayuri Mandai, C. Rodrigues da Costa Doria,  I. Rechetnicow Alves Sant\u2019Anna, D. Maimoni de Figueiredo, D. Fernandes Calheiros, C. Vailant, I. Leite de Oliveira, S. de Oliveira Pains, L. Auxiliadora da Silva Dionel y S. Kimie Ikeda-Castrillon.  \r\n<a href=\"https:\/\/waterlat.org\/working-papers-series\/volume-8-2021\/vol-8-no3\/\">Baje aqu\u00ed el n\u00famero<\/a>. \r\n\r\n\r\n\r\n&nbsp;\r\n\r\n<a href=\"https:\/\/waterlat.org\/es\/areas-tematicas\/at2\/\">Volver a la Presentaci\u00f3n del AT2<\/a>","protected":false},"excerpt":{"rendered":"El AT2 tiene una Serie propia dentro de los Cuadernos de Trabajo de la Red WATERLAT-GOBACIT: Serie \u00c1reas Tem\u00e1ticas, AT2 Agua y Megaproyectos. El AT tambi\u00e9n ha publicado n\u00fameros de los Cuadernos de Trabajo conjuntamente con otras \u00c1reas Tem\u00e1ticas sobre temas de inter\u00e9s com\u00fan. \u00a0 Vol 2 No 2, julio de 2015, Editado por A. [&hellip;]","protected":false},"author":3,"featured_media":0,"parent":1832,"menu_order":0,"comment_status":"closed","ping_status":"closed","template":"page-templates\/full-width.php","meta":{"_acf_changed":false,"footnotes":""},"class_list":["post-1835","page","type-page","status-publish","hentry","no-wpautop"],"acf":[],"_links":{"self":[{"href":"https:\/\/waterlat.org\/es\/wp-json\/wp\/v2\/pages\/1835","targetHints":{"allow":["GET"]}}],"collection":[{"href":"https:\/\/waterlat.org\/es\/wp-json\/wp\/v2\/pages"}],"about":[{"href":"https:\/\/waterlat.org\/es\/wp-json\/wp\/v2\/types\/page"}],"author":[{"embeddable":true,"href":"https:\/\/waterlat.org\/es\/wp-json\/wp\/v2\/users\/3"}],"replies":[{"embeddable":true,"href":"https:\/\/waterlat.org\/es\/wp-json\/wp\/v2\/comments?post=1835"}],"version-history":[{"count":5,"href":"https:\/\/waterlat.org\/es\/wp-json\/wp\/v2\/pages\/1835\/revisions"}],"predecessor-version":[{"id":4162,"href":"https:\/\/waterlat.org\/es\/wp-json\/wp\/v2\/pages\/1835\/revisions\/4162"}],"up":[{"embeddable":true,"href":"https:\/\/waterlat.org\/es\/wp-json\/wp\/v2\/pages\/1832"}],"wp:attachment":[{"href":"https:\/\/waterlat.org\/es\/wp-json\/wp\/v2\/media?parent=1835"}],"curies":[{"name":"wp","href":"https:\/\/api.w.org\/{rel}","templated":true}]}}

El AT2 tiene una Serie propia dentro de los <a href="https://waterlat.org/es/publicaciones/cuadernos-de-trabajo/">Cuadernos de Trabajo de la Red WATERLAT-GOBACIT</a>: Serie Áreas Temáticas, AT2 Agua y Megaproyectos.
El AT también ha publicado números de los Cuadernos de Trabajo conjuntamente con otras Áreas Temáticas sobre temas de interés común.

<a href="https://waterlat.org/es/wp-content/uploads/sites/2/2016/08/Tapa-WPSATAM22.jpg"><img loading="lazy" decoding="async" class="alignnone size-medium wp-image-1883" src="https://waterlat.org/es/wp-content/uploads/sites/2/2016/08/Tapa-WPSATAM22-212x300.jpg" alt="Tapa WPSATAM22" width="212" height="300" srcset="https://waterlat.org/es/wp-content/uploads/sites/2/2016/08/Tapa-WPSATAM22-212x300.jpg 212w, https://waterlat.org/es/wp-content/uploads/sites/2/2016/08/Tapa-WPSATAM22-768x1086.jpg 768w, https://waterlat.org/es/wp-content/uploads/sites/2/2016/08/Tapa-WPSATAM22-724x1024.jpg 724w, https://waterlat.org/es/wp-content/uploads/sites/2/2016/08/Tapa-WPSATAM22-624x882.jpg 624w, https://waterlat.org/es/wp-content/uploads/sites/2/2016/08/Tapa-WPSATAM22.jpg 1654w" sizes="auto, (max-width: 212px) 100vw, 212px" /></a> 
Vol 2 No 2, julio de 2015, Editado por  A. Latta y V. Ibarra, con  R. Larsimont, J. D. Ivars, A. Zhouri, G. A. Muñoz Gaviria, y A.C. Gomez Fuentes.<a href="https://waterlat.org/WPapers/WPSATAM22.pdf">Baje aquí el número</a>. 

&nbsp;
<a href="https://waterlat.org/es/wp-content/uploads/sites/2/2016/08/Tapa-WPSATAM218.jpg"><img loading="lazy" decoding="async" class="alignnone size-medium wp-image-1884" src="https://waterlat.org/es/wp-content/uploads/sites/2/2016/08/Tapa-WPSATAM218-212x300.jpg" alt="Tapa WPSATAM218" width="212" height="300" srcset="https://waterlat.org/es/wp-content/uploads/sites/2/2016/08/Tapa-WPSATAM218-212x300.jpg 212w, https://waterlat.org/es/wp-content/uploads/sites/2/2016/08/Tapa-WPSATAM218-768x1086.jpg 768w, https://waterlat.org/es/wp-content/uploads/sites/2/2016/08/Tapa-WPSATAM218-724x1024.jpg 724w, https://waterlat.org/es/wp-content/uploads/sites/2/2016/08/Tapa-WPSATAM218-624x882.jpg 624w, https://waterlat.org/es/wp-content/uploads/sites/2/2016/08/Tapa-WPSATAM218.jpg 1654w" sizes="auto, (max-width: 212px) 100vw, 212px" /></a>
Vol 2 No 18, diciembre de  2015, Editado por  A. Poma ay  T. Gravante, con  J. Regalado, L. Santana Belmont, A. G. H. Hernández, S. Herrera Rivera, A. Ramos y J. Casillas.<a href="https://waterlat.org/WPapers/WPSATAM218.pdf">Baje aquí el número</a>. 

&nbsp;
Vol 6 No 4, diciembre de 2019, Editado por G. A. Rausch, E. Gomes de Souza Junior, y S.Texeira, con F. A. Pizarro, A. Garcia-Carmona, y J. Gonzaga Valencia Hernández. <a href="https://waterlat.org/working-papers-series/volume-6-2019/vol-6-no-4/">Baje aquí el número</a>. 
&nbsp;
<a href="https://waterlat.org/wp-content/uploads/2022/11/Tapa-8.3.jpg"><img loading="lazy" decoding="async" class="alignnone size-medium wp-image-2718" src="http://waterlat.org/wp-content/uploads/2016/07/Tapa-WPSATAM218-212x300.jpg" alt="Tapa WPSATAM218" width="212" height="300" /></a>
Vol 8 No 3, septiembre de 2021, Editado por E. Gomes de Souza Junior, y S.Texeira, con  S. Rangel de Souza Miscali, R. Carvalho, I. R. Araujo, F. dos Santos Oliveira Souza, N. dos Santos Silveira, N. Araujo, L. F. Novoa Garzon, E. Mateus Moretto, A. F. Barbieri,  S. Sayuri Mandai, C. Rodrigues da Costa Doria,  I. Rechetnicow Alves Sant’Anna, D. Maimoni de Figueiredo, D. Fernandes Calheiros, C. Vailant, I. Leite de Oliveira, S. de Oliveira Pains, L. Auxiliadora da Silva Dionel y S. Kimie Ikeda-Castrillon.  
<a href="https://waterlat.org/working-papers-series/volume-8-2021/vol-8-no3/">Baje aquí el número</a>. 



&nbsp;

<a href="https://waterlat.org/es/areas-tematicas/at2/">Volver a la Presentación del AT2</a>

El AT2 tiene una Serie propia dentro de los Cuadernos de Trabajo de la Red WATERLAT-GOBACIT: Serie Áreas Temáticas, AT2 Agua y Megaproyectos. El AT también ha publicado números de los Cuadernos de Trabajo conjuntamente con otras Áreas Temáticas sobre temas de interés común.   Vol 2 No 2, julio de 2015, Editado por A. [&hellip;]
