{"id":20,"date":"2013-11-27T20:56:49","date_gmt":"2013-11-27T20:56:49","guid":{"rendered":"http:\/\/waterlat.org\/es\/?page_id=20"},"modified":"2016-03-04T20:54:42","modified_gmt":"2016-03-04T20:54:42","slug":"desafio","status":"publish","type":"page","link":"https:\/\/waterlat.org\/es\/proyectos\/desafio\/","title":{"rendered":"DESAFIO"},"content":{"rendered":"<div>\n<h2><a href=\"http:\/\/www.desafioglobal.org\/\">&#8220;Democratizaci\u00f3n de la Gobernabilidad de los Servicios de Agua y Saneamiento mediante Innovaciones Socio-T\u00e9cnicas (DESAFIO)&#8221;<\/a>\u00a0&#8211; 1 de febrero de 2013 &#8211; 31 de julio de 2015<\/h2>\n<p>Este proyecto se propone contribuir a la resoluci\u00f3n de uno de los mayores desaf\u00edos que confronta Brasil \u2013 y en general los pa\u00edses de Am\u00e9rica Latina y el Caribe \u2013 en el Siglo Veintiuno: la erradicaci\u00f3n de desigualdades sociales estructurales en el acceso a los servicios esenciales de agua y saneamiento (SAS). En este sentido, nuestro proyecto parte de la idea que el logro de las metas asumidas por la comunidad internacional para las pr\u00f3ximas dos d\u00e9cadas en relaci\u00f3n a la reducci\u00f3n de los niveles de pobreza y la protecci\u00f3n de la sustentabilidad ambiental depende crucialmente de la utilizaci\u00f3n de soluciones socio-t\u00e9cnicas apropiadas, innovadoras, para la provisi\u00f3n de SAS de calidad.<\/p>\n<hr \/>\n<p>&nbsp;<\/p>\n<h2 style=\"padding-left: 30px;\"><strong><em><span style=\"color: #0000ff;\"><span style=\"color: #ff0000;\">\u00a1Nuevo!<\/span> <\/span><\/em><\/strong><\/h2>\n<p><strong>El \u00e1rea de Ciencias Sociales y Humanidades de la secci\u00f3n de Investigaci\u00f3n e Innovaci\u00f3n de la Comisi\u00f3n Europea public\u00f3 una entrevista con el Coordinador de DESAFIO sobre las contribuciones del proyecto a los debates que est\u00e1n teniendo lugar en relaci\u00f3n a la epidemia del virus Zika. <a href=\"http:\/\/ec.europa.eu\/research\/social-sciences\/index.cfm?pg=newspage&amp;item=160225\">Puede leer la entrevista aqu\u00ed (en ingl\u00e9s, espa\u00f1ol y portugu\u00e9s)<\/a>.<\/strong><\/p>\n<hr \/>\n<p>&nbsp;<\/p>\n<p><strong>La UE public\u00f3 una sinopsis de las principales recomendaciones de DESAFIO en una selecci\u00f3n de los proyectos m\u00e1s relevantes en el \u00e1rea de desarrollo financiados por el S\u00e9ptimo Programa Marco para la investigaci\u00f3n y el desarrollo tecnol\u00f3gico (FP7): <a href=\"http:\/\/ec.europa.eu\/research\/social-sciences\/pdf\/project_synopses\/ki-na-27-321-en.pdf#view=fit&amp;pagemode=none\">Open the Door: Social Science Research for Development and a Sustainable Future<\/a><\/strong><br \/>\n<a href=\"http:\/\/desafioglobal.org\/es\/wp-content\/uploads\/sites\/2\/2013\/07\/Cover.jpg\"><img loading=\"lazy\" decoding=\"async\" class=\"aligncenter size-medium wp-image-789\" src=\"http:\/\/desafioglobal.org\/es\/wp-content\/uploads\/sites\/2\/2013\/07\/Cover-211x300.jpg\" alt=\"Cover\" width=\"211\" height=\"300\" \/><\/a><\/p>\n<p>&nbsp;<\/p>\n<hr \/>\n<p>&nbsp;<\/p>\n<p><strong>Video clips de las actividades del proyecto:<\/strong><\/p>\n<p><iframe loading=\"lazy\" src=\"\/\/www.youtube.com\/embed\/videoseries?list=PLx6qphzdSP6sxHigH5SMJSfaa31tYyl8u\" width=\"560\" height=\"315\" frameborder=\"0\" allowfullscreen=\"allowfullscreen\"><\/iframe><\/p>\n<p><strong>Sobre el Proyecto:<\/strong><\/p>\n<p>El proyecto es un producto del trabajo conjunto de investigadores del Grupo de Trabajo 3 de la Red WATERLAT-GOBACIT, dedicado al tema del &#8220;Ciclo urbano del agua y servicios de agua esenciales&#8221;, en colaboraci\u00f3n con colegas de otras instituciones de Europa y Am\u00e9rica Latina.<\/p>\n<p>DESAFIO es un Proyecto Colaborativo para acciones de colaboraci\u00f3n espec\u00edfica dedicadas a la cooperaci\u00f3n internacional (CP-FP-SICA) financiado por el S\u00e9ptimo Programa Marco de Cooperaci\u00f3n de la Comisi\u00f3n Europea. Es parte de la llamada SSH.2012.2.1-2. \u201cInnovaci\u00f3n social para poblaciones vulnerables\u201d, Tema 8: \u201cCiencias Socio-econ\u00f3micas y Humanidades\u201d, Actividad 8.2: \u201cCombinando objetivos econ\u00f3micos, sociales y ambientales en una perspectiva europea: caminos hacia el desarrollo sustentable\u201d, \u00c1rea: 8.2.1. \u201cTrayectorias de desarrollo socio-econ\u00f3mico\u201d. Convenio de Proyecto\u00a0No. 320303.<\/p>\n<p>Visite las p\u00e1ginas de Internet de <a href=\"http:\/\/desafioglobal.org\/es\/\">DESAFIO<\/a>\u00a0para mayor informaci\u00f3n.<\/p>\n<\/div>\n<p>&nbsp;<\/p>\n<p>Galer\u00eda Fotogr\u00e1fica del Proyecto<\/p>\n<p><object width=\"675\" height=\"506\"><param name=\"flashvars\" value=\"offsite=true&amp;lang=en-us&amp;page_show_url=%2Fphotos%2F125391306%40N03%2Fsets%2F72157646703365919%2Fshow%2F&amp;page_show_back_url=%2Fphotos%2F125391306%40N03%2Fsets%2F72157646703365919%2F&amp;set_id=72157646703365919&amp;jump_to=\" \/><param name=\"movie\" value=\"https:\/\/www.flickr.com\/apps\/slideshow\/show.swf?v=1811922554\" \/><param name=\"allowFullScreen\" value=\"true\" \/><embed type=\"application\/x-shockwave-flash\" src=\"https:\/\/www.flickr.com\/apps\/slideshow\/show.swf?v=1811922554\" allowfullscreen=\"allowfullscreen\" flashvars=\"offsite=true&amp;lang=en-us&amp;page_show_url=%2Fphotos%2F125391306%40N03%2Fsets%2F72157646703365919%2Fshow%2F&amp;page_show_back_url=%2Fphotos%2F125391306%40N03%2Fsets%2F72157646703365919%2F&amp;set_id=72157646703365919&amp;jump_to=\" width=\"675\" height=\"506\" \/><\/object><\/p>\n<p>&nbsp;<\/p>\n","protected":false},"excerpt":{"rendered":"<p>&#8220;Democratizaci\u00f3n de la Gobernabilidad de los Servicios de Agua y Saneamiento mediante Innovaciones Socio-T\u00e9cnicas (DESAFIO)&#8221;\u00a0&#8211; 1 de febrero de 2013 &#8211; 31 de julio de 2015 Este proyecto se propone contribuir a la resoluci\u00f3n de uno de los mayores desaf\u00edos que confronta Brasil \u2013 y en general los pa\u00edses de Am\u00e9rica Latina y el Caribe [&hellip;]<\/p>\n","protected":false},"author":1,"featured_media":0,"parent":6,"menu_order":0,"comment_status":"closed","ping_status":"closed","template":"page-templates\/full-width.php","meta":{"_acf_changed":false,"footnotes":""},"class_list":["post-20","page","type-page","status-publish","hentry","wpautop"],"acf":[],"_links":{"self":[{"href":"https:\/\/waterlat.org\/es\/wp-json\/wp\/v2\/pages\/20","targetHints":{"allow":["GET"]}}],"collection":[{"href":"https:\/\/waterlat.org\/es\/wp-json\/wp\/v2\/pages"}],"about":[{"href":"https:\/\/waterlat.org\/es\/wp-json\/wp\/v2\/types\/page"}],"author":[{"embeddable":true,"href":"https:\/\/waterlat.org\/es\/wp-json\/wp\/v2\/users\/1"}],"replies":[{"embeddable":true,"href":"https:\/\/waterlat.org\/es\/wp-json\/wp\/v2\/comments?post=20"}],"version-history":[{"count":11,"href":"https:\/\/waterlat.org\/es\/wp-json\/wp\/v2\/pages\/20\/revisions"}],"predecessor-version":[{"id":1630,"href":"https:\/\/waterlat.org\/es\/wp-json\/wp\/v2\/pages\/20\/revisions\/1630"}],"up":[{"embeddable":true,"href":"https:\/\/waterlat.org\/es\/wp-json\/wp\/v2\/pages\/6"}],"wp:attachment":[{"href":"https:\/\/waterlat.org\/es\/wp-json\/wp\/v2\/media?parent=20"}],"curies":[{"name":"wp","href":"https:\/\/api.w.org\/{rel}","templated":true}]}}

<div>
<h2><a href="http://www.desafioglobal.org/">&#8220;Democratización de la Gobernabilidad de los Servicios de Agua y Saneamiento mediante Innovaciones Socio-Técnicas (DESAFIO)&#8221;</a> &#8211; 1 de febrero de 2013 &#8211; 31 de julio de 2015</h2>
<p>Este proyecto se propone contribuir a la resolución de uno de los mayores desafíos que confronta Brasil – y en general los países de América Latina y el Caribe – en el Siglo Veintiuno: la erradicación de desigualdades sociales estructurales en el acceso a los servicios esenciales de agua y saneamiento (SAS). En este sentido, nuestro proyecto parte de la idea que el logro de las metas asumidas por la comunidad internacional para las próximas dos décadas en relación a la reducción de los niveles de pobreza y la protección de la sustentabilidad ambiental depende crucialmente de la utilización de soluciones socio-técnicas apropiadas, innovadoras, para la provisión de SAS de calidad.</p>
<hr />
<p>&nbsp;</p>
<h2 style="padding-left: 30px;"><strong><em><span style="color: #0000ff;"><span style="color: #ff0000;">¡Nuevo!</span> </span></em></strong></h2>
<p><strong>El área de Ciencias Sociales y Humanidades de la sección de Investigación e Innovación de la Comisión Europea publicó una entrevista con el Coordinador de DESAFIO sobre las contribuciones del proyecto a los debates que están teniendo lugar en relación a la epidemia del virus Zika. <a href="http://ec.europa.eu/research/social-sciences/index.cfm?pg=newspage&amp;item=160225">Puede leer la entrevista aquí (en inglés, español y portugués)</a>.</strong></p>
<hr />
<p>&nbsp;</p>
<p><strong>La UE publicó una sinopsis de las principales recomendaciones de DESAFIO en una selección de los proyectos más relevantes en el área de desarrollo financiados por el Séptimo Programa Marco para la investigación y el desarrollo tecnológico (FP7): <a href="http://ec.europa.eu/research/social-sciences/pdf/project_synopses/ki-na-27-321-en.pdf#view=fit&amp;pagemode=none">Open the Door: Social Science Research for Development and a Sustainable Future</a></strong><br />
<a href="http://desafioglobal.org/es/wp-content/uploads/sites/2/2013/07/Cover.jpg"><img loading="lazy" decoding="async" class="aligncenter size-medium wp-image-789" src="http://desafioglobal.org/es/wp-content/uploads/sites/2/2013/07/Cover-211x300.jpg" alt="Cover" width="211" height="300" /></a></p>
<p>&nbsp;</p>
<hr />
<p>&nbsp;</p>
<p><strong>Video clips de las actividades del proyecto:</strong></p>
<p><iframe loading="lazy" src="//www.youtube.com/embed/videoseries?list=PLx6qphzdSP6sxHigH5SMJSfaa31tYyl8u" width="560" height="315" frameborder="0" allowfullscreen="allowfullscreen"></iframe></p>
<p><strong>Sobre el Proyecto:</strong></p>
<p>El proyecto es un producto del trabajo conjunto de investigadores del Grupo de Trabajo 3 de la Red WATERLAT-GOBACIT, dedicado al tema del &#8220;Ciclo urbano del agua y servicios de agua esenciales&#8221;, en colaboración con colegas de otras instituciones de Europa y América Latina.</p>
<p>DESAFIO es un Proyecto Colaborativo para acciones de colaboración específica dedicadas a la cooperación internacional (CP-FP-SICA) financiado por el Séptimo Programa Marco de Cooperación de la Comisión Europea. Es parte de la llamada SSH.2012.2.1-2. “Innovación social para poblaciones vulnerables”, Tema 8: “Ciencias Socio-económicas y Humanidades”, Actividad 8.2: “Combinando objetivos económicos, sociales y ambientales en una perspectiva europea: caminos hacia el desarrollo sustentable”, Área: 8.2.1. “Trayectorias de desarrollo socio-económico”. Convenio de Proyecto No. 320303.</p>
<p>Visite las páginas de Internet de <a href="http://desafioglobal.org/es/">DESAFIO</a> para mayor información.</p>
</div>
<p>&nbsp;</p>
<p>Galería Fotográfica del Proyecto</p>
<p><object width="675" height="506"><param name="flashvars" value="offsite=true&amp;lang=en-us&amp;page_show_url=%2Fphotos%2F125391306%40N03%2Fsets%2F72157646703365919%2Fshow%2F&amp;page_show_back_url=%2Fphotos%2F125391306%40N03%2Fsets%2F72157646703365919%2F&amp;set_id=72157646703365919&amp;jump_to=" /><param name="movie" value="https://www.flickr.com/apps/slideshow/show.swf?v=1811922554" /><param name="allowFullScreen" value="true" /><embed type="application/x-shockwave-flash" src="https://www.flickr.com/apps/slideshow/show.swf?v=1811922554" allowfullscreen="allowfullscreen" flashvars="offsite=true&amp;lang=en-us&amp;page_show_url=%2Fphotos%2F125391306%40N03%2Fsets%2F72157646703365919%2Fshow%2F&amp;page_show_back_url=%2Fphotos%2F125391306%40N03%2Fsets%2F72157646703365919%2F&amp;set_id=72157646703365919&amp;jump_to=" width="675" height="506" /></object></p>
<p>&nbsp;</p>

<p>&#8220;Democratización de la Gobernabilidad de los Servicios de Agua y Saneamiento mediante Innovaciones Socio-Técnicas (DESAFIO)&#8221; &#8211; 1 de febrero de 2013 &#8211; 31 de julio de 2015 Este proyecto se propone contribuir a la resolución de uno de los mayores desafíos que confronta Brasil – y en general los países de América Latina y el Caribe [&hellip;]</p>
