{"id":2176,"date":"2017-03-09T14:25:17","date_gmt":"2017-03-09T14:25:17","guid":{"rendered":"http:\/\/waterlat.org\/es\/?page_id=2176"},"modified":"2023-05-22T19:04:28","modified_gmt":"2023-05-22T19:04:28","slug":"cuadernos-de-trabajo-del-at7","status":"publish","type":"page","link":"https:\/\/waterlat.org\/es\/areas-tematicas\/at7\/cuadernos-de-trabajo-del-at7\/","title":{"rendered":"Cuadernos de Trabajo del AT7"},"content":{"rendered":"El AT7 tiene una Serie propia dentro de los Cuadernos de Trabajo de la Red WATERLAT-GOBACIT: Serie \u00c1reas Tem\u00e1ticas, AT7 Arte, Comunicaci\u00f3n, Cultura y Educaci\u00f3n.\r\nEl AT tambi\u00e9n ha publicado n\u00fameros de los Cuadernos de Trabajo conjuntamente con otras \u00c1reas Tem\u00e1ticas sobre temas de inter\u00e9s com\u00fan.\r\nh2><\/h2>\r\n<h2><\/h2>\r\n<a href=\"http:\/\/waterlat.org\/wp-content\/uploads\/2017\/03\/Tapa-SATACCE-1.jpg\"><img loading=\"lazy\" decoding=\"async\" class=\"alignnone size-medium wp-image-2717\" src=\"http:\/\/waterlat.org\/wp-content\/uploads\/2017\/03\/Tapa-SATACCE-1.jpg\" alt=\"Tapa WPSATAM22\" width=\"212\" height=\"300\" \/><\/a>.\r\n<h2><\/h2>\r\n<b>Discursos y representaciones del agua: su importancia e impacto en las pol\u00edticas p\u00fablicas en las pr\u00e1cticas sociales<\/b> (en espa\u00f1ol y portugu\u00e9s). Editado por E. de Sousa Martins Freitas y J. E. Castro , con art\u00edculos de  M. Alves de Barros, J. A. Beltr\u00e3o Moura, J. I.Alves Oliveira Silva, H. Morais de Alc\u00e2ntara, G.Cintra Alves da Costa, R. Lacerda Ara\u00fajo, I. Matheus Castor Diniz Pinheiro, D. Silva Patr\u00edcio,I. Zamora Saenz, E. Cavalcanti e Silva Filho,A.de Azevedo Maia,L. Brant Pimenta de Faria, y E. de Sousa Martins Freitas. \r\n<h2><\/h2>\r\nVol. 3 No 10, diciembre de  2016. <a href=\"https:\/\/waterlat.org\/WPapers\/WPSATACCE310.pdf\">Bajar el n\u00famero aqu\u00ed<\/a>.\r\n<h2><\/h2>\r\n\r\n<a href=\"https:\/\/waterlat.org\/wp-content\/uploads\/2020\/04\/tapaAT763_Page_1.jpg\"><img loading=\"lazy\" decoding=\"async\" class=\"alignnone size-medium wp-image-2717\" src=\"https:\/\/waterlat.org\/wp-content\/uploads\/2020\/04\/tapaAT763_Page_1.jpg\" alt=\"Tapa WPSATAM22\" width=\"212\" height=\"300\" \/><\/a>.\r\n<h2><\/h2>\r\n<b>Arte y comunicaci\u00f3n en las luchas contra la injusticia y la desigualdad relacionadas con el agua en Argentina, Brasil y M\u00e9xico<\/b> (en espa\u00f1ol). Editado por J. E. Castro, con art\u00edculos de by X. I. Cabral, Z. Luisa Lauda-Rodr\u00edguez,J. C. Dom\u00ednguez Virgen, R.E. Cabrera Amador and J. C. Lopez, y E. de Sousa Martins Freitas. \r\n<h2><\/h2>\r\nVol. 6 No 3, septiembre de  2019. <a href=\"https:\/\/waterlat.org\/working-papers-series\/volume-6-2019\/vol-6-no-3\/\">Bajar el n\u00famero aqu\u00ed<\/a>.\r\n<h2><\/h2>\r\n<a href=\"https:\/\/waterlat.org\/wp-content\/uploads\/2023\/04\/CoverVol9No1.jpg\"><img loading=\"lazy\" decoding=\"async\" class=\"alignnone size-medium wp-image-2717\" src=\"https:\/\/waterlat.org\/wp-content\/uploads\/2023\/04\/CoverVol9No1.jpg\" alt=\"Tapa WPSATAM22\" width=\"212\" height=\"300\" \/><\/a>.\r\n<h2><\/h2>\r\n<b>Arte, Comunicaci\u00f3n, Cultura y Educaci\u00f3n como herramientas para democratizar la Pol\u00edtica y la gesti\u00f3n del agua en Am\u00e9rica Latina.<\/b> (en espa\u00f1ol y portugu\u00e9s). Editado por J. E. Castro, con  art\u00edculos de C. Mori, C. Reeves, Laura Prol, G. A. Rausch, F. Ruiz Ferretti, V. Perez Dictoro, F. Yuri Hanai y A. Monteiro Costa. \r\n<h2><\/h2>\r\nVol. 9 No 1, marzo de  2022. <a href=\"https:\/\/waterlat.org\/working-papers-series\/volume-9-2022\/vol9-no1\/\">Bajar el n\u00famero aqu\u00ed<\/a>.\r\n<h2><\/h2>\r\n\r\n\r\n<a href=\"https:\/\/waterlat.org\/es\/areas-tematicas\/at7\/\">Volver a la Presentaci\u00f3n del AT7<\/a>","protected":false},"excerpt":{"rendered":"El AT7 tiene una Serie propia dentro de los Cuadernos de Trabajo de la Red WATERLAT-GOBACIT: Serie \u00c1reas Tem\u00e1ticas, AT7 Arte, Comunicaci\u00f3n, Cultura y Educaci\u00f3n. El AT tambi\u00e9n ha publicado n\u00fameros de los Cuadernos de Trabajo conjuntamente con otras \u00c1reas Tem\u00e1ticas sobre temas de inter\u00e9s com\u00fan. h2> . Discursos y representaciones del agua: su importancia [&hellip;]","protected":false},"author":3,"featured_media":0,"parent":1813,"menu_order":0,"comment_status":"closed","ping_status":"closed","template":"page-templates\/full-width.php","meta":{"_acf_changed":false,"footnotes":""},"class_list":["post-2176","page","type-page","status-publish","hentry","no-wpautop"],"acf":[],"_links":{"self":[{"href":"https:\/\/waterlat.org\/es\/wp-json\/wp\/v2\/pages\/2176","targetHints":{"allow":["GET"]}}],"collection":[{"href":"https:\/\/waterlat.org\/es\/wp-json\/wp\/v2\/pages"}],"about":[{"href":"https:\/\/waterlat.org\/es\/wp-json\/wp\/v2\/types\/page"}],"author":[{"embeddable":true,"href":"https:\/\/waterlat.org\/es\/wp-json\/wp\/v2\/users\/3"}],"replies":[{"embeddable":true,"href":"https:\/\/waterlat.org\/es\/wp-json\/wp\/v2\/comments?post=2176"}],"version-history":[{"count":9,"href":"https:\/\/waterlat.org\/es\/wp-json\/wp\/v2\/pages\/2176\/revisions"}],"predecessor-version":[{"id":4164,"href":"https:\/\/waterlat.org\/es\/wp-json\/wp\/v2\/pages\/2176\/revisions\/4164"}],"up":[{"embeddable":true,"href":"https:\/\/waterlat.org\/es\/wp-json\/wp\/v2\/pages\/1813"}],"wp:attachment":[{"href":"https:\/\/waterlat.org\/es\/wp-json\/wp\/v2\/media?parent=2176"}],"curies":[{"name":"wp","href":"https:\/\/api.w.org\/{rel}","templated":true}]}}

El AT7 tiene una Serie propia dentro de los Cuadernos de Trabajo de la Red WATERLAT-GOBACIT: Serie Áreas Temáticas, AT7 Arte, Comunicación, Cultura y Educación.
El AT también ha publicado números de los Cuadernos de Trabajo conjuntamente con otras Áreas Temáticas sobre temas de interés común.
h2></h2>
<h2></h2>
<a href="http://waterlat.org/wp-content/uploads/2017/03/Tapa-SATACCE-1.jpg"><img loading="lazy" decoding="async" class="alignnone size-medium wp-image-2717" src="http://waterlat.org/wp-content/uploads/2017/03/Tapa-SATACCE-1.jpg" alt="Tapa WPSATAM22" width="212" height="300" /></a>.
<h2></h2>
<b>Discursos y representaciones del agua: su importancia e impacto en las políticas públicas en las prácticas sociales</b> (en español y portugués). Editado por E. de Sousa Martins Freitas y J. E. Castro , con artículos de  M. Alves de Barros, J. A. Beltrão Moura, J. I.Alves Oliveira Silva, H. Morais de Alcântara, G.Cintra Alves da Costa, R. Lacerda Araújo, I. Matheus Castor Diniz Pinheiro, D. Silva Patrício,I. Zamora Saenz, E. Cavalcanti e Silva Filho,A.de Azevedo Maia,L. Brant Pimenta de Faria, y E. de Sousa Martins Freitas. 
<h2></h2>
Vol. 3 No 10, diciembre de  2016. <a href="https://waterlat.org/WPapers/WPSATACCE310.pdf">Bajar el número aquí</a>.
<h2></h2>

<a href="https://waterlat.org/wp-content/uploads/2020/04/tapaAT763_Page_1.jpg"><img loading="lazy" decoding="async" class="alignnone size-medium wp-image-2717" src="https://waterlat.org/wp-content/uploads/2020/04/tapaAT763_Page_1.jpg" alt="Tapa WPSATAM22" width="212" height="300" /></a>.
<h2></h2>
<b>Arte y comunicación en las luchas contra la injusticia y la desigualdad relacionadas con el agua en Argentina, Brasil y México</b> (en español). Editado por J. E. Castro, con artículos de by X. I. Cabral, Z. Luisa Lauda-Rodríguez,J. C. Domínguez Virgen, R.E. Cabrera Amador and J. C. Lopez, y E. de Sousa Martins Freitas. 
<h2></h2>
Vol. 6 No 3, septiembre de  2019. <a href="https://waterlat.org/working-papers-series/volume-6-2019/vol-6-no-3/">Bajar el número aquí</a>.
<h2></h2>
<a href="https://waterlat.org/wp-content/uploads/2023/04/CoverVol9No1.jpg"><img loading="lazy" decoding="async" class="alignnone size-medium wp-image-2717" src="https://waterlat.org/wp-content/uploads/2023/04/CoverVol9No1.jpg" alt="Tapa WPSATAM22" width="212" height="300" /></a>.
<h2></h2>
<b>Arte, Comunicación, Cultura y Educación como herramientas para democratizar la Política y la gestión del agua en América Latina.</b> (en español y portugués). Editado por J. E. Castro, con  artículos de C. Mori, C. Reeves, Laura Prol, G. A. Rausch, F. Ruiz Ferretti, V. Perez Dictoro, F. Yuri Hanai y A. Monteiro Costa. 
<h2></h2>
Vol. 9 No 1, marzo de  2022. <a href="https://waterlat.org/working-papers-series/volume-9-2022/vol9-no1/">Bajar el número aquí</a>.
<h2></h2>


<a href="https://waterlat.org/es/areas-tematicas/at7/">Volver a la Presentación del AT7</a>

El AT7 tiene una Serie propia dentro de los Cuadernos de Trabajo de la Red WATERLAT-GOBACIT: Serie Áreas Temáticas, AT7 Arte, Comunicación, Cultura y Educación. El AT también ha publicado números de los Cuadernos de Trabajo conjuntamente con otras Áreas Temáticas sobre temas de interés común. h2> . Discursos y representaciones del agua: su importancia [&hellip;]
