{"id":2558,"date":"2017-07-28T17:58:34","date_gmt":"2017-07-28T17:58:34","guid":{"rendered":"http:\/\/waterlat.org\/es\/?page_id=2558"},"modified":"2017-08-26T17:15:11","modified_gmt":"2017-08-26T17:15:11","slug":"waterlat-gobacit-ix-eventos-preparatorios","status":"publish","type":"page","link":"https:\/\/waterlat.org\/es\/encuentros\/public-meetings\/waterlat-gobacit-ix-joao-pessoa-2018\/waterlat-gobacit-ix-eventos-preparatorios\/","title":{"rendered":"WATERLAT-GOBACIT IX, Eventos Preparatorios"},"content":{"rendered":"<style>\r\n.e_event{padding: 10px 25px; margin: 20px auto;;background-color: rgb(238, 238, 238); transition: 0.2s all; border-radius: 3px; width: 90%;}\r\n.e_event:hover{background-color: rgb(226, 226, 226); transition: 0.2s all;}\r\n.e_event h3{font-size:14px; margin: 0px !important; cursor: default; color: black;}\r\n.e_event p{margin: 5px 0px !important; cursor: default; line-height: normal !important;}\r\n.p_date{font-size:15px;}\r\n<\/style>\r\nEstamos organizando varios eventos y actividades en preparaci\u00f3n para la <a href=\"https:\/\/waterlat.org\/es\/encuentros\/public-meetings\/waterlat-gobacit-ix-joao-pessoa-2018\/\">IX Reuni\u00f3n Internacional<\/a>.\r\n<br\/><br\/>\r\n<a href=\"https:\/\/www.flickr.com\/photos\/125391306@N03\/29006055512\/in\/album-72157686409631986\/\"><img style=\"margin:10px auto; display: block;\"src=\"https:\/\/farm9.staticflickr.com\/8170\/29006055512_9408487344_z.jpg\" width=\"90%\"><\/a>\r\n<br\/>\r\n\r\n\r\n\r\n<div class=\"e_event\">\r\n<p class=\"p_date\"><b>18 de agosto de 2017<\/b><\/p>\r\n<h3>Democratizaci\u00f3n de la Pol\u00edtica y la Gesti\u00f3n del Agua: un Desaf\u00edo Transdisciplinario<\/h3>\r\n<p><a href=\"http:\/\/www.fundaj.gov.br\/\">Fundaci\u00f3n Joaquim Nabuco (FUNDAJ)<\/a><br\/>\r\n<i>Recife, Pernambuco, Brasil<\/i><br\/>\r\n<\/p>\r\n<i><a href=\"https:\/\/waterlat.org\/es\/encuentros\/public-meetings\/waterlat-gobacit-ix-joao-pessoa-2018\/democratizacionrecife\/\">P\u00e1gina del evento<\/a><\/i>\r\n<\/div>\r\n\r\n<br\/>\r\n<h3><a href=\"https:\/\/waterlat.org\/es\/encuentros\/public-meetings\/waterlat-gobacit-ix-joao-pessoa-2018\/\">Regresar a la p\u00e1gina principal de la IX Reuni\u00f3n Internacional<\/a>.<\/h3>\r\n","protected":false},"excerpt":{"rendered":"Estamos organizando varios eventos y actividades en preparaci\u00f3n para la IX Reuni\u00f3n Internacional. 18 de agosto de 2017 Democratizaci\u00f3n de la Pol\u00edtica y la Gesti\u00f3n del Agua: un Desaf\u00edo Transdisciplinario Fundaci\u00f3n Joaquim Nabuco (FUNDAJ) Recife, Pernambuco, Brasil P\u00e1gina del evento Regresar a la p\u00e1gina principal de la IX Reuni\u00f3n Internacional.","protected":false},"author":3,"featured_media":0,"parent":2557,"menu_order":0,"comment_status":"closed","ping_status":"closed","template":"page-templates\/full-width.php","meta":{"_acf_changed":false,"footnotes":""},"class_list":["post-2558","page","type-page","status-publish","hentry","no-wpautop"],"acf":[],"_links":{"self":[{"href":"https:\/\/waterlat.org\/es\/wp-json\/wp\/v2\/pages\/2558","targetHints":{"allow":["GET"]}}],"collection":[{"href":"https:\/\/waterlat.org\/es\/wp-json\/wp\/v2\/pages"}],"about":[{"href":"https:\/\/waterlat.org\/es\/wp-json\/wp\/v2\/types\/page"}],"author":[{"embeddable":true,"href":"https:\/\/waterlat.org\/es\/wp-json\/wp\/v2\/users\/3"}],"replies":[{"embeddable":true,"href":"https:\/\/waterlat.org\/es\/wp-json\/wp\/v2\/comments?post=2558"}],"version-history":[{"count":9,"href":"https:\/\/waterlat.org\/es\/wp-json\/wp\/v2\/pages\/2558\/revisions"}],"predecessor-version":[{"id":2608,"href":"https:\/\/waterlat.org\/es\/wp-json\/wp\/v2\/pages\/2558\/revisions\/2608"}],"up":[{"embeddable":true,"href":"https:\/\/waterlat.org\/es\/wp-json\/wp\/v2\/pages\/2557"}],"wp:attachment":[{"href":"https:\/\/waterlat.org\/es\/wp-json\/wp\/v2\/media?parent=2558"}],"curies":[{"name":"wp","href":"https:\/\/api.w.org\/{rel}","templated":true}]}}

<style>
.e_event{padding: 10px 25px; margin: 20px auto;;background-color: rgb(238, 238, 238); transition: 0.2s all; border-radius: 3px; width: 90%;}
.e_event:hover{background-color: rgb(226, 226, 226); transition: 0.2s all;}
.e_event h3{font-size:14px; margin: 0px !important; cursor: default; color: black;}
.e_event p{margin: 5px 0px !important; cursor: default; line-height: normal !important;}
.p_date{font-size:15px;}
</style>
Estamos organizando varios eventos y actividades en preparación para la <a href="https://waterlat.org/es/encuentros/public-meetings/waterlat-gobacit-ix-joao-pessoa-2018/">IX Reunión Internacional</a>.
<br/><br/>
<a href="https://www.flickr.com/photos/125391306@N03/29006055512/in/album-72157686409631986/"><img style="margin:10px auto; display: block;"src="https://farm9.staticflickr.com/8170/29006055512_9408487344_z.jpg" width="90%"></a>
<br/>



<div class="e_event">
<p class="p_date"><b>18 de agosto de 2017</b></p>
<h3>Democratización de la Política y la Gestión del Agua: un Desafío Transdisciplinario</h3>
<p><a href="http://www.fundaj.gov.br/">Fundación Joaquim Nabuco (FUNDAJ)</a><br/>
<i>Recife, Pernambuco, Brasil</i><br/>
</p>
<i><a href="https://waterlat.org/es/encuentros/public-meetings/waterlat-gobacit-ix-joao-pessoa-2018/democratizacionrecife/">Página del evento</a></i>
</div>

<br/>
<h3><a href="https://waterlat.org/es/encuentros/public-meetings/waterlat-gobacit-ix-joao-pessoa-2018/">Regresar a la página principal de la IX Reunión Internacional</a>.</h3>

Estamos organizando varios eventos y actividades en preparación para la IX Reunión Internacional. 18 de agosto de 2017 Democratización de la Política y la Gestión del Agua: un Desafío Transdisciplinario Fundación Joaquim Nabuco (FUNDAJ) Recife, Pernambuco, Brasil Página del evento Regresar a la página principal de la IX Reunión Internacional.
