{"id":26,"date":"2013-11-27T20:59:33","date_gmt":"2013-11-27T20:59:33","guid":{"rendered":"http:\/\/waterlat.org\/es\/?page_id=26"},"modified":"2016-02-19T14:19:11","modified_gmt":"2016-02-19T14:19:11","slug":"ediciones-especiales","status":"publish","type":"page","link":"https:\/\/waterlat.org\/es\/publicaciones\/ediciones-especiales\/","title":{"rendered":"Ediciones especiales en revistas"},"content":{"rendered":"<p>&nbsp;<\/p>\n<h2>Publicados<\/h2>\n<p>Alex Latta y Alice Poma (Eds.), Dossier sobre &#8220;Megaproyectos h\u00eddricos: pol\u00edticas, culturas y conflictos&#8221;, en <a href=\"http:\/\/revistaselectronicas.ujaen.es\/index.php\/atma\/issue\/view\/199\">Agua y Territorio<\/a>, Universidad de Ja\u00e9n, Ja\u00e9n, Espa\u00f1a, No 4, 2014.<\/p>\n<p>Alex Latta y Anahi G\u00f3mez, Dossier sobre &#8220;Agua y megaproyectos en Latinoam\u00e9rica&#8221;, en <a href=\"http:\/\/www.erlacs.org\/index.php\/erlacs\">Revista Europea de Estudios Latinoamericanos y del Caribe<\/a>, #97, 2014. La publicaci\u00f3n incluye un texto introductorio y tres art\u00edculos a cargo de miembros del \u00c1rea Tem\u00e1tica 2 de la Red, &#8220;Agua y megaproyectos&#8221;. <\/p>\n<p>Jos\u00e9 Esteban Castro, L\u00e9o Heller, y Maria da Piedade Morais (Eds.), Dossier sobre &#8220;La Lucha por el Derecho al Agua y las Pol\u00edticas P\u00fablicas en Am\u00e9rica Latina&#8221;, en <a href=\"http:\/\/revistaselectronicas.ujaen.es\/index.php\/atma\/index\">Agua y Territorio<\/a>, Universidad de Ja\u00e9n, Ja\u00e9n, Espa\u00f1a, No 2, Julio-diciembre de 2013. El dossier puede <a href=\"http:\/\/revistaselectronicas.ujaen.es\/index.php\/atma\/issue\/view\/133\">bajarse aqu\u00ed<\/a>.<\/p>\n<p>Luiz Roberto Santos Moraes, Magda Beretta, y Viviana Maria Zanta (Eds.), Dossier especial sobre\u00a0&#8220;Gest\u00e3o e Manejo de \u00c1guas&#8221; (Gesti\u00f3n y Manejo del Agua),\u00a0Revista Eletr\u00f4nica de Gest\u00e3o e Tecnologias Ambientais (GESTA), Universidad Federal de Bahia, Brasil, Vol 1, No 1, 2013. El dossier puede\u00a0<a href=\"http:\/\/www.portalseer.ufba.br\/index.php\/gesta\/issue\/view\/v.01%2C%20n.01\">bajarse aqu\u00ed<\/a>.<\/p>\n<p>Elisabete Santos, Luiz Roberto Santos Moraes, y Jos\u00e9 Ant\u00f4nio Gomes de Pinho (eds.), Dossier sobre\u00a0&#8220;O Desafio da Gest\u00e3o das \u00c1guas no S\u00e9culo XXI&#8221; (El Desaf\u00edo de la Gesti\u00f3n del Agua en el Siglo XXI)\u00a0<a href=\"http:\/\/www.rigs.ufba.br\/\">Revista Interdisciplinar de Gest\u00e3o Social (RIGS)<\/a>, Universidad Federal de Bahia, Brasil, Vol 1, No 1, 2012. Varios art\u00edculos de este dossier proceden de la Reuni\u00f3n Anual de WATERLAT de 2010. El dossier puede\u00a0<a href=\"http:\/\/en.calameo.com\/read\/0006758814ef99d09e1d6\">bajarse aqu\u00ed<\/a>.<\/p>\n<p>Wagner Costa Ribeiro y David Sauri (eds.), Dossier, en\u00a0<a href=\"http:\/\/citrus.uspnet.usp.br\/geousp\/ojs-2.2.4\/index.php\/geousp\/issue\/view\/35\">GEOUSP: Espa\u00e7o e Tempo<\/a>\u00a0(ISSN 2179-0892), No. 31, 2012, Revista de los Programas de Posgrado en Geografia Humana y Geografia F\u00edsica, Departmento de Geograf\u00eda, Facultad de Filosofia y Humanidades, Universidad de San Pablo, Brasil. El dossier se basa en una selecci\u00f3n de art\u00edculos procedentes de la Reuni\u00f3n Anual de WATERLAT de 2010.<\/p>\n<p>Jos\u00e9 Esteban Castro e Inmaculada Sim\u00f3n Ruiz (eds.), Dossier: Agua y Desigualdad en Am\u00e9rica Latina, en\u00a0<a href=\"http:\/\/estudiosamericanos.revistas.csic.es\/index.php\/estudiosamericanos\/issue\/view\/22\">Anuario de Estudios Americanos<\/a>, (ISSN: 0210-5810), Vol. 66, No 2, Escuela de Estudios Hispano-Americanos de Sevilla, Consejo Superior de Investigaciones Cient\u00edficas (CSIC), Sevilla, Espa\u00f1a, 2009. El\u00a0dossier incluye art\u00edculos sobre\u00a0Brasil, Chile, y los pa\u00edses andinos\u00a0incluyendo Bolivia.<\/p>\n","protected":false},"excerpt":{"rendered":"<p>&nbsp; Publicados Alex Latta y Alice Poma (Eds.), Dossier sobre &#8220;Megaproyectos h\u00eddricos: pol\u00edticas, culturas y conflictos&#8221;, en Agua y Territorio, Universidad de Ja\u00e9n, Ja\u00e9n, Espa\u00f1a, No 4, 2014. Alex Latta y Anahi G\u00f3mez, Dossier sobre &#8220;Agua y megaproyectos en Latinoam\u00e9rica&#8221;, en Revista Europea de Estudios Latinoamericanos y del Caribe, #97, 2014. La publicaci\u00f3n incluye un [&hellip;]<\/p>\n","protected":false},"author":1,"featured_media":0,"parent":7,"menu_order":0,"comment_status":"closed","ping_status":"open","template":"page-templates\/full-width.php","meta":{"_acf_changed":false,"footnotes":""},"class_list":["post-26","page","type-page","status-publish","hentry","wpautop"],"acf":[],"_links":{"self":[{"href":"https:\/\/waterlat.org\/es\/wp-json\/wp\/v2\/pages\/26","targetHints":{"allow":["GET"]}}],"collection":[{"href":"https:\/\/waterlat.org\/es\/wp-json\/wp\/v2\/pages"}],"about":[{"href":"https:\/\/waterlat.org\/es\/wp-json\/wp\/v2\/types\/page"}],"author":[{"embeddable":true,"href":"https:\/\/waterlat.org\/es\/wp-json\/wp\/v2\/users\/1"}],"replies":[{"embeddable":true,"href":"https:\/\/waterlat.org\/es\/wp-json\/wp\/v2\/comments?post=26"}],"version-history":[{"count":16,"href":"https:\/\/waterlat.org\/es\/wp-json\/wp\/v2\/pages\/26\/revisions"}],"predecessor-version":[{"id":1592,"href":"https:\/\/waterlat.org\/es\/wp-json\/wp\/v2\/pages\/26\/revisions\/1592"}],"up":[{"embeddable":true,"href":"https:\/\/waterlat.org\/es\/wp-json\/wp\/v2\/pages\/7"}],"wp:attachment":[{"href":"https:\/\/waterlat.org\/es\/wp-json\/wp\/v2\/media?parent=26"}],"curies":[{"name":"wp","href":"https:\/\/api.w.org\/{rel}","templated":true}]}}

<p>&nbsp;</p>
<h2>Publicados</h2>
<p>Alex Latta y Alice Poma (Eds.), Dossier sobre &#8220;Megaproyectos hídricos: políticas, culturas y conflictos&#8221;, en <a href="http://revistaselectronicas.ujaen.es/index.php/atma/issue/view/199">Agua y Territorio</a>, Universidad de Jaén, Jaén, España, No 4, 2014.</p>
<p>Alex Latta y Anahi Gómez, Dossier sobre &#8220;Agua y megaproyectos en Latinoamérica&#8221;, en <a href="http://www.erlacs.org/index.php/erlacs">Revista Europea de Estudios Latinoamericanos y del Caribe</a>, #97, 2014. La publicación incluye un texto introductorio y tres artículos a cargo de miembros del Área Temática 2 de la Red, &#8220;Agua y megaproyectos&#8221;. </p>
<p>José Esteban Castro, Léo Heller, y Maria da Piedade Morais (Eds.), Dossier sobre &#8220;La Lucha por el Derecho al Agua y las Políticas Públicas en América Latina&#8221;, en <a href="http://revistaselectronicas.ujaen.es/index.php/atma/index">Agua y Territorio</a>, Universidad de Jaén, Jaén, España, No 2, Julio-diciembre de 2013. El dossier puede <a href="http://revistaselectronicas.ujaen.es/index.php/atma/issue/view/133">bajarse aquí</a>.</p>
<p>Luiz Roberto Santos Moraes, Magda Beretta, y Viviana Maria Zanta (Eds.), Dossier especial sobre &#8220;Gestão e Manejo de Águas&#8221; (Gestión y Manejo del Agua), Revista Eletrônica de Gestão e Tecnologias Ambientais (GESTA), Universidad Federal de Bahia, Brasil, Vol 1, No 1, 2013. El dossier puede <a href="http://www.portalseer.ufba.br/index.php/gesta/issue/view/v.01%2C%20n.01">bajarse aquí</a>.</p>
<p>Elisabete Santos, Luiz Roberto Santos Moraes, y José Antônio Gomes de Pinho (eds.), Dossier sobre &#8220;O Desafio da Gestão das Águas no Século XXI&#8221; (El Desafío de la Gestión del Agua en el Siglo XXI) <a href="http://www.rigs.ufba.br/">Revista Interdisciplinar de Gestão Social (RIGS)</a>, Universidad Federal de Bahia, Brasil, Vol 1, No 1, 2012. Varios artículos de este dossier proceden de la Reunión Anual de WATERLAT de 2010. El dossier puede <a href="http://en.calameo.com/read/0006758814ef99d09e1d6">bajarse aquí</a>.</p>
<p>Wagner Costa Ribeiro y David Sauri (eds.), Dossier, en <a href="http://citrus.uspnet.usp.br/geousp/ojs-2.2.4/index.php/geousp/issue/view/35">GEOUSP: Espaço e Tempo</a> (ISSN 2179-0892), No. 31, 2012, Revista de los Programas de Posgrado en Geografia Humana y Geografia Física, Departmento de Geografía, Facultad de Filosofia y Humanidades, Universidad de San Pablo, Brasil. El dossier se basa en una selección de artículos procedentes de la Reunión Anual de WATERLAT de 2010.</p>
<p>José Esteban Castro e Inmaculada Simón Ruiz (eds.), Dossier: Agua y Desigualdad en América Latina, en <a href="http://estudiosamericanos.revistas.csic.es/index.php/estudiosamericanos/issue/view/22">Anuario de Estudios Americanos</a>, (ISSN: 0210-5810), Vol. 66, No 2, Escuela de Estudios Hispano-Americanos de Sevilla, Consejo Superior de Investigaciones Científicas (CSIC), Sevilla, España, 2009. El dossier incluye artículos sobre Brasil, Chile, y los países andinos incluyendo Bolivia.</p>

<p>&nbsp; Publicados Alex Latta y Alice Poma (Eds.), Dossier sobre &#8220;Megaproyectos hídricos: políticas, culturas y conflictos&#8221;, en Agua y Territorio, Universidad de Jaén, Jaén, España, No 4, 2014. Alex Latta y Anahi Gómez, Dossier sobre &#8220;Agua y megaproyectos en Latinoamérica&#8221;, en Revista Europea de Estudios Latinoamericanos y del Caribe, #97, 2014. La publicación incluye un [&hellip;]</p>
