{"id":2789,"date":"2018-02-17T14:31:11","date_gmt":"2018-02-17T14:31:11","guid":{"rendered":"http:\/\/waterlat.org\/es\/?page_id=2789"},"modified":"2023-05-22T21:06:19","modified_gmt":"2023-05-22T21:06:19","slug":"cuadernos-de-trabajo-del-at10","status":"publish","type":"page","link":"https:\/\/waterlat.org\/es\/areas-tematicas\/at10\/cuadernos-de-trabajo-del-at10\/","title":{"rendered":"Cuadernos de Trabajo del AT10"},"content":{"rendered":"El AT10 tiene una Serie propia dentro de los Cuadernos de Trabajo de la Red WATERLAT-GOBACIT: Serie \u00c1reas Tem\u00e1ticas, AT10 Agua y Violencia.\r\n\r\nEl AT tambi\u00e9n ha publicado n\u00fameros de los Cuadernos de Trabajo conjuntamente con otras \u00c1reas Tem\u00e1ticas sobre temas de inter\u00e9s com\u00fan.\r\n<h2><\/h2>\r\n<h2><\/h2>\r\n<a href=\"https:\/\/waterlat.org\/wp-content\/uploads\/2020\/12\/Tapa.jpg\"><img loading=\"lazy\" decoding=\"async\" class=\"alignnone size-medium wp-image-2717\" src=\"https:\/\/waterlat.org\/wp-content\/uploads\/2020\/12\/Tapa.jpg\" alt=\"Tapa WPSATAM22\" width=\"212\" height=\"300\" \/><\/a>.\r\n<h2><\/h2>\r\n<b>Pol\u00edtica del agua, violencia e injusticia: experiencias de Brasil, Guatemala y M\u00e9xico<\/b> (en espa\u00f1ol y portugu\u00e9s). Editado por J. E. Castro, Organizado por K. Kloster, con art\u00edculos de H. B. de Morais, A. Pohlenz de Tavira, M. Fracchia Figueiredo y M. B. Pelayo P\u00e9rez. \r\n<h2><\/h2>\r\nVol. 7 No 1, marzo de  2020. <a href=\"https:\/\/waterlat.org\/es\/working-papers-series\/volumen-7-2020\/vol-7-no-1\">Bajar el n\u00famero aqu\u00ed<\/a>.\r\n<h2><\/h2>\r\n\r\n<a href=\"https:\/\/waterlat.org\/es\/areas-tematicas\/at10\/\">Volver a la Presentaci\u00f3n del AT10<\/a>","protected":false},"excerpt":{"rendered":"El AT10 tiene una Serie propia dentro de los Cuadernos de Trabajo de la Red WATERLAT-GOBACIT: Serie \u00c1reas Tem\u00e1ticas, AT10 Agua y Violencia. El AT tambi\u00e9n ha publicado n\u00fameros de los Cuadernos de Trabajo conjuntamente con otras \u00c1reas Tem\u00e1ticas sobre temas de inter\u00e9s com\u00fan. . Pol\u00edtica del agua, violencia e injusticia: experiencias de Brasil, Guatemala [&hellip;]","protected":false},"author":3,"featured_media":0,"parent":2750,"menu_order":0,"comment_status":"closed","ping_status":"closed","template":"page-templates\/full-width.php","meta":{"_acf_changed":false,"footnotes":""},"class_list":["post-2789","page","type-page","status-publish","hentry","no-wpautop"],"acf":[],"_links":{"self":[{"href":"https:\/\/waterlat.org\/es\/wp-json\/wp\/v2\/pages\/2789","targetHints":{"allow":["GET"]}}],"collection":[{"href":"https:\/\/waterlat.org\/es\/wp-json\/wp\/v2\/pages"}],"about":[{"href":"https:\/\/waterlat.org\/es\/wp-json\/wp\/v2\/types\/page"}],"author":[{"embeddable":true,"href":"https:\/\/waterlat.org\/es\/wp-json\/wp\/v2\/users\/3"}],"replies":[{"embeddable":true,"href":"https:\/\/waterlat.org\/es\/wp-json\/wp\/v2\/comments?post=2789"}],"version-history":[{"count":4,"href":"https:\/\/waterlat.org\/es\/wp-json\/wp\/v2\/pages\/2789\/revisions"}],"predecessor-version":[{"id":4171,"href":"https:\/\/waterlat.org\/es\/wp-json\/wp\/v2\/pages\/2789\/revisions\/4171"}],"up":[{"embeddable":true,"href":"https:\/\/waterlat.org\/es\/wp-json\/wp\/v2\/pages\/2750"}],"wp:attachment":[{"href":"https:\/\/waterlat.org\/es\/wp-json\/wp\/v2\/media?parent=2789"}],"curies":[{"name":"wp","href":"https:\/\/api.w.org\/{rel}","templated":true}]}}

El AT10 tiene una Serie propia dentro de los Cuadernos de Trabajo de la Red WATERLAT-GOBACIT: Serie Áreas Temáticas, AT10 Agua y Violencia.

El AT también ha publicado números de los Cuadernos de Trabajo conjuntamente con otras Áreas Temáticas sobre temas de interés común.
<h2></h2>
<h2></h2>
<a href="https://waterlat.org/wp-content/uploads/2020/12/Tapa.jpg"><img loading="lazy" decoding="async" class="alignnone size-medium wp-image-2717" src="https://waterlat.org/wp-content/uploads/2020/12/Tapa.jpg" alt="Tapa WPSATAM22" width="212" height="300" /></a>.
<h2></h2>
<b>Política del agua, violencia e injusticia: experiencias de Brasil, Guatemala y México</b> (en español y portugués). Editado por J. E. Castro, Organizado por K. Kloster, con artículos de H. B. de Morais, A. Pohlenz de Tavira, M. Fracchia Figueiredo y M. B. Pelayo Pérez. 
<h2></h2>
Vol. 7 No 1, marzo de  2020. <a href="https://waterlat.org/es/working-papers-series/volumen-7-2020/vol-7-no-1">Bajar el número aquí</a>.
<h2></h2>

<a href="https://waterlat.org/es/areas-tematicas/at10/">Volver a la Presentación del AT10</a>

El AT10 tiene una Serie propia dentro de los Cuadernos de Trabajo de la Red WATERLAT-GOBACIT: Serie Áreas Temáticas, AT10 Agua y Violencia. El AT también ha publicado números de los Cuadernos de Trabajo conjuntamente con otras Áreas Temáticas sobre temas de interés común. . Política del agua, violencia e injusticia: experiencias de Brasil, Guatemala [&hellip;]
