{"id":2891,"date":"2018-05-23T02:22:38","date_gmt":"2018-05-23T02:22:38","guid":{"rendered":"http:\/\/waterlat.org\/es\/?page_id=2891"},"modified":"2020-07-21T18:16:32","modified_gmt":"2020-07-21T18:16:32","slug":"relaciones-fuerzas","status":"publish","type":"page","link":"https:\/\/waterlat.org\/es\/publicaciones\/libros\/relaciones-fuerzas\/","title":{"rendered":"Relaciones de Poder en la Gesti\u00f3n Comunitaria del Agua. El Territorio y lo Social como Fuerzas"},"content":{"rendered":"<style>\r\n.dw_pdf-full {\r\n    background-color: rgba(251, 116, 116, 0);\r\n    padding: 8px 20px;\r\n    color: #b52335;\r\n    text-decoration: none;\r\n    border: 2px #b52335 solid;\r\n    transition: 0.2s all;\r\n    border-radius: 4px;\r\n    font-weight: 600;\r\nmargin:0px 5px;}\r\n.dw_pdf-full:hover{background-color: #b52335; color:white;}\r\n.dw_pdf-full i {font-size:25px; vertical-align: bottom; margin-right: 3px;}\r\n<\/style>\r\n\r\n\r\n<a href=\"http:\/\/waterlat.org\/wp-content\/uploads\/2018\/05\/TapaDiazSantos.jpg\"><img loading=\"lazy\" decoding=\"async\" src=\"http:\/\/waterlat.org\/wp-content\/uploads\/2018\/05\/TapaDiazSantos-203x300.jpg\" alt=\"\" width=\"203\" height=\"300\" class=\"alignnone size-medium wp-image-4846\" \/><\/a>\r\n\r\n<span style=\"line-height: 1.714285714; font-size: 1rem;\"> Mar\u00eda Guadalupe D\u00edaz Santos, <\/span> <span style=\"text-decoration: underline;\"> Relaciones de Poder en la Gesti\u00f3n Comunitaria del Agua. El Territorio y lo Social como Fuerzas<\/span>, <span style=\"line-height: 1.714285714; font-size: 1rem;\"> ISBN (Impreso): 978-85-7879-390-6. ISBN (E-book): 978-85-7879-389-0. Campina Grande, Para\u00edba, Brasil: <\/span><a style=\"line-height: 1.714285714; font-size: 1rem;\" href=\" http:\/\/eduepb.uepb.edu.br\/e-books\/\"> Editora da Universidade Estadual da Para\u00edba (EDUEPB)<\/a><span style=\"line-height: 1.714285714; font-size: 1rem;\"> y Red WATERLAT-GOBACIT, 2018. DOI: 10.5281\/zenodo.3955038.<\/span>\r\n\r\n<h3><\/h3>\r\n<i><a href=\"https:\/\/zenodo.org\/record\/3955038#invenio-csl\" class=\"desar\" style=\"color:#9ad3f9;\">Exportar Cita<\/a><\/i>\r\n&nbsp;<h3><\/h3>\r\nEste libro es un producto de la <a href=\"https:\/\/waterlat.org\/es\/premio-waterlat-para-estudiantes\/premio-waterlat-gobacit-2015\/\">Edici\u00f3n 2015 del Premio de Estudiantes (Maestr\u00eda)<\/a> de la Red WATERLAT-GOBACIT.\r\n<h3><\/h3>\r\n<\/br>\r\n\r\n<a href=\"https:\/\/zenodo.org\/record\/3955038#.XZJU-S2ZNQI\" class=\"dw_pdf-full\" target=\"_blank\" rel=\"noopener noreferrer\"><i class=\"fa fa-file-pdf-o\" aria-hidden=\"true\" fa-3x><\/i> Descargar aqui <\/a>\r\n\r\n","protected":false},"excerpt":{"rendered":"Mar\u00eda Guadalupe D\u00edaz Santos, Relaciones de Poder en la Gesti\u00f3n Comunitaria del Agua. El Territorio y lo Social como Fuerzas, ISBN (Impreso): 978-85-7879-390-6. ISBN (E-book): 978-85-7879-389-0. Campina Grande, Para\u00edba, Brasil: Editora da Universidade Estadual da Para\u00edba (EDUEPB) y Red WATERLAT-GOBACIT, 2018. DOI: 10.5281\/zenodo.3955038. Exportar Cita &nbsp; Este libro es un producto de la Edici\u00f3n 2015 [&hellip;]","protected":false},"author":3,"featured_media":0,"parent":22,"menu_order":0,"comment_status":"closed","ping_status":"closed","template":"page-templates\/full-width.php","meta":{"_acf_changed":false,"footnotes":""},"class_list":["post-2891","page","type-page","status-publish","hentry","no-wpautop"],"acf":[],"_links":{"self":[{"href":"https:\/\/waterlat.org\/es\/wp-json\/wp\/v2\/pages\/2891","targetHints":{"allow":["GET"]}}],"collection":[{"href":"https:\/\/waterlat.org\/es\/wp-json\/wp\/v2\/pages"}],"about":[{"href":"https:\/\/waterlat.org\/es\/wp-json\/wp\/v2\/types\/page"}],"author":[{"embeddable":true,"href":"https:\/\/waterlat.org\/es\/wp-json\/wp\/v2\/users\/3"}],"replies":[{"embeddable":true,"href":"https:\/\/waterlat.org\/es\/wp-json\/wp\/v2\/comments?post=2891"}],"version-history":[{"count":11,"href":"https:\/\/waterlat.org\/es\/wp-json\/wp\/v2\/pages\/2891\/revisions"}],"predecessor-version":[{"id":3549,"href":"https:\/\/waterlat.org\/es\/wp-json\/wp\/v2\/pages\/2891\/revisions\/3549"}],"up":[{"embeddable":true,"href":"https:\/\/waterlat.org\/es\/wp-json\/wp\/v2\/pages\/22"}],"wp:attachment":[{"href":"https:\/\/waterlat.org\/es\/wp-json\/wp\/v2\/media?parent=2891"}],"curies":[{"name":"wp","href":"https:\/\/api.w.org\/{rel}","templated":true}]}}

Relaciones de Poder en la Gestión Comunitaria del Agua. El Territorio y lo Social como Fuerzas

<style>
.dw_pdf-full {
    background-color: rgba(251, 116, 116, 0);
    padding: 8px 20px;
    color: #b52335;
    text-decoration: none;
    border: 2px #b52335 solid;
    transition: 0.2s all;
    border-radius: 4px;
    font-weight: 600;
margin:0px 5px;}
.dw_pdf-full:hover{background-color: #b52335; color:white;}
.dw_pdf-full i {font-size:25px; vertical-align: bottom; margin-right: 3px;}
</style>


<a href="http://waterlat.org/wp-content/uploads/2018/05/TapaDiazSantos.jpg"><img loading="lazy" decoding="async" src="http://waterlat.org/wp-content/uploads/2018/05/TapaDiazSantos-203x300.jpg" alt="" width="203" height="300" class="alignnone size-medium wp-image-4846" /></a>

<span style="line-height: 1.714285714; font-size: 1rem;"> María Guadalupe Díaz Santos, </span> <span style="text-decoration: underline;"> Relaciones de Poder en la Gestión Comunitaria del Agua. El Territorio y lo Social como Fuerzas</span>, <span style="line-height: 1.714285714; font-size: 1rem;"> ISBN (Impreso): 978-85-7879-390-6. ISBN (E-book): 978-85-7879-389-0. Campina Grande, Paraíba, Brasil: </span><a style="line-height: 1.714285714; font-size: 1rem;" href=" http://eduepb.uepb.edu.br/e-books/"> Editora da Universidade Estadual da Paraíba (EDUEPB)</a><span style="line-height: 1.714285714; font-size: 1rem;"> y Red WATERLAT-GOBACIT, 2018. DOI: 10.5281/zenodo.3955038.</span>

<h3></h3>
<i><a href="https://zenodo.org/record/3955038#invenio-csl" class="desar" style="color:#9ad3f9;">Exportar Cita</a></i>
&nbsp;<h3></h3>
Este libro es un producto de la <a href="https://waterlat.org/es/premio-waterlat-para-estudiantes/premio-waterlat-gobacit-2015/">Edición 2015 del Premio de Estudiantes (Maestría)</a> de la Red WATERLAT-GOBACIT.
<h3></h3>
</br>

<a href="https://zenodo.org/record/3955038#.XZJU-S2ZNQI" class="dw_pdf-full" target="_blank" rel="noopener noreferrer"><i class="fa fa-file-pdf-o" aria-hidden="true" fa-3x></i> Descargar aqui </a>

María Guadalupe Díaz Santos, Relaciones de Poder en la Gestión Comunitaria del Agua. El Territorio y lo Social como Fuerzas, ISBN (Impreso): 978-85-7879-390-6. ISBN (E-book): 978-85-7879-389-0. Campina Grande, Paraíba, Brasil: Editora da Universidade Estadual da Paraíba (EDUEPB) y Red WATERLAT-GOBACIT, 2018. DOI: 10.5281/zenodo.3955038. Exportar Cita &nbsp; Este libro es un producto de la Edición 2015 [&hellip;]
