{"id":3631,"date":"2020-10-13T12:43:42","date_gmt":"2020-10-13T12:43:42","guid":{"rendered":"https:\/\/waterlat.org\/es\/?page_id=3631"},"modified":"2024-10-30T14:18:26","modified_gmt":"2024-10-30T14:18:26","slug":"concurso-2020","status":"publish","type":"page","link":"https:\/\/waterlat.org\/es\/concurso-de-cortometrajes\/concurso-2020\/","title":{"rendered":"Concurso de Cortometrajes 2020"},"content":{"rendered":"<style>\r\n    a.desar {\r\n        text-decoration: none;\r\n        display: inline-block;\r\n        margin-right: 20px;\r\n    }\r\n<\/style>\r\n\r\n<h2>Concurso por el Premio<\/h2>\r\n\r\n<h3>Ganador<\/h3>\r\n<iframe loading=\"lazy\" width=\"560\" height=\"315\" src=\"https:\/\/www.youtube.com\/embed\/pRKrybuQpLM\" frameborder=\"0\" allow=\"accelerometer; autoplay; encrypted-media; gyroscope; picture-in-picture\" allowfullscreen><\/iframe>\r\n<br>\r\n<span>Manuel Alejandro Cavallini Barahona, Miraflores, Lima, Per\u00fa<\/span>\r\n<i>DOI: 10.5281\/zenodo.4079136<\/i>\r\n<a class=\"desar\" href=\"https:\/\/zenodo.org\/record\/4079136#invenio-csl\"><p style=\"color:#9ad3f9;\">Exportar Cita<\/p><\/a>\r\n\r\n<br>\r\n\r\n<h3>Menci\u00f3n<\/h3>\r\n<iframe loading=\"lazy\" width=\"560\" height=\"315\" src=\"https:\/\/www.youtube.com\/embed\/fm0uY5Ho_o4\" frameborder=\"0\" allow=\"accelerometer; autoplay; encrypted-media; gyroscope; picture-in-picture\" allowfullscreen><\/iframe>\r\n<br>\r\n<span>Mariano Garc\u00eda, Colectivo Audiovisual \u201cRaymundo Gleyzer\u201d, Soledad Gallo, Juan Francisco Bezich, y Ferm\u00edn Abasolo, Teatro Revolucionario, Mar del Plata, Buenos Aires, Argentina<\/span>\r\n<i>DOI: 10.5281\/zenodo.4081926<\/i><br>\r\n<a class=\"desar\" href=\"https:\/\/zenodo.org\/record\/4081926#invenio-csl\"><p style=\"color:#9ad3f9;\">Exportar Cita<\/p><\/a>\r\n<br>\r\n\r\n<h3>Menci\u00f3n<\/h3>\r\n<iframe loading=\"lazy\" width=\"560\" height=\"315\" src=\"https:\/\/www.youtube.com\/embed\/eACq8nXTbaE\" frameborder=\"0\" allow=\"accelerometer; autoplay; encrypted-media; gyroscope; picture-in-picture\" allowfullscreen><\/iframe>\r\n<br>\r\n<span>Esteban Boj Garc\u00eda, Rodrigo Ayala Bluske, Jaime Paneque-G\u00e1lvez, Mariela S\u00e1nchez Martiarena, Kirit\u00e9 Rugani y Jon\u00e1s Michel, Morelia, Michoac\u00e1n, M\u00e9xico<\/span>\r\n<i>DOI: 10.5281\/zenodo.4081947<\/i><br>\r\n<a class=\"desar\" href=\"https:\/\/zenodo.org\/record\/4081947#invenio-csl\"><p style=\"color:#9ad3f9;\">Exportar Cita<\/p><\/a>\r\n\r\n<br>\r\n\r\n&nbsp;\r\n<h2>Concurso por menciones<\/h2>\r\n<span><i>Seg\u00fan el Apartado 8 (Presentaci\u00f3n de las <a href=\"https:\/\/waterlat.org\/es\/concurso-de-cortometrajes-3\/concurso-de-cortometrajes-2020-2\/concurso-2020-reglas\/\">Reglas del Concurso<\/a> este video solamente puede competir por menciones, debido a que fue producido antes del 30 de septiembre de 2019.<\/i><\/span>\r\n\r\n<h3>Menci\u00f3n Especial<\/h3>\r\n<iframe loading=\"lazy\" width=\"560\" height=\"315\" src=\"https:\/\/www.youtube.com\/embed\/opCLZ8pSbug\" frameborder=\"0\" allow=\"accelerometer; autoplay; encrypted-media; gyroscope; picture-in-picture\" allowfullscreen><\/iframe>\r\n<br>\r\n<span>Agust\u00edn Reano, Maria Ailin Peirone, Ulises Giambroni y Victoria Batiston, Villa Mar\u00eda, C\u00f3rdoba, Argentina<\/span>\r\n<i>DOI: 10.5072\/zenodo.412424<\/i>\r\n<a class=\"desar\" href=\"https:\/\/sandbox.zenodo.org\/record\/412424#invenio-csl\"><p style=\"color:#9ad3f9;\">Exportar Cita<\/p><\/a>\r\n\r\n<br>","protected":false},"excerpt":{"rendered":"Concurso por el Premio Ganador Manuel Alejandro Cavallini Barahona, Miraflores, Lima, Per\u00fa DOI: 10.5281\/zenodo.4079136 Exportar Cita Menci\u00f3n Mariano Garc\u00eda, Colectivo Audiovisual \u201cRaymundo Gleyzer\u201d, Soledad Gallo, Juan Francisco Bezich, y Ferm\u00edn Abasolo, Teatro Revolucionario, Mar del Plata, Buenos Aires, Argentina DOI: 10.5281\/zenodo.4081926 Exportar Cita Menci\u00f3n Esteban Boj Garc\u00eda, Rodrigo Ayala Bluske, Jaime Paneque-G\u00e1lvez, Mariela S\u00e1nchez Martiarena, [&hellip;]","protected":false},"author":3,"featured_media":0,"parent":2311,"menu_order":0,"comment_status":"closed","ping_status":"closed","template":"page-templates\/full-width.php","meta":{"_acf_changed":false,"footnotes":""},"class_list":["post-3631","page","type-page","status-publish","hentry","no-wpautop"],"acf":[],"_links":{"self":[{"href":"https:\/\/waterlat.org\/es\/wp-json\/wp\/v2\/pages\/3631","targetHints":{"allow":["GET"]}}],"collection":[{"href":"https:\/\/waterlat.org\/es\/wp-json\/wp\/v2\/pages"}],"about":[{"href":"https:\/\/waterlat.org\/es\/wp-json\/wp\/v2\/types\/page"}],"author":[{"embeddable":true,"href":"https:\/\/waterlat.org\/es\/wp-json\/wp\/v2\/users\/3"}],"replies":[{"embeddable":true,"href":"https:\/\/waterlat.org\/es\/wp-json\/wp\/v2\/comments?post=3631"}],"version-history":[{"count":12,"href":"https:\/\/waterlat.org\/es\/wp-json\/wp\/v2\/pages\/3631\/revisions"}],"predecessor-version":[{"id":3650,"href":"https:\/\/waterlat.org\/es\/wp-json\/wp\/v2\/pages\/3631\/revisions\/3650"}],"up":[{"embeddable":true,"href":"https:\/\/waterlat.org\/es\/wp-json\/wp\/v2\/pages\/2311"}],"wp:attachment":[{"href":"https:\/\/waterlat.org\/es\/wp-json\/wp\/v2\/media?parent=3631"}],"curies":[{"name":"wp","href":"https:\/\/api.w.org\/{rel}","templated":true}]}}

<style>
    a.desar {
        text-decoration: none;
        display: inline-block;
        margin-right: 20px;
    }
</style>

<h2>Concurso por el Premio</h2>

<h3>Ganador</h3>
<iframe loading="lazy" width="560" height="315" src="https://www.youtube.com/embed/pRKrybuQpLM" frameborder="0" allow="accelerometer; autoplay; encrypted-media; gyroscope; picture-in-picture" allowfullscreen></iframe>
<br>
<span>Manuel Alejandro Cavallini Barahona, Miraflores, Lima, Perú</span>
<i>DOI: 10.5281/zenodo.4079136</i>
<a class="desar" href="https://zenodo.org/record/4079136#invenio-csl"><p style="color:#9ad3f9;">Exportar Cita</p></a>

<br>

<h3>Mención</h3>
<iframe loading="lazy" width="560" height="315" src="https://www.youtube.com/embed/fm0uY5Ho_o4" frameborder="0" allow="accelerometer; autoplay; encrypted-media; gyroscope; picture-in-picture" allowfullscreen></iframe>
<br>
<span>Mariano García, Colectivo Audiovisual “Raymundo Gleyzer”, Soledad Gallo, Juan Francisco Bezich, y Fermín Abasolo, Teatro Revolucionario, Mar del Plata, Buenos Aires, Argentina</span>
<i>DOI: 10.5281/zenodo.4081926</i><br>
<a class="desar" href="https://zenodo.org/record/4081926#invenio-csl"><p style="color:#9ad3f9;">Exportar Cita</p></a>
<br>

<h3>Mención</h3>
<iframe loading="lazy" width="560" height="315" src="https://www.youtube.com/embed/eACq8nXTbaE" frameborder="0" allow="accelerometer; autoplay; encrypted-media; gyroscope; picture-in-picture" allowfullscreen></iframe>
<br>
<span>Esteban Boj García, Rodrigo Ayala Bluske, Jaime Paneque-Gálvez, Mariela Sánchez Martiarena, Kirité Rugani y Jonás Michel, Morelia, Michoacán, México</span>
<i>DOI: 10.5281/zenodo.4081947</i><br>
<a class="desar" href="https://zenodo.org/record/4081947#invenio-csl"><p style="color:#9ad3f9;">Exportar Cita</p></a>

<br>

&nbsp;
<h2>Concurso por menciones</h2>
<span><i>Según el Apartado 8 (Presentación de las <a href="https://waterlat.org/es/concurso-de-cortometrajes-3/concurso-de-cortometrajes-2020-2/concurso-2020-reglas/">Reglas del Concurso</a> este video solamente puede competir por menciones, debido a que fue producido antes del 30 de septiembre de 2019.</i></span>

<h3>Mención Especial</h3>
<iframe loading="lazy" width="560" height="315" src="https://www.youtube.com/embed/opCLZ8pSbug" frameborder="0" allow="accelerometer; autoplay; encrypted-media; gyroscope; picture-in-picture" allowfullscreen></iframe>
<br>
<span>Agustín Reano, Maria Ailin Peirone, Ulises Giambroni y Victoria Batiston, Villa María, Córdoba, Argentina</span>
<i>DOI: 10.5072/zenodo.412424</i>
<a class="desar" href="https://sandbox.zenodo.org/record/412424#invenio-csl"><p style="color:#9ad3f9;">Exportar Cita</p></a>

<br>

Concurso por el Premio Ganador Manuel Alejandro Cavallini Barahona, Miraflores, Lima, Perú DOI: 10.5281/zenodo.4079136 Exportar Cita Mención Mariano García, Colectivo Audiovisual “Raymundo Gleyzer”, Soledad Gallo, Juan Francisco Bezich, y Fermín Abasolo, Teatro Revolucionario, Mar del Plata, Buenos Aires, Argentina DOI: 10.5281/zenodo.4081926 Exportar Cita Mención Esteban Boj García, Rodrigo Ayala Bluske, Jaime Paneque-Gálvez, Mariela Sánchez Martiarena, [&hellip;]
