{"id":3723,"date":"2020-12-31T20:53:51","date_gmt":"2020-12-31T20:53:51","guid":{"rendered":"https:\/\/waterlat.org\/es\/?page_id=3723"},"modified":"2021-01-06T19:44:59","modified_gmt":"2021-01-06T19:44:59","slug":"gestion-comunitaria","status":"publish","type":"page","link":"https:\/\/waterlat.org\/es\/publicaciones\/libros\/gestion-comunitaria\/","title":{"rendered":"La Gesti\u00f3n Comunitaria del Agua. Un estudio a trav\u00e9s de las memorias, la organizaci\u00f3n social y los valores"},"content":{"rendered":"<style>\r\n.dw_pdf-full {<br \/>\r\n    background-color: rgba(251, 116, 116, 0);<br \/>\r\n    padding: 8px 20px;<br \/>\r\n    color: #b52335;<br \/>\r\n    text-decoration: none;<br \/>\r\n    border: 2px #b52335 solid;<br \/>\r\n    transition: 0.2s all;<br \/>\r\n    border-radius: 4px;<br \/>\r\n    font-weight: 600;<br \/>\r\nmargin:0px 5px;}<br \/>\r\n.dw_pdf-full:hover{background-color: #b52335; color:white;}<br \/>\r\n.dw_pdf-full i {font-size:25px; vertical-align: bottom; margin-right: 3px;}<br \/>\r\n<\/style>\r\n\r\n<a href=\"https:\/\/waterlat.org\/wp-content\/uploads\/2020\/12\/CoverBarranco-scaled.jpg\"><img loading=\"lazy\" decoding=\"async\" class=\"alignnone size-medium wp-image-2744\" src=\"https:\/\/waterlat.org\/wp-content\/uploads\/2020\/12\/CoverBarranco-scaled.jpg\" alt=\"\" width=\"207\" height=\"300\" \/><\/a><h3><\/h3>\r\n\r\nEste libro es un producto de la <a href=\"https:\/\/waterlat.org\/es\/premio-waterlat-para-estudiantes\/premio-2018\/\"> Edici\u00f3n 2018 del Premio de Estudiantes (Maestr\u00eda)<\/a> de la Red WATERLAT-GOBACIT.\r\n\r\nAlma Rosa Barranco Salazar, <u> La Gesti\u00f3n Comunitaria del Agua. Un estudio a trav\u00e9s de las memorias, la organizaci\u00f3n social y los valores <\/u>. ISBN: 978-987-86-8052-1 (E-book). DOI: 10.5281\/zenodo.4408295.\r\n\r\nCo-publicado en Newcastle upon Tyne, Reino Unido, Campina Grande, Para\u00edba, Brasil, Buenos Aires, Argentina y Alcal\u00e1 de Henares, Espa\u00f1a, por la Red WATERLAT-GOBACIT, <a href=\"http:\/\/eduepb.uepb.edu.br\/\"> Editora da Universidade Estadual da Para\u00edba (EDUEPB) <\/a>, <a href=\"http:\/\/www.ciccus.org.ar\/\"> Ediciones CICCUS <\/a> e <a href=\"https:\/\/ielat.com\">Instituto Universitario de Investigaci\u00f3n en Estudios Latinoamericanos (IELAT), Universidad de Alcal\u00e1<\/a>, 2020.\r\n\r\n<i><a class=\"desar\" style=\"color: #9ad3f9;\" href=\"https:\/\/zenodo.org\/record\/4408295#invenio-csl\">Exportar Cita<\/a><\/i>\r\n<h3>Descargar<\/h3>\r\n<a class=\"dw_pdf-full\" href=\"https:\/\/zenodo.org\/record\/4408295#.XiXTby3MxQI\" target=\"_blank\" rel=\"noopener noreferrer\"><i class=\"fa fa-file-pdf-o\" aria-hidden=\"true\"><\/i> PDF <\/a>\r\n","protected":false},"excerpt":{"rendered":"Este libro es un producto de la Edici\u00f3n 2018 del Premio de Estudiantes (Maestr\u00eda) de la Red WATERLAT-GOBACIT. Alma Rosa Barranco Salazar, La Gesti\u00f3n Comunitaria del Agua. Un estudio a trav\u00e9s de las memorias, la organizaci\u00f3n social y los valores . ISBN: 978-987-86-8052-1 (E-book). DOI: 10.5281\/zenodo.4408295. Co-publicado en Newcastle upon Tyne, Reino Unido, Campina Grande, [&hellip;]","protected":false},"author":3,"featured_media":0,"parent":22,"menu_order":0,"comment_status":"closed","ping_status":"closed","template":"page-templates\/full-width.php","meta":{"_acf_changed":false,"footnotes":""},"class_list":["post-3723","page","type-page","status-publish","hentry","no-wpautop"],"acf":[],"_links":{"self":[{"href":"https:\/\/waterlat.org\/es\/wp-json\/wp\/v2\/pages\/3723","targetHints":{"allow":["GET"]}}],"collection":[{"href":"https:\/\/waterlat.org\/es\/wp-json\/wp\/v2\/pages"}],"about":[{"href":"https:\/\/waterlat.org\/es\/wp-json\/wp\/v2\/types\/page"}],"author":[{"embeddable":true,"href":"https:\/\/waterlat.org\/es\/wp-json\/wp\/v2\/users\/3"}],"replies":[{"embeddable":true,"href":"https:\/\/waterlat.org\/es\/wp-json\/wp\/v2\/comments?post=3723"}],"version-history":[{"count":3,"href":"https:\/\/waterlat.org\/es\/wp-json\/wp\/v2\/pages\/3723\/revisions"}],"predecessor-version":[{"id":3727,"href":"https:\/\/waterlat.org\/es\/wp-json\/wp\/v2\/pages\/3723\/revisions\/3727"}],"up":[{"embeddable":true,"href":"https:\/\/waterlat.org\/es\/wp-json\/wp\/v2\/pages\/22"}],"wp:attachment":[{"href":"https:\/\/waterlat.org\/es\/wp-json\/wp\/v2\/media?parent=3723"}],"curies":[{"name":"wp","href":"https:\/\/api.w.org\/{rel}","templated":true}]}}

La Gestión Comunitaria del Agua. Un estudio a través de las memorias, la organización social y los valores

<style>
.dw_pdf-full {<br />
    background-color: rgba(251, 116, 116, 0);<br />
    padding: 8px 20px;<br />
    color: #b52335;<br />
    text-decoration: none;<br />
    border: 2px #b52335 solid;<br />
    transition: 0.2s all;<br />
    border-radius: 4px;<br />
    font-weight: 600;<br />
margin:0px 5px;}<br />
.dw_pdf-full:hover{background-color: #b52335; color:white;}<br />
.dw_pdf-full i {font-size:25px; vertical-align: bottom; margin-right: 3px;}<br />
</style>

<a href="https://waterlat.org/wp-content/uploads/2020/12/CoverBarranco-scaled.jpg"><img loading="lazy" decoding="async" class="alignnone size-medium wp-image-2744" src="https://waterlat.org/wp-content/uploads/2020/12/CoverBarranco-scaled.jpg" alt="" width="207" height="300" /></a><h3></h3>

Este libro es un producto de la <a href="https://waterlat.org/es/premio-waterlat-para-estudiantes/premio-2018/"> Edición 2018 del Premio de Estudiantes (Maestría)</a> de la Red WATERLAT-GOBACIT.

Alma Rosa Barranco Salazar, <u> La Gestión Comunitaria del Agua. Un estudio a través de las memorias, la organización social y los valores </u>. ISBN: 978-987-86-8052-1 (E-book). DOI: 10.5281/zenodo.4408295.

Co-publicado en Newcastle upon Tyne, Reino Unido, Campina Grande, Paraíba, Brasil, Buenos Aires, Argentina y Alcalá de Henares, España, por la Red WATERLAT-GOBACIT, <a href="http://eduepb.uepb.edu.br/"> Editora da Universidade Estadual da Paraíba (EDUEPB) </a>, <a href="http://www.ciccus.org.ar/"> Ediciones CICCUS </a> e <a href="https://ielat.com">Instituto Universitario de Investigación en Estudios Latinoamericanos (IELAT), Universidad de Alcalá</a>, 2020.

<i><a class="desar" style="color: #9ad3f9;" href="https://zenodo.org/record/4408295#invenio-csl">Exportar Cita</a></i>
<h3>Descargar</h3>
<a class="dw_pdf-full" href="https://zenodo.org/record/4408295#.XiXTby3MxQI" target="_blank" rel="noopener noreferrer"><i class="fa fa-file-pdf-o" aria-hidden="true"></i> PDF </a>

Este libro es un producto de la Edición 2018 del Premio de Estudiantes (Maestría) de la Red WATERLAT-GOBACIT. Alma Rosa Barranco Salazar, La Gestión Comunitaria del Agua. Un estudio a través de las memorias, la organización social y los valores . ISBN: 978-987-86-8052-1 (E-book). DOI: 10.5281/zenodo.4408295. Co-publicado en Newcastle upon Tyne, Reino Unido, Campina Grande, [&hellip;]
