{"id":3986,"date":"2023-03-22T19:18:25","date_gmt":"2023-03-22T19:18:25","guid":{"rendered":"https:\/\/waterlat.org\/es\/?page_id=3986"},"modified":"2023-03-22T19:34:33","modified_gmt":"2023-03-22T19:34:33","slug":"el-derecho-al-agua-como-politica-publica-en-america-latina-una-exploracion-teorica-y-empirica","status":"publish","type":"page","link":"https:\/\/waterlat.org\/es\/publicaciones\/libros\/el-derecho-al-agua-como-politica-publica-en-america-latina-una-exploracion-teorica-y-empirica\/","title":{"rendered":"El Derecho al Agua como Pol\u00edtica P\u00fablica en Am\u00e9rica Latina.Una exploraci\u00f3n te\u00f3rica y emp\u00edrica"},"content":{"rendered":"<p><a href=\"https:\/\/waterlat.org\/wp-content\/uploads\/2023\/03\/Cover-El-Derecho-al-Agua_BOOK.jpg\"><img loading=\"lazy\" decoding=\"async\" class=\"alignnone size-medium wp-image-1938\" src=\"https:\/\/waterlat.org\/wp-content\/uploads\/2023\/03\/Cover-El-Derecho-al-Agua_BOOK.jpg\" width=\"300\" height=\"138\" \/><\/a><\/p>\n<p>Jos\u00e9 Esteban Castro, L\u00e9o Heller, Maria da Piedade Morais, y Alex R. Caldera Ortega (Eds.), <span style=\"text-decoration: underline;\">El Derecho al Agua como Pol\u00edtica P\u00fablica en Am\u00e9rica Latina.Una exploraci\u00f3n te\u00f3rica y emp\u00edrica<\/span>, Brasilia: Instituto de Investigaci\u00f3n Econ\u00f3mica Aplicada  (IPEA) -Red WATERLAT-GOBACIT y  Universidad  de  Guanajuato, Campus Le\u00f3n, Guanajuato, M\u00e9xico, 2023. ISBN: 978-65-5635-048-6 DOI:http:\/\/dx.doi.org\/10.38116\/978-65-5635-048-6. <a href=\"https:\/\/repositorio.ipea.gov.br\/bitstream\/11058\/11826\/1\/El_Derecho_al_Agua.pdf\">Disponible aqu\u00ed en formato pdf<\/a>.<\/p>\n<p style=\"font-weight: 400;\">\u00a0El libro es una versi\u00f3n extendida, en espa\u00f1ol,<a href=\"https:\/\/waterlat.org\/publications\/books\/the-right-to-water-in-portuguese\/\">del original publicado en portugu\u00e9s en 2015.<\/p>\n<p>El libro consta de 15 cap\u00edtulos, incluyendo experiencias de Argentina, Brasil, El Salvador, Nicaragua, Paraguay, Per\u00fa, Uruguay y Venezuela.<\/p>\n","protected":false},"excerpt":{"rendered":"<p>Jos\u00e9 Esteban Castro, L\u00e9o Heller, Maria da Piedade Morais, y Alex R. Caldera Ortega (Eds.), El Derecho al Agua como Pol\u00edtica P\u00fablica en Am\u00e9rica Latina.Una exploraci\u00f3n te\u00f3rica y emp\u00edrica, Brasilia: Instituto de Investigaci\u00f3n Econ\u00f3mica Aplicada (IPEA) -Red WATERLAT-GOBACIT y Universidad de Guanajuato, Campus Le\u00f3n, Guanajuato, M\u00e9xico, 2023. ISBN: 978-65-5635-048-6 DOI:http:\/\/dx.doi.org\/10.38116\/978-65-5635-048-6. Disponible aqu\u00ed en formato pdf. [&hellip;]<\/p>\n","protected":false},"author":3,"featured_media":0,"parent":22,"menu_order":0,"comment_status":"closed","ping_status":"closed","template":"page-templates\/full-width.php","meta":{"_acf_changed":false,"footnotes":""},"class_list":["post-3986","page","type-page","status-publish","hentry","wpautop"],"acf":[],"_links":{"self":[{"href":"https:\/\/waterlat.org\/es\/wp-json\/wp\/v2\/pages\/3986","targetHints":{"allow":["GET"]}}],"collection":[{"href":"https:\/\/waterlat.org\/es\/wp-json\/wp\/v2\/pages"}],"about":[{"href":"https:\/\/waterlat.org\/es\/wp-json\/wp\/v2\/types\/page"}],"author":[{"embeddable":true,"href":"https:\/\/waterlat.org\/es\/wp-json\/wp\/v2\/users\/3"}],"replies":[{"embeddable":true,"href":"https:\/\/waterlat.org\/es\/wp-json\/wp\/v2\/comments?post=3986"}],"version-history":[{"count":1,"href":"https:\/\/waterlat.org\/es\/wp-json\/wp\/v2\/pages\/3986\/revisions"}],"predecessor-version":[{"id":3987,"href":"https:\/\/waterlat.org\/es\/wp-json\/wp\/v2\/pages\/3986\/revisions\/3987"}],"up":[{"embeddable":true,"href":"https:\/\/waterlat.org\/es\/wp-json\/wp\/v2\/pages\/22"}],"wp:attachment":[{"href":"https:\/\/waterlat.org\/es\/wp-json\/wp\/v2\/media?parent=3986"}],"curies":[{"name":"wp","href":"https:\/\/api.w.org\/{rel}","templated":true}]}}

El Derecho al Agua como Política Pública en América Latina.Una exploración teórica y empírica

<p><a href="https://waterlat.org/wp-content/uploads/2023/03/Cover-El-Derecho-al-Agua_BOOK.jpg"><img loading="lazy" decoding="async" class="alignnone size-medium wp-image-1938" src="https://waterlat.org/wp-content/uploads/2023/03/Cover-El-Derecho-al-Agua_BOOK.jpg" width="300" height="138" /></a></p>
<p>José Esteban Castro, Léo Heller, Maria da Piedade Morais, y Alex R. Caldera Ortega (Eds.), <span style="text-decoration: underline;">El Derecho al Agua como Política Pública en América Latina.Una exploración teórica y empírica</span>, Brasilia: Instituto de Investigación Económica Aplicada  (IPEA) -Red WATERLAT-GOBACIT y  Universidad  de  Guanajuato, Campus León, Guanajuato, México, 2023. ISBN: 978-65-5635-048-6 DOI:http://dx.doi.org/10.38116/978-65-5635-048-6. <a href="https://repositorio.ipea.gov.br/bitstream/11058/11826/1/El_Derecho_al_Agua.pdf">Disponible aquí en formato pdf</a>.</p>
<p style="font-weight: 400;"> El libro es una versión extendida, en español,<a href="https://waterlat.org/publications/books/the-right-to-water-in-portuguese/">del original publicado en portugués en 2015.</p>
<p>El libro consta de 15 capítulos, incluyendo experiencias de Argentina, Brasil, El Salvador, Nicaragua, Paraguay, Perú, Uruguay y Venezuela.</p>

<p>José Esteban Castro, Léo Heller, Maria da Piedade Morais, y Alex R. Caldera Ortega (Eds.), El Derecho al Agua como Política Pública en América Latina.Una exploración teórica y empírica, Brasilia: Instituto de Investigación Económica Aplicada (IPEA) -Red WATERLAT-GOBACIT y Universidad de Guanajuato, Campus León, Guanajuato, México, 2023. ISBN: 978-65-5635-048-6 DOI:http://dx.doi.org/10.38116/978-65-5635-048-6. Disponible aquí en formato pdf. [&hellip;]</p>
