{"id":4059,"date":"2023-05-20T01:19:43","date_gmt":"2023-05-20T01:19:43","guid":{"rendered":"https:\/\/waterlat.org\/es\/?page_id=4059"},"modified":"2023-05-20T20:20:27","modified_gmt":"2023-05-20T20:20:27","slug":"cuadernos-prinwassat3","status":"publish","type":"page","link":"https:\/\/waterlat.org\/es\/areas-tematicas\/at3\/cuadernos-prinwassat3\/","title":{"rendered":"Serie de Cuadernos de Trabajo del Proyecto PRINWASS del AT3"},"content":{"rendered":"<h2><\/h2>\r\n<a href=\"https:\/\/waterlat.org\/wp-content\/uploads\/2023\/05\/WPSPRW13.jpg\"><img loading=\"lazy\" decoding=\"async\" class=\"alignnone size-medium wp-image-2717\" src=\"https:\/\/waterlat.org\/wp-content\/uploads\/2023\/05\/WPSPRW13.jpg\" alt=\"Tapa WPSATAM22\" width=\"212\" height=\"300\" \/><\/a>.\r\n<h2><\/h2>\r\n<b>Un examen de las pol\u00edticas de  privatizaci\u00f3n de los servicios de agua y saneamiento en Am\u00e9rica Latina. La experiencia de Argentina<\/b>. Editado por J.E. Castro, con art\u00edculos  de D. Azpiazu, K.Forcinito, J. C. Mar\u00edn, G. Forte, A. C. Catenazzi, N. da Representacao, E. A. Crenzel, J. P. Roze, y M. Ceballos Acasuso. \r\nVol. 1 No 3, diciembre de 2014. <a href=\"https:\/\/waterlat.org\/WPapers\/WPSPIPRWNo3.pdf\">Baje el n\u00famero aqu\u00ed<\/a>.\r\n<h2><\/h2>\r\n<a href=\"https:\/\/waterlat.org\/wp-content\/uploads\/2023\/05\/WPSPRW14.jpg\"><img loading=\"lazy\" decoding=\"async\" class=\"alignnone size-medium wp-image-2717\" src=\"https:\/\/waterlat.org\/wp-content\/uploads\/2023\/05\/WPSPRW14.jpg\" alt=\"Tapa WPSATAM22\" width=\"212\" height=\"300\" \/><\/a>.\r\n<h2><\/h2>\r\n<b>Un  examen de las pol\u00edticas de  privatizaci\u00f3n de los servicios de agua y saneamiento en Am\u00e9rica Latina. La experiencia de Brasil<\/b>. Editado por  J.E. Castro, Organizador M. Coutinho Vargas. \r\nVol. 1 No 4, diciembre 2014. <a href=\"https:\/\/waterlat.org\/WPapers\/WPSPIPRWNo4.pdf\">Baje el n\u00famero aqu\u00ed<\/a>.\r\n<h2><\/h2>\r\n<a href=\"https:\/\/waterlat.org\/wp-content\/uploads\/2023\/05\/WPSPRW32.jpg\"><img loading=\"lazy\" decoding=\"async\" class=\"alignnone size-medium wp-image-2717\" src=\"https:\/\/waterlat.org\/wp-content\/uploads\/2023\/05\/WPSPRW32.jpg\" alt=\"Tapa WPSATAM22\" width=\"212\" height=\"300\" \/><\/a>.\r\n<h2><\/h2>\r\n<b>Un examen de las pol\u00edticas de  privatizaci\u00f3n de los servicios de agua y saneamiento en Am\u00e9rica Latina. La experiencia de Aguascalientes, M\u00e9xico<\/b>. Editado por J.E. Castro, Organizado por M.L. Torregrosa. con contribuciones de  F. Saavedra, E. Padilla, A. Quinones, K. Kloster, G. Cosio, y C. Lenin. \r\nVol. 3 No 2, junio de 2016. <a href=\"https:\/\/waterlat.org\/WPapers\/WPSPIPRW32.pdf\">Baje el n\u00famero aqu\u00ed<\/a>.\r\n<h2><\/h2>\r\n<a href=\"https:\/\/waterlat.org\/wp-content\/uploads\/2023\/05\/Tapa-prueba-33.jpg\"><img loading=\"lazy\" decoding=\"async\" class=\"alignnone size-medium wp-image-2717\" src=\"https:\/\/waterlat.org\/wp-content\/uploads\/2023\/05\/Tapa-prueba-33.jpg\" alt=\"Tapa WPSATAM22\" width=\"212\" height=\"300\" \/><\/a>.\r\n<h2><\/h2>\r\n<b>Un examen de las pol\u00edticas de  privatizaci\u00f3n de los servicios de agua y saneamiento en Am\u00e9rica Latina (1990-2004).S\u00edntesis. <\/b>. J.E. Castro.\r\nVol. 3 No 3, junio de 2016. <a href=\"https:\/\/waterlat.org\/WPapers\/WPSPIPRW33.pdf\">Baje el n\u00famero aqu\u00ed<\/a>.\r\n<h2><\/h2>\r\n<a href=\"https:\/\/waterlat.org\/wp-content\/uploads\/2023\/05\/WPSPRW38.jpg\"><img loading=\"lazy\" decoding=\"async\" class=\"alignnone size-medium wp-image-2717\" src=\"https:\/\/waterlat.org\/wp-content\/uploads\/2023\/05\/WPSPRW38.jpg\" alt=\"Tapa WPSATAM22\" width=\"212\" height=\"300\" \/><\/a>.\r\n<h2><\/h2>\r\n<b>Un examen de las pol\u00edticas de  privatizaci\u00f3n de los servicios de agua y saneamiento en Am\u00e9rica Latina (1990-2004). An\u00e1lisis Comparativos.<\/b>. Editado por J.E. Castro con  contribuciones de  T. Katko. G. Kallis, O. Seppala, J.C. Marin, D. Azpiazu, M. Schorr, E.A. Crenzel, G. Forte,  M. Coutinho Vargas, y M.L. Torregrosa.\r\nVol. 3 No 8, diciembre de 2016. <a href=\"https:\/\/waterlat.org\/WPapers\/WPSPIPRW38.pdf\">Baje el n\u00famero aqu\u00ed<\/a>.\r\n<h2><\/h2>\r\n<a href=\"https:\/\/waterlat.org\/wp-content\/uploads\/2017\/08\/CoverVol4N1.jpg\"><img loading=\"lazy\" decoding=\"async\" class=\"alignnone size-medium wp-image-2717\" src=\"https:\/\/waterlat.org\/wp-content\/uploads\/2017\/08\/CoverVol4N1.jpg\" alt=\"Tapa WPSATAM22\" width=\"212\" height=\"300\" \/><\/a>.\r\n<h2><\/h2>\r\n<b>Un examen de las pol\u00edticas de privatizaci\u00f3n de los servicios de agua y saneamiento en \u00c1frica, Europa y Am\u00e9rica Latina (1990-2004) \u2013 Casos de Finlandia y Grecia<\/b>. Editado  por J.E. Castro con  art\u00edculos de  T. Katko, O. Seppala, P. Pietila, G. Kallis y H. Coccossis.\r\nVol. 4 No 1, marzo de 2017. <a href=\"https:\/\/waterlat.org\/working-papers-series\/vol4\/vol4no1\/\">Baje el n\u00famero aqu\u00ed<\/a>.\r\n<h2><\/h2>\r\n\r\n<a href=\"https:\/\/waterlat.org\/wp-content\/uploads\/2019\/03\/Cover-Vol5No2.jpg\"><img loading=\"lazy\" decoding=\"async\" class=\"alignnone size-medium wp-image-2717\" src=\"https:\/\/waterlat.org\/wp-content\/uploads\/2019\/03\/Cover-Vol5No2.jpg\" alt=\"Tapa WPSATAM22\" width=\"212\" height=\"300\" \/><\/a>.\r\n<h2><\/h2>\r\n<b>Un examen de las pol\u00edticas de privatizaci\u00f3n de los servicios de agua y saneamiento en \u00c1frica, Europa y Am\u00e9rica Latina (1990-2004). Casos de Kenia y Tanzania<\/b>. Editado por  J.E. Castro con art\u00edculos de  E. Nyangeri Nyanchaga y D.A. Mashauri.\r\nVol. 5 No 2, junio de  2018. <a href=\"https:\/\/waterlat.org\/working-papers-series\/vol5\/vol-5-no-2\/\">Baje el n\u00famero aqu\u00ed<\/a>.\r\n<h2><\/h2>\r\n\r\n<a href=\"https:\/\/waterlat.org\/es\/at3\/\">Volver a la Presentaci\u00f3n del AT3<\/a>","protected":false},"excerpt":{"rendered":". Un examen de las pol\u00edticas de privatizaci\u00f3n de los servicios de agua y saneamiento en Am\u00e9rica Latina. La experiencia de Argentina. Editado por J.E. Castro, con art\u00edculos de D. Azpiazu, K.Forcinito, J. C. Mar\u00edn, G. Forte, A. C. Catenazzi, N. da Representacao, E. A. Crenzel, J. P. Roze, y M. Ceballos Acasuso. Vol. 1 [&hellip;]","protected":false},"author":3,"featured_media":0,"parent":1568,"menu_order":0,"comment_status":"closed","ping_status":"closed","template":"page-templates\/full-width.php","meta":{"_acf_changed":false,"footnotes":""},"class_list":["post-4059","page","type-page","status-publish","hentry","no-wpautop"],"acf":[],"_links":{"self":[{"href":"https:\/\/waterlat.org\/es\/wp-json\/wp\/v2\/pages\/4059","targetHints":{"allow":["GET"]}}],"collection":[{"href":"https:\/\/waterlat.org\/es\/wp-json\/wp\/v2\/pages"}],"about":[{"href":"https:\/\/waterlat.org\/es\/wp-json\/wp\/v2\/types\/page"}],"author":[{"embeddable":true,"href":"https:\/\/waterlat.org\/es\/wp-json\/wp\/v2\/users\/3"}],"replies":[{"embeddable":true,"href":"https:\/\/waterlat.org\/es\/wp-json\/wp\/v2\/comments?post=4059"}],"version-history":[{"count":5,"href":"https:\/\/waterlat.org\/es\/wp-json\/wp\/v2\/pages\/4059\/revisions"}],"predecessor-version":[{"id":4124,"href":"https:\/\/waterlat.org\/es\/wp-json\/wp\/v2\/pages\/4059\/revisions\/4124"}],"up":[{"embeddable":true,"href":"https:\/\/waterlat.org\/es\/wp-json\/wp\/v2\/pages\/1568"}],"wp:attachment":[{"href":"https:\/\/waterlat.org\/es\/wp-json\/wp\/v2\/media?parent=4059"}],"curies":[{"name":"wp","href":"https:\/\/api.w.org\/{rel}","templated":true}]}}

<h2></h2>
<a href="https://waterlat.org/wp-content/uploads/2023/05/WPSPRW13.jpg"><img loading="lazy" decoding="async" class="alignnone size-medium wp-image-2717" src="https://waterlat.org/wp-content/uploads/2023/05/WPSPRW13.jpg" alt="Tapa WPSATAM22" width="212" height="300" /></a>.
<h2></h2>
<b>Un examen de las políticas de  privatización de los servicios de agua y saneamiento en América Latina. La experiencia de Argentina</b>. Editado por J.E. Castro, con artículos  de D. Azpiazu, K.Forcinito, J. C. Marín, G. Forte, A. C. Catenazzi, N. da Representacao, E. A. Crenzel, J. P. Roze, y M. Ceballos Acasuso. 
Vol. 1 No 3, diciembre de 2014. <a href="https://waterlat.org/WPapers/WPSPIPRWNo3.pdf">Baje el número aquí</a>.
<h2></h2>
<a href="https://waterlat.org/wp-content/uploads/2023/05/WPSPRW14.jpg"><img loading="lazy" decoding="async" class="alignnone size-medium wp-image-2717" src="https://waterlat.org/wp-content/uploads/2023/05/WPSPRW14.jpg" alt="Tapa WPSATAM22" width="212" height="300" /></a>.
<h2></h2>
<b>Un  examen de las políticas de  privatización de los servicios de agua y saneamiento en América Latina. La experiencia de Brasil</b>. Editado por  J.E. Castro, Organizador M. Coutinho Vargas. 
Vol. 1 No 4, diciembre 2014. <a href="https://waterlat.org/WPapers/WPSPIPRWNo4.pdf">Baje el número aquí</a>.
<h2></h2>
<a href="https://waterlat.org/wp-content/uploads/2023/05/WPSPRW32.jpg"><img loading="lazy" decoding="async" class="alignnone size-medium wp-image-2717" src="https://waterlat.org/wp-content/uploads/2023/05/WPSPRW32.jpg" alt="Tapa WPSATAM22" width="212" height="300" /></a>.
<h2></h2>
<b>Un examen de las políticas de  privatización de los servicios de agua y saneamiento en América Latina. La experiencia de Aguascalientes, México</b>. Editado por J.E. Castro, Organizado por M.L. Torregrosa. con contribuciones de  F. Saavedra, E. Padilla, A. Quinones, K. Kloster, G. Cosio, y C. Lenin. 
Vol. 3 No 2, junio de 2016. <a href="https://waterlat.org/WPapers/WPSPIPRW32.pdf">Baje el número aquí</a>.
<h2></h2>
<a href="https://waterlat.org/wp-content/uploads/2023/05/Tapa-prueba-33.jpg"><img loading="lazy" decoding="async" class="alignnone size-medium wp-image-2717" src="https://waterlat.org/wp-content/uploads/2023/05/Tapa-prueba-33.jpg" alt="Tapa WPSATAM22" width="212" height="300" /></a>.
<h2></h2>
<b>Un examen de las políticas de  privatización de los servicios de agua y saneamiento en América Latina (1990-2004).Síntesis. </b>. J.E. Castro.
Vol. 3 No 3, junio de 2016. <a href="https://waterlat.org/WPapers/WPSPIPRW33.pdf">Baje el número aquí</a>.
<h2></h2>
<a href="https://waterlat.org/wp-content/uploads/2023/05/WPSPRW38.jpg"><img loading="lazy" decoding="async" class="alignnone size-medium wp-image-2717" src="https://waterlat.org/wp-content/uploads/2023/05/WPSPRW38.jpg" alt="Tapa WPSATAM22" width="212" height="300" /></a>.
<h2></h2>
<b>Un examen de las políticas de  privatización de los servicios de agua y saneamiento en América Latina (1990-2004). Análisis Comparativos.</b>. Editado por J.E. Castro con  contribuciones de  T. Katko. G. Kallis, O. Seppala, J.C. Marin, D. Azpiazu, M. Schorr, E.A. Crenzel, G. Forte,  M. Coutinho Vargas, y M.L. Torregrosa.
Vol. 3 No 8, diciembre de 2016. <a href="https://waterlat.org/WPapers/WPSPIPRW38.pdf">Baje el número aquí</a>.
<h2></h2>
<a href="https://waterlat.org/wp-content/uploads/2017/08/CoverVol4N1.jpg"><img loading="lazy" decoding="async" class="alignnone size-medium wp-image-2717" src="https://waterlat.org/wp-content/uploads/2017/08/CoverVol4N1.jpg" alt="Tapa WPSATAM22" width="212" height="300" /></a>.
<h2></h2>
<b>Un examen de las políticas de privatización de los servicios de agua y saneamiento en África, Europa y América Latina (1990-2004) – Casos de Finlandia y Grecia</b>. Editado  por J.E. Castro con  artículos de  T. Katko, O. Seppala, P. Pietila, G. Kallis y H. Coccossis.
Vol. 4 No 1, marzo de 2017. <a href="https://waterlat.org/working-papers-series/vol4/vol4no1/">Baje el número aquí</a>.
<h2></h2>

<a href="https://waterlat.org/wp-content/uploads/2019/03/Cover-Vol5No2.jpg"><img loading="lazy" decoding="async" class="alignnone size-medium wp-image-2717" src="https://waterlat.org/wp-content/uploads/2019/03/Cover-Vol5No2.jpg" alt="Tapa WPSATAM22" width="212" height="300" /></a>.
<h2></h2>
<b>Un examen de las políticas de privatización de los servicios de agua y saneamiento en África, Europa y América Latina (1990-2004). Casos de Kenia y Tanzania</b>. Editado por  J.E. Castro con artículos de  E. Nyangeri Nyanchaga y D.A. Mashauri.
Vol. 5 No 2, junio de  2018. <a href="https://waterlat.org/working-papers-series/vol5/vol-5-no-2/">Baje el número aquí</a>.
<h2></h2>

<a href="https://waterlat.org/es/at3/">Volver a la Presentación del AT3</a>

. Un examen de las políticas de privatización de los servicios de agua y saneamiento en América Latina. La experiencia de Argentina. Editado por J.E. Castro, con artículos de D. Azpiazu, K.Forcinito, J. C. Marín, G. Forte, A. C. Catenazzi, N. da Representacao, E. A. Crenzel, J. P. Roze, y M. Ceballos Acasuso. Vol. 1 [&hellip;]
