{"id":4361,"date":"2025-03-16T16:22:15","date_gmt":"2025-03-16T16:22:15","guid":{"rendered":"https:\/\/waterlat.org\/es\/?page_id=4361"},"modified":"2025-04-26T13:16:15","modified_gmt":"2025-04-26T13:16:15","slug":"sesion-de-apertura-seminario-2025","status":"publish","type":"page","link":"https:\/\/waterlat.org\/es\/docencia\/seminario-2025\/sesion-de-apertura-seminario-2025\/","title":{"rendered":"Sesi\u00f3n de Apertura Seminario 2025"},"content":{"rendered":"<h2>Sesi\u00f3n de Apertura 6 de marzo de 2025<\/h2>\n<h3>Presentaci\u00f3n del Seminario 2025<\/h3>\n<h3>Presentaciones de Estudiantes<\/h3>\n<p>\u201cDin\u00e1micas de Poder y Resistencias Sociales en la Gobernanza Territorial: Los casos de la Dana en Valencia, Espa\u00f1a y de la Central Hidroel\u00e9ctrica El Ed\u00e9n en Caldas, Colombia\u201d.<\/p>\n<p>Alejandra Mar\u00eda Osorio (Colombia)<br \/>\nDoctorado en Desarrollo Local y Cooperaci\u00f3n Internacional, Universidad de Valencia, Espa\u00f1a.<\/p>\n<p>\u201cCiudad e infraestructura. El rol del saneamiento en la modernizaci\u00f3n de Buenos Aires (1871-1923)\u201d.<br \/>\nLuis Osvaldo Babbo (Argentina)<br \/>\nDoctorado en Estudios Urbanos. Universidad Nacional de General Sarmiento. Argentina, Buenos Aires.<\/p>\n<p>\u201cEvaluaci\u00f3n de la viabilidad de la ciudad de Le\u00f3n para implementar acciones adaptativas que mitiguen la sobreexplotaci\u00f3n del acu\u00edfero Valle de Le\u00f3n, Guanajuato, M\u00e9xico\u201d.<\/p>\n<p>Jos\u00e9 Arturo Espinoza Bonilla (M\u00e9xico)<br \/>\nDoctorado en Ciencias y Tecnolog\u00eda del Agua. Divisi\u00f3n de Ingenier\u00edas, Universidad de Guanajuato. Guanajuato, M\u00e9xico.<\/p>\n<h3><\/h3>\n<h3>Comentarios y discusi\u00f3n<\/h3>\n<h3><\/h3>\n<h3>Cierre de la Sesi\u00f3n<\/h3>\n<h3><\/h3>\n<h3><a href=\"https:\/\/youtu.be\/ovvkMEsedHk\">Enlace al Video del Seminario<\/a>.<\/h3>\n<h3><\/h3>\n<hr \/>\n<p>Para solicitar informaci\u00f3n por favor enviar un e-mail a la <a href=\"mailto:waterlat@newcastle.ac.uk\">Secretar\u00eda de la Red WATERLAT-GOBACIT<\/a>.<\/p>\n<p><a href=\"https:\/\/waterlat.org\/es\/docencia\/seminario-2025\/\">Volver a la p\u00e1gina principal del Seminario Internacional 2025<\/a><\/p>\n","protected":false},"excerpt":{"rendered":"<p>Sesi\u00f3n de Apertura 6 de marzo de 2025 Presentaci\u00f3n del Seminario 2025 Presentaciones de Estudiantes \u201cDin\u00e1micas de Poder y Resistencias Sociales en la Gobernanza Territorial: Los casos de la Dana en Valencia, Espa\u00f1a y de la Central Hidroel\u00e9ctrica El Ed\u00e9n en Caldas, Colombia\u201d. Alejandra Mar\u00eda Osorio (Colombia) Doctorado en Desarrollo Local y Cooperaci\u00f3n Internacional, Universidad [&hellip;]<\/p>\n","protected":false},"author":3,"featured_media":0,"parent":4346,"menu_order":0,"comment_status":"closed","ping_status":"closed","template":"page-templates\/full-width.php","meta":{"_acf_changed":false,"footnotes":""},"class_list":["post-4361","page","type-page","status-publish","hentry","wpautop"],"acf":[],"_links":{"self":[{"href":"https:\/\/waterlat.org\/es\/wp-json\/wp\/v2\/pages\/4361","targetHints":{"allow":["GET"]}}],"collection":[{"href":"https:\/\/waterlat.org\/es\/wp-json\/wp\/v2\/pages"}],"about":[{"href":"https:\/\/waterlat.org\/es\/wp-json\/wp\/v2\/types\/page"}],"author":[{"embeddable":true,"href":"https:\/\/waterlat.org\/es\/wp-json\/wp\/v2\/users\/3"}],"replies":[{"embeddable":true,"href":"https:\/\/waterlat.org\/es\/wp-json\/wp\/v2\/comments?post=4361"}],"version-history":[{"count":5,"href":"https:\/\/waterlat.org\/es\/wp-json\/wp\/v2\/pages\/4361\/revisions"}],"predecessor-version":[{"id":4379,"href":"https:\/\/waterlat.org\/es\/wp-json\/wp\/v2\/pages\/4361\/revisions\/4379"}],"up":[{"embeddable":true,"href":"https:\/\/waterlat.org\/es\/wp-json\/wp\/v2\/pages\/4346"}],"wp:attachment":[{"href":"https:\/\/waterlat.org\/es\/wp-json\/wp\/v2\/media?parent=4361"}],"curies":[{"name":"wp","href":"https:\/\/api.w.org\/{rel}","templated":true}]}}

Sesión de Apertura Seminario 2025

<h2>Sesión de Apertura 6 de marzo de 2025</h2>
<h3>Presentación del Seminario 2025</h3>
<h3>Presentaciones de Estudiantes</h3>
<p>“Dinámicas de Poder y Resistencias Sociales en la Gobernanza Territorial: Los casos de la Dana en Valencia, España y de la Central Hidroeléctrica El Edén en Caldas, Colombia”.</p>
<p>Alejandra María Osorio (Colombia)<br />
Doctorado en Desarrollo Local y Cooperación Internacional, Universidad de Valencia, España.</p>
<p>“Ciudad e infraestructura. El rol del saneamiento en la modernización de Buenos Aires (1871-1923)”.<br />
Luis Osvaldo Babbo (Argentina)<br />
Doctorado en Estudios Urbanos. Universidad Nacional de General Sarmiento. Argentina, Buenos Aires.</p>
<p>“Evaluación de la viabilidad de la ciudad de León para implementar acciones adaptativas que mitiguen la sobreexplotación del acuífero Valle de León, Guanajuato, México”.</p>
<p>José Arturo Espinoza Bonilla (México)<br />
Doctorado en Ciencias y Tecnología del Agua. División de Ingenierías, Universidad de Guanajuato. Guanajuato, México.</p>
<h3></h3>
<h3>Comentarios y discusión</h3>
<h3></h3>
<h3>Cierre de la Sesión</h3>
<h3></h3>
<h3><a href="https://youtu.be/ovvkMEsedHk">Enlace al Video del Seminario</a>.</h3>
<h3></h3>
<hr />
<p>Para solicitar información por favor enviar un e-mail a la <a href="mailto:waterlat@newcastle.ac.uk">Secretaría de la Red WATERLAT-GOBACIT</a>.</p>
<p><a href="https://waterlat.org/es/docencia/seminario-2025/">Volver a la página principal del Seminario Internacional 2025</a></p>

<p>Sesión de Apertura 6 de marzo de 2025 Presentación del Seminario 2025 Presentaciones de Estudiantes “Dinámicas de Poder y Resistencias Sociales en la Gobernanza Territorial: Los casos de la Dana en Valencia, España y de la Central Hidroeléctrica El Edén en Caldas, Colombia”. Alejandra María Osorio (Colombia) Doctorado en Desarrollo Local y Cooperación Internacional, Universidad [&hellip;]</p>
