{"id":115,"date":"2014-01-23T15:51:52","date_gmt":"2014-01-23T15:51:52","guid":{"rendered":"http:\/\/waterlat.org\/pt\/?page_id=115"},"modified":"2015-12-11T17:39:54","modified_gmt":"2015-12-11T17:39:54","slug":"waterlat-2011","status":"publish","type":"page","link":"https:\/\/waterlat.org\/pt\/encontros\/encontros-abertos\/waterlat-2011\/","title":{"rendered":"WATERLAT III, Cidade do M\u00e9xico, 2011"},"content":{"rendered":"<p><a href=\"https:\/\/waterlat.org\/pt\/wp-content\/uploads\/sites\/3\/2014\/01\/Tapa-portugues-baja.jpg\"><img loading=\"lazy\" decoding=\"async\" class=\"alignleft  wp-image-1028\" style=\"width: 267px;\" src=\"https:\/\/waterlat.org\/pt\/wp-content\/uploads\/sites\/3\/2014\/01\/Tapa-portugues-baja-196x300.jpg\" alt=\"Tapa portugues baja\" width=\"196\" height=\"392\" \/><\/a><\/p>\n<p style=\"text-align: left;\">O evento inclui-o um Conversatorio P\u00fablico sobre \u00c1gua e Sa\u00fade nas instala\u00e7\u00f5es da Comiss\u00e3o de Direitos Humanos do Distrito Federal, na tarde do dia 25 de outubro.<\/p>\n<p style=\"text-align: left;\"><a href=\"http:\/\/waterlat.org\/es\/wp-content\/uploads\/sites\/2\/2014\/03\/Conversatorio_000.pdf\">Baixe aqui a publicidade do Conversatorio<\/a>. <a href=\"http:\/\/waterlat.org\/es\/wp-content\/uploads\/sites\/2\/2014\/03\/ProgramaWATERLAT2011.pdf\">Baixe uma c\u00f3pia do Programa do evento aqui<\/a>.<\/p>\n<p style=\"text-align: left;\">Visite nossas p\u00e1ginas de <a href=\"http:\/\/waterlat.org\/es\/comunicacion-publica\/\">Difus\u00e3o<\/a> para assistir a v\u00eddeo clips das sess\u00f5es e de entrevistas com participantes do evento.<\/p>\n<p>&nbsp;<\/p>\n<p>&nbsp;<\/p>\n<p>&nbsp;<\/p>\n<p>&nbsp;<\/p>\n<p>&nbsp;<\/p>\n<p>Galeria de fotos do II Encontro Anual, 2011:<\/p>\n<p><object style=\"width: 619px; height: 437px;\" width=\"400\" height=\"300\" classid=\"clsid:d27cdb6e-ae6d-11cf-96b8-444553540000\" codebase=\"http:\/\/download.macromedia.com\/pub\/shockwave\/cabs\/flash\/swflash.cab#version=6,0,40,0\"><param name=\"flashvars\" value=\"offsite=true&amp;lang=en-us&amp;page_show_url=%2Fphotos%2F125391306%40N03%2Fsets%2F72157645037784629%2Fshow%2F&amp;page_show_back_url=%2Fphotos%2F125391306%40N03%2Fsets%2F72157645037784629%2F&amp;set_id=72157645037784629&amp;jump_to=\" \/><param name=\"allowFullScreen\" value=\"true\" \/><param name=\"src\" value=\"https:\/\/www.flickr.com\/apps\/slideshow\/show.swf?v=143270\" \/><param name=\"allowfullscreen\" value=\"true\" \/><embed style=\"width: 619px; height: 437px;\" width=\"400\" height=\"300\" type=\"application\/x-shockwave-flash\" src=\"https:\/\/www.flickr.com\/apps\/slideshow\/show.swf?v=143270\" flashvars=\"offsite=true&amp;lang=en-us&amp;page_show_url=%2Fphotos%2F125391306%40N03%2Fsets%2F72157645037784629%2Fshow%2F&amp;page_show_back_url=%2Fphotos%2F125391306%40N03%2Fsets%2F72157645037784629%2F&amp;set_id=72157645037784629&amp;jump_to=\" allowFullScreen=\"true\" allowfullscreen=\"true\" \/><\/object><\/p>\n<p>O Encontro da Rede WATERLAT participou na <a href=\"http:\/\/www.blueoctobercampaign.org\">Campanha Outubro Azul<\/a> contra o controle da \u00e1gua por corpora\u00e7\u00f5es privadas de neg\u00f3cios.<\/p>\n<p>O Encontro foi uma atividade da Rede WATERLAT, organizada conjuntamente pela <a href=\"http:\/\/www.ncl.ac.uk\/gps\/\">Escola de Geografia, Ci\u00eancia Pol\u00edtica e Sociologia<\/a>, Universidade de Newcastle, Reino Unido, e a <a href=\"http:\/\/www.flacso.edu.mx\">Faculdade Latino-americana de Ciencias Sociais (FLACSO)<\/a> Sede M\u00e9xico.<\/p>\n","protected":false},"excerpt":{"rendered":"<p>O evento inclui-o um Conversatorio P\u00fablico sobre \u00c1gua e Sa\u00fade nas instala\u00e7\u00f5es da Comiss\u00e3o de Direitos Humanos do Distrito Federal, na tarde do dia 25 de outubro. Baixe aqui a publicidade do Conversatorio. Baixe uma c\u00f3pia do Programa do evento aqui. Visite nossas p\u00e1ginas de Difus\u00e3o para assistir a v\u00eddeo clips das sess\u00f5es e de [&hellip;]<\/p>\n","protected":false},"author":1,"featured_media":0,"parent":19,"menu_order":0,"comment_status":"closed","ping_status":"open","template":"page-templates\/full-width.php","meta":{"_acf_changed":false,"footnotes":""},"class_list":["post-115","page","type-page","status-publish","hentry","wpautop"],"acf":[],"_links":{"self":[{"href":"https:\/\/waterlat.org\/pt\/wp-json\/wp\/v2\/pages\/115","targetHints":{"allow":["GET"]}}],"collection":[{"href":"https:\/\/waterlat.org\/pt\/wp-json\/wp\/v2\/pages"}],"about":[{"href":"https:\/\/waterlat.org\/pt\/wp-json\/wp\/v2\/types\/page"}],"author":[{"embeddable":true,"href":"https:\/\/waterlat.org\/pt\/wp-json\/wp\/v2\/users\/1"}],"replies":[{"embeddable":true,"href":"https:\/\/waterlat.org\/pt\/wp-json\/wp\/v2\/comments?post=115"}],"version-history":[{"count":10,"href":"https:\/\/waterlat.org\/pt\/wp-json\/wp\/v2\/pages\/115\/revisions"}],"predecessor-version":[{"id":1415,"href":"https:\/\/waterlat.org\/pt\/wp-json\/wp\/v2\/pages\/115\/revisions\/1415"}],"up":[{"embeddable":true,"href":"https:\/\/waterlat.org\/pt\/wp-json\/wp\/v2\/pages\/19"}],"wp:attachment":[{"href":"https:\/\/waterlat.org\/pt\/wp-json\/wp\/v2\/media?parent=115"}],"curies":[{"name":"wp","href":"https:\/\/api.w.org\/{rel}","templated":true}]}}

WATERLAT III, Cidade do México, 2011

<p><a href="https://waterlat.org/pt/wp-content/uploads/sites/3/2014/01/Tapa-portugues-baja.jpg"><img loading="lazy" decoding="async" class="alignleft  wp-image-1028" style="width: 267px;" src="https://waterlat.org/pt/wp-content/uploads/sites/3/2014/01/Tapa-portugues-baja-196x300.jpg" alt="Tapa portugues baja" width="196" height="392" /></a></p>
<p style="text-align: left;">O evento inclui-o um Conversatorio Público sobre Água e Saúde nas instalações da Comissão de Direitos Humanos do Distrito Federal, na tarde do dia 25 de outubro.</p>
<p style="text-align: left;"><a href="http://waterlat.org/es/wp-content/uploads/sites/2/2014/03/Conversatorio_000.pdf">Baixe aqui a publicidade do Conversatorio</a>. <a href="http://waterlat.org/es/wp-content/uploads/sites/2/2014/03/ProgramaWATERLAT2011.pdf">Baixe uma cópia do Programa do evento aqui</a>.</p>
<p style="text-align: left;">Visite nossas páginas de <a href="http://waterlat.org/es/comunicacion-publica/">Difusão</a> para assistir a vídeo clips das sessões e de entrevistas com participantes do evento.</p>
<p>&nbsp;</p>
<p>&nbsp;</p>
<p>&nbsp;</p>
<p>&nbsp;</p>
<p>&nbsp;</p>
<p>Galeria de fotos do II Encontro Anual, 2011:</p>
<p><object style="width: 619px; height: 437px;" width="400" height="300" classid="clsid:d27cdb6e-ae6d-11cf-96b8-444553540000" codebase="http://download.macromedia.com/pub/shockwave/cabs/flash/swflash.cab#version=6,0,40,0"><param name="flashvars" value="offsite=true&amp;lang=en-us&amp;page_show_url=%2Fphotos%2F125391306%40N03%2Fsets%2F72157645037784629%2Fshow%2F&amp;page_show_back_url=%2Fphotos%2F125391306%40N03%2Fsets%2F72157645037784629%2F&amp;set_id=72157645037784629&amp;jump_to=" /><param name="allowFullScreen" value="true" /><param name="src" value="https://www.flickr.com/apps/slideshow/show.swf?v=143270" /><param name="allowfullscreen" value="true" /><embed style="width: 619px; height: 437px;" width="400" height="300" type="application/x-shockwave-flash" src="https://www.flickr.com/apps/slideshow/show.swf?v=143270" flashvars="offsite=true&amp;lang=en-us&amp;page_show_url=%2Fphotos%2F125391306%40N03%2Fsets%2F72157645037784629%2Fshow%2F&amp;page_show_back_url=%2Fphotos%2F125391306%40N03%2Fsets%2F72157645037784629%2F&amp;set_id=72157645037784629&amp;jump_to=" allowFullScreen="true" allowfullscreen="true" /></object></p>
<p>O Encontro da Rede WATERLAT participou na <a href="http://www.blueoctobercampaign.org">Campanha Outubro Azul</a> contra o controle da água por corporações privadas de negócios.</p>
<p>O Encontro foi uma atividade da Rede WATERLAT, organizada conjuntamente pela <a href="http://www.ncl.ac.uk/gps/">Escola de Geografia, Ciência Política e Sociologia</a>, Universidade de Newcastle, Reino Unido, e a <a href="http://www.flacso.edu.mx">Faculdade Latino-americana de Ciencias Sociais (FLACSO)</a> Sede México.</p>

<p>O evento inclui-o um Conversatorio Público sobre Água e Saúde nas instalações da Comissão de Direitos Humanos do Distrito Federal, na tarde do dia 25 de outubro. Baixe aqui a publicidade do Conversatorio. Baixe uma cópia do Programa do evento aqui. Visite nossas páginas de Difusão para assistir a vídeo clips das sessões e de [&hellip;]</p>
