{"id":1367,"date":"2015-11-10T17:31:49","date_gmt":"2015-11-10T17:31:49","guid":{"rendered":"http:\/\/waterlat.org\/pt\/?page_id=1367"},"modified":"2015-11-11T16:38:09","modified_gmt":"2015-11-11T16:38:09","slug":"premio-de-estudantes-waterlat-gobacit-2015","status":"publish","type":"page","link":"https:\/\/waterlat.org\/pt\/waterlat-student-prize\/premio-de-estudantes-waterlat-gobacit-2015\/","title":{"rendered":"Pr\u00eamio de Estudantes WATERLAT-GOBACIT 2015"},"content":{"rendered":"<p>A segunda chamada a postula\u00e7\u00f5es para o Pr\u00eamio WATERLAT-GOBACIT foi para teses e disserta\u00e7\u00f5es aprovadas entre o 1 de janeiro e o 31 de dezembro de 2014 e foi fechada o 31 de janeiro de 2015. Foram apresentadas 7 postula\u00e7\u00f5es, 3 ao Pr\u00eamio de Mestrado e 4 ao Pr\u00eamio de Doutorado.<\/p>\n<p>Foi convocada uma Comiss\u00e3o Avaliadora composta de 14 acad\u00e9micas e acad\u00e9micos, membros da Rede. Ao final de esta p\u00e1gina entrara os detalhes da Comiss\u00e3o Avaliadora.<\/p>\n<p>O anuncio dos dois ganhadores ocorreu durante a <a href=\" http:\/\/waterlat.org\/es\/encuentros\/public-meetings\/waterlat-gobacit-2015\/\">VII Reuni\u00e3o Anual da Rede WATERLAT-GOBACIT<\/a> que teve lugar do 19 ao 23 de outubro de 2015 em Guadalajara, M\u00e9xico. Dado que tivemos candidatos excelentes, a <a href=\"http:\/\/waterlat.org\/es\/publicaciones\/comision-de-publicaciones\/\">Comissao Editorial<\/a> decidiu convidar ao resto dos participantes a enviar um artigo baseado nas teses e disserta\u00e7\u00f5es para sua publica\u00e7\u00e3o na <a href=\" https:\/\/waterlat.org\/pt\/publicacoes\/working-papers-series\/\">S\u00e9rie de Cadernos de Trabalho<\/a> da Rede.<\/p>\n<hr \/>\n<p>&nbsp;<\/p>\n<h3>O Pr\u00eamio<\/h3>\n<p><span style=\"text-decoration: underline;\">Pr\u00eamio Doctoral 2015<\/span><\/p>\n<p><strong>Jorge Ivars<\/strong>. T\u00edtulo da tese: \u201cProductores en la encrucijada ambiental global. Poder y racionalizaci\u00f3n en la apropiaci\u00f3n y uso del agua en el oasis del r\u00edo Mendoza, Argentina\u201d. Doutorado em Ci\u00eancias Sociais e Humanas, Universidade Nacional de Quilmes, Buenos Aires, Argentina, 2014. <a href=\"http:\/\/waterlat.org\/Thesis\/Ivars.pdf\"> Acesse aqui<\/a>.<\/p>\n<p>&nbsp;<\/p>\n<p><span style=\"text-decoration: underline;\">Pr\u00eamio de Mestrado 2015<\/span><\/p>\n<p><strong> Mar\u00eda Guadalupe D\u00edaz Santos <\/strong>. T\u00edtulo da disserta\u00e7\u00e3o: \u201cRelaciones de Poder en la Gesti\u00f3n Comunitaria del Agua. El territorio y lo social como fuerzas\u201d. Mestrado em Ci\u00eancias Sociais, Faculdade Latinoamericana de Ci\u00eancias Sociais (FLACSO), Cidade de M\u00e9xico, M\u00e9xico, 2014. <a href=\"http:\/\/waterlat.org\/Thesis\/Diaz Santos.pdf\">Acesse aqui<\/a>.<\/p>\n<hr \/>\n<p>&nbsp;<\/p>\n<h3>Lista completa dos candidatos participantes<\/h3>\n<p><span style=\"text-decoration: underline;\">Pr\u00eamio Doctoral<\/span><\/p>\n<p><strong>Giuliano Crauss Daronco<\/strong>. T\u00edtulo da tese: \u201cProposi\u00e7\u00e3o e Aplica\u00e7\u00e3o de Metodologia para Avalia\u00e7\u00e3o e Auditoria de Planos Municipais de Saneamento B\u00e1sico\u201d. Doutorado em Recursos H\u00eddricos e Saneamento Ambiental, Universidade Federal de Rio Grande do Sul, Brasil 2014. <a href=\"http:\/\/waterlat.org\/Thesis\/Daronco.pdf\"> Acesse aqui<\/a>.<\/p>\n<p><strong>Jorge Ivars<\/strong>. T\u00edtulo da tese: \u201cProductores en la encrucijada ambiental global. Poder y racionalizaci\u00f3n en la apropiaci\u00f3n y uso del agua en el oasis del r\u00edo Mendoza, Argentina\u201d. Doutorado em Ci\u00eancias Sociais e Humanas, Universidade Nacional de Quilmes, Buenos Aires, Argentina, 2014. <a href=\"http:\/\/waterlat.org\/Thesis\/Ivars.pdf\"> Acesse aqui<\/a>.<\/p>\n<p><strong>Valeria Llano-Arias<\/strong>. T\u00edtulo da tese: \u201cCommunication Practices and Citizens\u2019 Participation in the Colombian Water Movement\u201d, Doutorado em Sociolog\u00eda, University College Dublin, Irlanda, 2014. <a href=\"http:\/\/waterlat.org\/Thesis\/Llano-Arias.pdf\">Acesse aqui<\/a>.<\/p>\n<p><strong>Francisco Javier Molina Camacho<\/strong>. T\u00edtulo da tese: \u201cNegotiated Rationalities, Politicised Identities: Intergenerational Relations, Water Conflicts and Mining in Chiu\u2013Chiu, Chile\u201d. Doutorado em Geograf\u00eda, Kings College London, Reino Unido, 2014. <a href=\"http:\/\/waterlat.org\/Thesis\/Molina.pdf\"> Acesse aqui <\/a>.<\/p>\n<p>&nbsp;<\/p>\n<p><span style=\"text-decoration: underline;\">Pr\u00eamio de Mestrado<\/span><\/p>\n<p><strong>Colin Brown<\/strong>. T\u00edtulo da disserta\u00e7\u00e3o: \u201cUn Systeme Communautaire de la Gestion de la Ressource en Eau: Approche Sociotechnique de L\u2019Innovation\u201d. Mestrado em Politiques Environnementales et Pratiques Sociales, Universit\u00e9 Toulouse Jean Jaur\u00e8s, Francia, 2014. <a href=\"http:\/\/waterlat.org\/Thesis\/Brown.pdf\"> Accesible aqu\u00ed<\/a>.<\/p>\n<p><strong>Abril Fabiola Casas Cervantes<\/strong>. T\u00edtulo da disserta\u00e7\u00e3o: \u201cLa relaci\u00f3n entre la gesti\u00f3n comunitaria y las pol\u00edticas p\u00fablicas municipales en el manejo del agua. El caso del manantial de Patamburapio en el estado de Michoac\u00e1n, 2009-2013\u201d. Mestrado Interinstitucional em Pol\u00edticas P\u00fablicas, El Colegio de Jalisco, Guadalajara, M\u00e9xico, 2014. <a href=\"http:\/\/waterlat.org\/Thesis\/Casas.pdf\"> Accesible aqu\u00ed<\/a>.<\/p>\n<p><strong> Mar\u00eda Guadalupe D\u00edaz Santos <\/strong>. T\u00edtulo da disserta\u00e7\u00e3o: \u201cRelaciones de Poder en la Gesti\u00f3n Comunitaria del Agua. El territorio y lo social como fuerzas\u201d. Mestrado em Ci\u00eancias Sociais, Faculdade Latinoamericana de Ci\u00eancias Sociais (FLACSO), Cidade de M\u00e9xico, M\u00e9xico, 2014. <a href=\"http:\/\/waterlat.org\/Thesis\/Diaz Santos.pdf\">Acesse aqui<\/a>.<\/p>\n<p>&nbsp;<\/p>\n<hr \/>\n<h3>Comiss\u00e3o Avaliadora da Edi\u00e7\u00e3o 2015 do Pr\u00eamio WATERLAT-GOBACIT para Estudantes<\/h3>\n<p>Dra. Ana L\u00facia Britto, Universidade Federal de Rio de Janeiro (UFRJ), Brasil<\/p>\n<p>Dr. Alex Caldera, Universidade de Guanajuato, Le\u00f3n, Guanajuato, M\u00e9xico<\/p>\n<p>Dr. Pa\u00fal Cisneros, Instituto de Altos Estudos Nacionais (IAEN), Quito, Ecuador<\/p>\n<p>Dr. Luis Henrique Cunha, Universidade Federal de Campina Grande (UFCG), Para\u00edba, Brasil<\/p>\n<p>Dr. Juan Carlos Dom\u00ednguez, Instituto Jose Luis Mar\u00eda Mora, Cidade de M\u00e9xico, M\u00e9xico<\/p>\n<p>Dra. Adriana Hern\u00e1ndez, Universidade de Guadalajara, Ocotl\u00e1n, Jalisco, M\u00e9xico<\/p>\n<p>Dra. Ver\u00f3nica Ibarra, Universidade Nacional Aut\u00f3noma de M\u00e9xico (UNAM), Cidade de M\u00e9xico, M\u00e9xico<\/p>\n<p>Dra. Karina Kloster, Universidad Aut\u00f3noma da Cidade de M\u00e9xico (UACM), Cidade de M\u00e9xico, M\u00e9xico<\/p>\n<p>Dr. Alex Latta, Wilfrid Laurier University, Waterloo, Ontario, Canad\u00e1<\/p>\n<p>Dr. Jes\u00fas Ra\u00fal Navarro Garc\u00eda, Conselho Superior de Investigaciones Cient\u00edficas (CSIC), Sevilha, Espanha<\/p>\n<p>Dr. Ra\u00fal Pacheco-Vega, Centro de Investiga\u00e7\u00e3o e Doc\u00eancia Econ\u00f3mica (CIDE), Aguascalientes, M\u00e9xico<\/p>\n<p>Dra. Sonaly Rezende, Universidade Federal de Minas Gerais (UFMG), Belo Horizonte, Brasil<\/p>\n<p>Dra Adriana Sandoval, Universidade Nacional Aut\u00f3noma de M\u00e9xico (UNAM), Jiquilpan, Michoac\u00e1n, M\u00e9xico<\/p>\n<p>Dra. Norma Valencio, Universidade Federal de S\u00e3o Paulo, Brasil<\/p>\n<p>&nbsp;<\/p>\n<hr style=\"color: #000000;\" \/>\n<p style=\"color: #000000;\">Para consultas ou comentarios referidos ao Pr\u00eamio WATERLAT-GOBACIT para Estudantes, por favor contatar a\u00a0<a href=\"mailto:redwaterlat@gmail.com\">Secretar\u00eda<\/a>\u00a0da Rede.<\/p>\n","protected":false},"excerpt":{"rendered":"<p>A segunda chamada a postula\u00e7\u00f5es para o Pr\u00eamio WATERLAT-GOBACIT foi para teses e disserta\u00e7\u00f5es aprovadas entre o 1 de janeiro e o 31 de dezembro de 2014 e foi fechada o 31 de janeiro de 2015. Foram apresentadas 7 postula\u00e7\u00f5es, 3 ao Pr\u00eamio de Mestrado e 4 ao Pr\u00eamio de Doutorado. Foi convocada uma Comiss\u00e3o [&hellip;]<\/p>\n","protected":false},"author":3,"featured_media":0,"parent":249,"menu_order":0,"comment_status":"closed","ping_status":"closed","template":"page-templates\/full-width.php","meta":{"_acf_changed":false,"footnotes":""},"class_list":["post-1367","page","type-page","status-publish","hentry","wpautop"],"acf":[],"_links":{"self":[{"href":"https:\/\/waterlat.org\/pt\/wp-json\/wp\/v2\/pages\/1367","targetHints":{"allow":["GET"]}}],"collection":[{"href":"https:\/\/waterlat.org\/pt\/wp-json\/wp\/v2\/pages"}],"about":[{"href":"https:\/\/waterlat.org\/pt\/wp-json\/wp\/v2\/types\/page"}],"author":[{"embeddable":true,"href":"https:\/\/waterlat.org\/pt\/wp-json\/wp\/v2\/users\/3"}],"replies":[{"embeddable":true,"href":"https:\/\/waterlat.org\/pt\/wp-json\/wp\/v2\/comments?post=1367"}],"version-history":[{"count":5,"href":"https:\/\/waterlat.org\/pt\/wp-json\/wp\/v2\/pages\/1367\/revisions"}],"predecessor-version":[{"id":1384,"href":"https:\/\/waterlat.org\/pt\/wp-json\/wp\/v2\/pages\/1367\/revisions\/1384"}],"up":[{"embeddable":true,"href":"https:\/\/waterlat.org\/pt\/wp-json\/wp\/v2\/pages\/249"}],"wp:attachment":[{"href":"https:\/\/waterlat.org\/pt\/wp-json\/wp\/v2\/media?parent=1367"}],"curies":[{"name":"wp","href":"https:\/\/api.w.org\/{rel}","templated":true}]}}

Prêmio de Estudantes WATERLAT-GOBACIT 2015

<p>A segunda chamada a postulações para o Prêmio WATERLAT-GOBACIT foi para teses e dissertações aprovadas entre o 1 de janeiro e o 31 de dezembro de 2014 e foi fechada o 31 de janeiro de 2015. Foram apresentadas 7 postulações, 3 ao Prêmio de Mestrado e 4 ao Prêmio de Doutorado.</p>
<p>Foi convocada uma Comissão Avaliadora composta de 14 académicas e académicos, membros da Rede. Ao final de esta página entrara os detalhes da Comissão Avaliadora.</p>
<p>O anuncio dos dois ganhadores ocorreu durante a <a href=" http://waterlat.org/es/encuentros/public-meetings/waterlat-gobacit-2015/">VII Reunião Anual da Rede WATERLAT-GOBACIT</a> que teve lugar do 19 ao 23 de outubro de 2015 em Guadalajara, México. Dado que tivemos candidatos excelentes, a <a href="http://waterlat.org/es/publicaciones/comision-de-publicaciones/">Comissao Editorial</a> decidiu convidar ao resto dos participantes a enviar um artigo baseado nas teses e dissertações para sua publicação na <a href=" https://waterlat.org/pt/publicacoes/working-papers-series/">Série de Cadernos de Trabalho</a> da Rede.</p>
<hr />
<p>&nbsp;</p>
<h3>O Prêmio</h3>
<p><span style="text-decoration: underline;">Prêmio Doctoral 2015</span></p>
<p><strong>Jorge Ivars</strong>. Título da tese: “Productores en la encrucijada ambiental global. Poder y racionalización en la apropiación y uso del agua en el oasis del río Mendoza, Argentina”. Doutorado em Ciências Sociais e Humanas, Universidade Nacional de Quilmes, Buenos Aires, Argentina, 2014. <a href="http://waterlat.org/Thesis/Ivars.pdf"> Acesse aqui</a>.</p>
<p>&nbsp;</p>
<p><span style="text-decoration: underline;">Prêmio de Mestrado 2015</span></p>
<p><strong> María Guadalupe Díaz Santos </strong>. Título da dissertação: “Relaciones de Poder en la Gestión Comunitaria del Agua. El territorio y lo social como fuerzas”. Mestrado em Ciências Sociais, Faculdade Latinoamericana de Ciências Sociais (FLACSO), Cidade de México, México, 2014. <a href="http://waterlat.org/Thesis/Diaz Santos.pdf">Acesse aqui</a>.</p>
<hr />
<p>&nbsp;</p>
<h3>Lista completa dos candidatos participantes</h3>
<p><span style="text-decoration: underline;">Prêmio Doctoral</span></p>
<p><strong>Giuliano Crauss Daronco</strong>. Título da tese: “Proposição e Aplicação de Metodologia para Avaliação e Auditoria de Planos Municipais de Saneamento Básico”. Doutorado em Recursos Hídricos e Saneamento Ambiental, Universidade Federal de Rio Grande do Sul, Brasil 2014. <a href="http://waterlat.org/Thesis/Daronco.pdf"> Acesse aqui</a>.</p>
<p><strong>Jorge Ivars</strong>. Título da tese: “Productores en la encrucijada ambiental global. Poder y racionalización en la apropiación y uso del agua en el oasis del río Mendoza, Argentina”. Doutorado em Ciências Sociais e Humanas, Universidade Nacional de Quilmes, Buenos Aires, Argentina, 2014. <a href="http://waterlat.org/Thesis/Ivars.pdf"> Acesse aqui</a>.</p>
<p><strong>Valeria Llano-Arias</strong>. Título da tese: “Communication Practices and Citizens’ Participation in the Colombian Water Movement”, Doutorado em Sociología, University College Dublin, Irlanda, 2014. <a href="http://waterlat.org/Thesis/Llano-Arias.pdf">Acesse aqui</a>.</p>
<p><strong>Francisco Javier Molina Camacho</strong>. Título da tese: “Negotiated Rationalities, Politicised Identities: Intergenerational Relations, Water Conflicts and Mining in Chiu–Chiu, Chile”. Doutorado em Geografía, Kings College London, Reino Unido, 2014. <a href="http://waterlat.org/Thesis/Molina.pdf"> Acesse aqui </a>.</p>
<p>&nbsp;</p>
<p><span style="text-decoration: underline;">Prêmio de Mestrado</span></p>
<p><strong>Colin Brown</strong>. Título da dissertação: “Un Systeme Communautaire de la Gestion de la Ressource en Eau: Approche Sociotechnique de L’Innovation”. Mestrado em Politiques Environnementales et Pratiques Sociales, Université Toulouse Jean Jaurès, Francia, 2014. <a href="http://waterlat.org/Thesis/Brown.pdf"> Accesible aquí</a>.</p>
<p><strong>Abril Fabiola Casas Cervantes</strong>. Título da dissertação: “La relación entre la gestión comunitaria y las políticas públicas municipales en el manejo del agua. El caso del manantial de Patamburapio en el estado de Michoacán, 2009-2013”. Mestrado Interinstitucional em Políticas Públicas, El Colegio de Jalisco, Guadalajara, México, 2014. <a href="http://waterlat.org/Thesis/Casas.pdf"> Accesible aquí</a>.</p>
<p><strong> María Guadalupe Díaz Santos </strong>. Título da dissertação: “Relaciones de Poder en la Gestión Comunitaria del Agua. El territorio y lo social como fuerzas”. Mestrado em Ciências Sociais, Faculdade Latinoamericana de Ciências Sociais (FLACSO), Cidade de México, México, 2014. <a href="http://waterlat.org/Thesis/Diaz Santos.pdf">Acesse aqui</a>.</p>
<p>&nbsp;</p>
<hr />
<h3>Comissão Avaliadora da Edição 2015 do Prêmio WATERLAT-GOBACIT para Estudantes</h3>
<p>Dra. Ana Lúcia Britto, Universidade Federal de Rio de Janeiro (UFRJ), Brasil</p>
<p>Dr. Alex Caldera, Universidade de Guanajuato, León, Guanajuato, México</p>
<p>Dr. Paúl Cisneros, Instituto de Altos Estudos Nacionais (IAEN), Quito, Ecuador</p>
<p>Dr. Luis Henrique Cunha, Universidade Federal de Campina Grande (UFCG), Paraíba, Brasil</p>
<p>Dr. Juan Carlos Domínguez, Instituto Jose Luis María Mora, Cidade de México, México</p>
<p>Dra. Adriana Hernández, Universidade de Guadalajara, Ocotlán, Jalisco, México</p>
<p>Dra. Verónica Ibarra, Universidade Nacional Autónoma de México (UNAM), Cidade de México, México</p>
<p>Dra. Karina Kloster, Universidad Autónoma da Cidade de México (UACM), Cidade de México, México</p>
<p>Dr. Alex Latta, Wilfrid Laurier University, Waterloo, Ontario, Canadá</p>
<p>Dr. Jesús Raúl Navarro García, Conselho Superior de Investigaciones Científicas (CSIC), Sevilha, Espanha</p>
<p>Dr. Raúl Pacheco-Vega, Centro de Investigação e Docência Económica (CIDE), Aguascalientes, México</p>
<p>Dra. Sonaly Rezende, Universidade Federal de Minas Gerais (UFMG), Belo Horizonte, Brasil</p>
<p>Dra Adriana Sandoval, Universidade Nacional Autónoma de México (UNAM), Jiquilpan, Michoacán, México</p>
<p>Dra. Norma Valencio, Universidade Federal de São Paulo, Brasil</p>
<p>&nbsp;</p>
<hr style="color: #000000;" />
<p style="color: #000000;">Para consultas ou comentarios referidos ao Prêmio WATERLAT-GOBACIT para Estudantes, por favor contatar a <a href="mailto:redwaterlat@gmail.com">Secretaría</a> da Rede.</p>

<p>A segunda chamada a postulações para o Prêmio WATERLAT-GOBACIT foi para teses e dissertações aprovadas entre o 1 de janeiro e o 31 de dezembro de 2014 e foi fechada o 31 de janeiro de 2015. Foram apresentadas 7 postulações, 3 ao Prêmio de Mestrado e 4 ao Prêmio de Doutorado. Foi convocada uma Comissão [&hellip;]</p>
