{"id":1481,"date":"2016-04-25T15:17:08","date_gmt":"2016-04-25T15:17:08","guid":{"rendered":"http:\/\/waterlat.org\/pt\/?page_id=1481"},"modified":"2016-09-04T15:26:07","modified_gmt":"2016-09-04T15:26:07","slug":"temas-da-at6","status":"publish","type":"page","link":"https:\/\/waterlat.org\/pt\/areas-tematicas\/at6\/temas-da-at6\/","title":{"rendered":"Temas que cobre a AT6"},"content":{"rendered":"<p>A \u00c1rea Tem\u00e1tica 6 \u201cBacias, Territ\u00f3rios e Espa\u00e7os Hidrosociais\u201d (AT6) \u00e9 um espa\u00e7o interdisciplinar de discuss\u00e3o e produ\u00e7\u00e3o de conhecimento conformado pelo trabalho de v\u00e1rias linhas de pesquisa, ensino, extens\u00e3o acad\u00e9mica e dissemina\u00e7\u00e3o que tem como eixo a \u00e1gua em tanto sustento da vida de popula\u00e7\u00f5es e ecossistemas onde s\u00e3o implementadas diferentes atividades produtivas e onde se manifestam profundos processos de transforma\u00e7\u00e3o, especialmente no social, econ\u00f3mico, cultural e na fundamentacao t\u00e9cnica da gest\u00e3o.<\/p>\n<p>&nbsp;<\/p>\n<p><span style=\"text-decoration: underline;\">Temas destacados que trabalham os membros da AT6:<\/span>:<\/p>\n<ul>\n<li>Pesca artesanal e comunidades ribeirinhas na Am\u00e9rica Latina.<\/li>\n<li>\u00c1gua subterr\u00e2nea<\/li>\n<li>Atores sociais, \u00e1gua, poder e territ\u00f3rio.<\/li>\n<li>Conhecimento ecol\u00f3gico local na gest\u00e3o ambiental.<\/li>\n<li>Ativismo e educa\u00e7\u00e3o ambiental em torno da defensa da paisagem h\u00eddrica.<\/li>\n<li>Justi\u00e7a ambiental na gest\u00e3o das \u00e1guas.<\/li>\n<li>Processos de elitiza\u00e7\u00e3o da paisagem.<\/li>\n<\/ul>\n<p><span style=\"text-decoration: underline;\">Nota<\/span>: Esta lista refere-se a estudos em andamento. N\u00e3o significa a exclus\u00e3o de outros temas relevantes \u00e0 AT6 que poder\u00e3o ser inclu\u00eddos com a incorpora\u00e7\u00e3o de novos membros ou o desenvolvimento de novas linhas de pesquisa.<\/p>\n<p>&nbsp;<\/p>\n<p><strong>Rela\u00e7\u00e3o destes temas com os <a href=\"https:\/\/waterlat.org\/pt\/about\/objetivos\/\">objetivos<\/a> e <a href=\"https:\/\/waterlat.org\/pt\/about\/prioridades\/\">prioridades de pesquisa<\/a> da Rede<\/strong>.<\/p>\n<p>Nosso trabalho na AT se prop\u00f5e contribuir com os seguintes objetivos da Rede WATERLAT-GOBACIT: promover o debate te\u00f3rico e metodol\u00f3gico relacionado com a pesquisa em temas da \u00e1gua desde uma perspectiva cr\u00edtica e transdisciplinar; colaborar na consolida\u00e7\u00e3o de um coletivo internacional de pesquisa dedicado ao estudo das condi\u00e7\u00f5es e elementos essenciais para lograr o desenvolvimento de uma gest\u00e3o participativa sustent\u00e1vel e democr\u00e1tica da \u00e1gua e, comprometer esfor\u00e7os para otimizar a n\u00edvel local os objetivos de desenvolvimento, a justi\u00e7a socioambiental em diferentes contextos de desenvolvimento humano e comunit\u00e1rio. Em s\u00edntese, s\u00e3o assuntos de nosso interesse e trabalhamos nos temas da \u00e1gua que impliquem rela\u00e7\u00f5es e processos s\u00f3cio-pol\u00edticos e culturais; econ\u00f3micos e financeiros; pol\u00edtico-institucionais, s\u00f3cio-espaciais e como estes aspectos se encontram inter-relacionados entre si e com a sa\u00fade, a ecologia e a justi\u00e7a, desde uma perspectiva cr\u00edtica.<\/p>\n<p><a href=\"https:\/\/waterlat.org\/pt\/areas-tematicas\/at6\/\">Voltar \u00e0 Apresenta\u00e7\u00e3o da AT6<\/a><\/p>\n","protected":false},"excerpt":{"rendered":"<p>A \u00c1rea Tem\u00e1tica 6 \u201cBacias, Territ\u00f3rios e Espa\u00e7os Hidrosociais\u201d (AT6) \u00e9 um espa\u00e7o interdisciplinar de discuss\u00e3o e produ\u00e7\u00e3o de conhecimento conformado pelo trabalho de v\u00e1rias linhas de pesquisa, ensino, extens\u00e3o acad\u00e9mica e dissemina\u00e7\u00e3o que tem como eixo a \u00e1gua em tanto sustento da vida de popula\u00e7\u00f5es e ecossistemas onde s\u00e3o implementadas diferentes atividades produtivas e [&hellip;]<\/p>\n","protected":false},"author":3,"featured_media":0,"parent":1478,"menu_order":0,"comment_status":"closed","ping_status":"closed","template":"page-templates\/full-width.php","meta":{"_acf_changed":false,"footnotes":""},"class_list":["post-1481","page","type-page","status-publish","hentry","wpautop"],"acf":[],"_links":{"self":[{"href":"https:\/\/waterlat.org\/pt\/wp-json\/wp\/v2\/pages\/1481","targetHints":{"allow":["GET"]}}],"collection":[{"href":"https:\/\/waterlat.org\/pt\/wp-json\/wp\/v2\/pages"}],"about":[{"href":"https:\/\/waterlat.org\/pt\/wp-json\/wp\/v2\/types\/page"}],"author":[{"embeddable":true,"href":"https:\/\/waterlat.org\/pt\/wp-json\/wp\/v2\/users\/3"}],"replies":[{"embeddable":true,"href":"https:\/\/waterlat.org\/pt\/wp-json\/wp\/v2\/comments?post=1481"}],"version-history":[{"count":4,"href":"https:\/\/waterlat.org\/pt\/wp-json\/wp\/v2\/pages\/1481\/revisions"}],"predecessor-version":[{"id":1516,"href":"https:\/\/waterlat.org\/pt\/wp-json\/wp\/v2\/pages\/1481\/revisions\/1516"}],"up":[{"embeddable":true,"href":"https:\/\/waterlat.org\/pt\/wp-json\/wp\/v2\/pages\/1478"}],"wp:attachment":[{"href":"https:\/\/waterlat.org\/pt\/wp-json\/wp\/v2\/media?parent=1481"}],"curies":[{"name":"wp","href":"https:\/\/api.w.org\/{rel}","templated":true}]}}

<p>A Área Temática 6 “Bacias, Territórios e Espaços Hidrosociais” (AT6) é um espaço interdisciplinar de discussão e produção de conhecimento conformado pelo trabalho de várias linhas de pesquisa, ensino, extensão académica e disseminação que tem como eixo a água em tanto sustento da vida de populações e ecossistemas onde são implementadas diferentes atividades produtivas e onde se manifestam profundos processos de transformação, especialmente no social, económico, cultural e na fundamentacao técnica da gestão.</p>
<p>&nbsp;</p>
<p><span style="text-decoration: underline;">Temas destacados que trabalham os membros da AT6:</span>:</p>
<ul>
<li>Pesca artesanal e comunidades ribeirinhas na América Latina.</li>
<li>Água subterrânea</li>
<li>Atores sociais, água, poder e território.</li>
<li>Conhecimento ecológico local na gestão ambiental.</li>
<li>Ativismo e educação ambiental em torno da defensa da paisagem hídrica.</li>
<li>Justiça ambiental na gestão das águas.</li>
<li>Processos de elitização da paisagem.</li>
</ul>
<p><span style="text-decoration: underline;">Nota</span>: Esta lista refere-se a estudos em andamento. Não significa a exclusão de outros temas relevantes à AT6 que poderão ser incluídos com a incorporação de novos membros ou o desenvolvimento de novas linhas de pesquisa.</p>
<p>&nbsp;</p>
<p><strong>Relação destes temas com os <a href="https://waterlat.org/pt/about/objetivos/">objetivos</a> e <a href="https://waterlat.org/pt/about/prioridades/">prioridades de pesquisa</a> da Rede</strong>.</p>
<p>Nosso trabalho na AT se propõe contribuir com os seguintes objetivos da Rede WATERLAT-GOBACIT: promover o debate teórico e metodológico relacionado com a pesquisa em temas da água desde uma perspectiva crítica e transdisciplinar; colaborar na consolidação de um coletivo internacional de pesquisa dedicado ao estudo das condições e elementos essenciais para lograr o desenvolvimento de uma gestão participativa sustentável e democrática da água e, comprometer esforços para otimizar a nível local os objetivos de desenvolvimento, a justiça socioambiental em diferentes contextos de desenvolvimento humano e comunitário. Em síntese, são assuntos de nosso interesse e trabalhamos nos temas da água que impliquem relações e processos sócio-políticos e culturais; económicos e financeiros; político-institucionais, sócio-espaciais e como estes aspectos se encontram inter-relacionados entre si e com a saúde, a ecologia e a justiça, desde uma perspectiva crítica.</p>
<p><a href="https://waterlat.org/pt/areas-tematicas/at6/">Voltar à Apresentação da AT6</a></p>

<p>A Área Temática 6 “Bacias, Territórios e Espaços Hidrosociais” (AT6) é um espaço interdisciplinar de discussão e produção de conhecimento conformado pelo trabalho de várias linhas de pesquisa, ensino, extensão académica e disseminação que tem como eixo a água em tanto sustento da vida de populações e ecossistemas onde são implementadas diferentes atividades produtivas e [&hellip;]</p>
