{"id":1586,"date":"2016-06-30T20:29:26","date_gmt":"2016-06-30T20:29:26","guid":{"rendered":"http:\/\/waterlat.org\/pt\/?page_id=1586"},"modified":"2023-05-22T19:27:06","modified_gmt":"2023-05-22T19:27:06","slug":"at7","status":"publish","type":"page","link":"https:\/\/waterlat.org\/pt\/areas-tematicas\/at7\/","title":{"rendered":"AT7 &#8211; Arte, Comunica\u00e7\u00e3o, Cultura e Educa\u00e7\u00e3o"},"content":{"rendered":"<h2>Apresenta\u00e7\u00e3o<\/h2>\r\nComo assinala o t\u00edtulo, a AT7 articula quatro grandes sub\u00e1reas tem\u00e1ticas (Arte, Comunic\u00e3o, Cultura e Educa\u00e7\u00e3o) em fun\u00e7\u00e3o dos <a href=\"https:\/\/waterlat.org\/pt\/about\/objetivos\/\">objetivos<\/a> e <a href=\"https:\/\/waterlat.org\/pt\/about\/prioridades\/\">prioridades de pesquisa<\/a> de nossa Rede em rela\u00e7\u00e3o \u00e0 pol\u00edtica e a gest\u00e3o da \u00e1gua, com outros temas associados. Inicialmente, a AT7 se dedica especificamente aos temas inerentes \u00e0s sub\u00e1reas.\r\n\r\nPrimeiramente, as representa\u00e7\u00f5es art\u00edsticas e o papel da Arte nos nos temas relacionados com a \u00e1gua que interessam nossa Rede, incluindo a literatura, a m\u00fasica, a pintura, o cinema, o teatro e outras formas. Em segundo lugar, a AT7 enfoca o estudo das formas de comunica\u00e7\u00e3o dos problemas conectados com a \u00e1gua, assim como o desenvolvimento de estrat\u00e9gias comunicativas. Entre outros temas, observamos como no transcurso das \u00faltimas d\u00e9cadas as formas dominante de comunica\u00e7\u00e3o tem instalado sem\u00e2ntica, discursiva e politicamente uma s\u00e9rie de temas que s\u00e3o convertidos em sentido comum, como por exemplo a no\u00e7\u00e3o geral de \u201cescassez h\u00eddrica\u201d, extremamente ligada com a no\u00e7\u00e3o de \u201ccrise h\u00eddrica\u201d, entendidas quase, exclusivamente, como um problema \u201cnatural\u201d ou \u201ct\u00e9cnico-administrativo\u201d, que deixam de lado o car\u00e1ter fundamentalmente pol\u00edtico tanto da \u201cescassez\u201d como da pr\u00f3pria \u201ccrise\u201d.\r\n\r\nEm terceiro lugar, a AT7 aborda, tamb\u00e9m, os aspectos culturais, como podem ser os costumes e tradi\u00e7\u00f5es, as \u201cculturas da \u00e1gua\u201d, algumas dos quais s\u00e3o t\u00e3o ant\u00edgas como a pr\u00f3pria esp\u00e9cie humana e sua rela\u00e7\u00e3o com os processos de transforma\u00e7\u00e3o s\u00f3cio-ecol\u00f3gica. Nosso interesse inclui o fortalecimento de formas culturais fundadas nos princ\u00edpios da \u00e1gua como um bem comum ou p\u00fablico, do acesso \u00e0 \u00e1gua como direito e de uso igualit\u00e1rio, democr\u00e1tico, includente, solid\u00e1rio e sustent\u00e1vel da \u00e1gua. Ao mesmo tempo, h\u00e1 uma oposi\u00e7\u00e3o contra o avan\u00e7o das formas culturais individualistas, excludentes, que tendem a reducir o acesso \u00e0 \u00e1gua al car\u00e1ter de bem privado, quando n\u00e3o diretamente de uma mercadoria e em ve\u00edculo de acumula\u00e7\u00e3o privada de lucros e que tamb\u00e9m contribuem para agravar os n\u00edveis de insustentabilidade com seus efeitos frequentemente irrevers\u00edveis sobre as fontes de \u00e1gua e sobre os seres viventes.\r\n\r\nFinalmente, em quarto lugar, a AT7 estuda a dimens\u00e3o educativa da desde a perspectiva de elaborar cr\u00edticas as formas estabelecidas de conhecimento que contribuem para reproduzir as culturas, tradi\u00e7\u00f5es e pr\u00e1ticas dominantes em rela\u00e7\u00e3o a \u00e1gua, coml na elabora\u00e7\u00e3o e difus\u00e3o de conte\u00fados e t\u00e9cnicas educativas orientadas para reverteer as condi\u00e7\u00f5es de vulnerabilidade e desamparo que afetam as popula\u00e7\u00f5es humanas em rela\u00e7\u00e3o a \u00e1gua, tanto no que tange as desigualdades e injusti\u00e7as do acesso \u00e0 \u00e1gua e aos servi\u00e7os relacionados e necess\u00e1rios para a vida digna, como no que se refere \u00e0 prote\u00e7\u00e3o contra as amea\u00e7as e perigos derivados dos fen\u00f4menos clim\u00e1ticos e dos pr\u00f3prios efeitos das pol\u00edticas e formas de gest\u00e3o da \u00e1gua.\r\n\r\nPor outra parte, a AT7 tem um car\u00e1ter transversal devido a sua forte interconex\u00e3o com os temas do resto das <a href=\"https:\/\/waterlat.org\/pt\/areas-tematicas\/\">\u00c1reas Tem\u00e1ticas<\/a> de nossa Rede, com as quais mantem una estreita inter-rela\u00e7\u00e3o. Efetivamente, os temas cobertos pelo resto das ATs est\u00e3o atravessados pelas dimens\u00f5es  art\u00edstica, comunicacional, cultural e educativa, que de fato s\u00e3o dimens\u00f5es fundantes de muitos dos processos analisados nas ATs. De este modo, a AT7, junto com <a href=\"https:\/\/waterlat.org\/pt\/areas-tematicas\/at1\/\">AT1 \u2013 A X-disciplinaridade na Pesquisa e na A\u00e7\u00e3o<\/a>, constituem \u00c1reas Tem\u00e1ticas estrat\u00e9gicas, que contribuem a elabora\u00e7\u00e3o de formas de conhecimento integrativas, que procuram superar os encerramentos disciplinares e alcan\u00e7ar n\u00edveis mais elevados de coordena\u00e7\u00e3o inter e transdisciplinar e de di\u00e1logos entre saberes diversos.\r\n\r\nTemas destacados que abordam os membros da AT7:\r\n<ul>\r\n \t<li>Estudos sobre os discursos e as representa\u00e7\u00f5es da \u00e1gua nas Artes: cinema, na literatura, na m\u00fasica, no teatro etc.<\/li>\r\n \t<li>Produ\u00e7\u00e3o art\u00edstica propria sobre os temas da \u00e1gua que convocam a Rede nas \u00c1reas do cinema, da literatura, da m\u00fasica, do teatro etc.<\/li>\r\n \t<li>Estudos cr\u00edticos sobre as abordagens das problem\u00e1ticas da \u00e1gua nos meios de comunica\u00e7\u00e3o massivos<\/li>\r\n \t<li>Produ\u00e7\u00e3o de conte\u00fados sobre os temas da \u00e1gua que convocam a Rede para difus\u00e3o nos diversos meios de comunica\u00e7\u00e3o<\/li>\r\n \t<li>Estudos sobre as express\u00f5es culturais coletivas e individuais conectadas com os temas da \u00e1gua que convocam a Rede<\/li>\r\n \t<li>Produ\u00e7\u00e3o das express\u00f5es culturais cr\u00edticas sobre os temas da \u00e1gua que convocam a Rede<\/li>\r\n \t<li>Estudos cr\u00edticos das abordagens discursivas sobre o tema da \u00e1gua nos materiais did\u00e1ticos e paradid\u00e1ticos nos diferentes n\u00edveis educativos<\/li>\r\n \t<li>Elabora\u00e7\u00e3o de conte\u00fados e estrat\u00e9gias educativas sobre a \u00e1gua e o meio ambiente desde a perspectiva dos objetivos e prioridades tem\u00e1ticas da Rede, para os distintos n\u00edveis educativos<\/li>\r\n \t<li>Estudos cr\u00edticos dos conte\u00fados e pr\u00e1ticas educativas das institui\u00e7\u00f5es p\u00fablicas e da sociedade civil a cargo dos distintos aspectos da pol\u00edtica e gest\u00e3o da \u00e1gua (minist\u00e9rios, empresas p\u00fablicas de \u00e1gua e saneamento, sindicatos, etc.)<\/li>\r\n \t<li>Elabora\u00e7\u00e3o conjunta com entidades p\u00fablicas, sindicatos, associa\u00e7\u00f5es comunit\u00e1rias etc. de conte\u00fados e pr\u00e1ticas educativas.<\/li>\r\n<\/ul>\r\n&nbsp;\r\n\r\n<h2><a href=\"https:\/\/waterlat.org\/pt\/areas-tematicas\/at7\/cadernos-de-trabalho-da-at7\/\">Cadernos de Trabalho da AT7<\/a><\/h2>\r\n<h2><a href=\"https:\/\/waterlat.org\/pt\/competicao-de-curta-metragens-2016-17\/\">Competi\u00e7\u00e3o de Curta-metragens<\/a><\/h2>\r\n<h2><a href=\"https:\/\/waterlat.org\/pt\/areas-tematicas\/at7\/galeria-multimidia-da-at7\/\">Galer\u00eda Multim\u00eddia da AT7<\/a><\/h2>\r\n&nbsp;\r\n\r\n&nbsp;\r\n\r\n<hr \/>","protected":false},"excerpt":{"rendered":"Apresenta\u00e7\u00e3o Como assinala o t\u00edtulo, a AT7 articula quatro grandes sub\u00e1reas tem\u00e1ticas (Arte, Comunic\u00e3o, Cultura e Educa\u00e7\u00e3o) em fun\u00e7\u00e3o dos objetivos e prioridades de pesquisa de nossa Rede em rela\u00e7\u00e3o \u00e0 pol\u00edtica e a gest\u00e3o da \u00e1gua, com outros temas associados. Inicialmente, a AT7 se dedica especificamente aos temas inerentes \u00e0s sub\u00e1reas. Primeiramente, as representa\u00e7\u00f5es [&hellip;]","protected":false},"author":3,"featured_media":0,"parent":15,"menu_order":0,"comment_status":"closed","ping_status":"closed","template":"page-templates\/full-width.php","meta":{"_acf_changed":false,"footnotes":""},"class_list":["post-1586","page","type-page","status-publish","hentry","no-wpautop"],"acf":[],"_links":{"self":[{"href":"https:\/\/waterlat.org\/pt\/wp-json\/wp\/v2\/pages\/1586","targetHints":{"allow":["GET"]}}],"collection":[{"href":"https:\/\/waterlat.org\/pt\/wp-json\/wp\/v2\/pages"}],"about":[{"href":"https:\/\/waterlat.org\/pt\/wp-json\/wp\/v2\/types\/page"}],"author":[{"embeddable":true,"href":"https:\/\/waterlat.org\/pt\/wp-json\/wp\/v2\/users\/3"}],"replies":[{"embeddable":true,"href":"https:\/\/waterlat.org\/pt\/wp-json\/wp\/v2\/comments?post=1586"}],"version-history":[{"count":14,"href":"https:\/\/waterlat.org\/pt\/wp-json\/wp\/v2\/pages\/1586\/revisions"}],"predecessor-version":[{"id":3814,"href":"https:\/\/waterlat.org\/pt\/wp-json\/wp\/v2\/pages\/1586\/revisions\/3814"}],"up":[{"embeddable":true,"href":"https:\/\/waterlat.org\/pt\/wp-json\/wp\/v2\/pages\/15"}],"wp:attachment":[{"href":"https:\/\/waterlat.org\/pt\/wp-json\/wp\/v2\/media?parent=1586"}],"curies":[{"name":"wp","href":"https:\/\/api.w.org\/{rel}","templated":true}]}}

AT7 &#8211; Arte, Comunicação, Cultura e Educação

<h2>Apresentação</h2>
Como assinala o título, a AT7 articula quatro grandes subáreas temáticas (Arte, Comunicão, Cultura e Educação) em função dos <a href="https://waterlat.org/pt/about/objetivos/">objetivos</a> e <a href="https://waterlat.org/pt/about/prioridades/">prioridades de pesquisa</a> de nossa Rede em relação à política e a gestão da água, com outros temas associados. Inicialmente, a AT7 se dedica especificamente aos temas inerentes às subáreas.

Primeiramente, as representações artísticas e o papel da Arte nos nos temas relacionados com a água que interessam nossa Rede, incluindo a literatura, a música, a pintura, o cinema, o teatro e outras formas. Em segundo lugar, a AT7 enfoca o estudo das formas de comunicação dos problemas conectados com a água, assim como o desenvolvimento de estratégias comunicativas. Entre outros temas, observamos como no transcurso das últimas décadas as formas dominante de comunicação tem instalado semântica, discursiva e politicamente uma série de temas que são convertidos em sentido comum, como por exemplo a noção geral de “escassez hídrica”, extremamente ligada com a noção de “crise hídrica”, entendidas quase, exclusivamente, como um problema “natural” ou “técnico-administrativo”, que deixam de lado o caráter fundamentalmente político tanto da “escassez” como da própria “crise”.

Em terceiro lugar, a AT7 aborda, também, os aspectos culturais, como podem ser os costumes e tradições, as “culturas da água”, algumas dos quais são tão antígas como a própria espécie humana e sua relação com os processos de transformação sócio-ecológica. Nosso interesse inclui o fortalecimento de formas culturais fundadas nos princípios da água como um bem comum ou público, do acesso à água como direito e de uso igualitário, democrático, includente, solidário e sustentável da água. Ao mesmo tempo, há uma oposição contra o avanço das formas culturais individualistas, excludentes, que tendem a reducir o acesso à água al caráter de bem privado, quando não diretamente de uma mercadoria e em veículo de acumulação privada de lucros e que também contribuem para agravar os níveis de insustentabilidade com seus efeitos frequentemente irreversíveis sobre as fontes de água e sobre os seres viventes.

Finalmente, em quarto lugar, a AT7 estuda a dimensão educativa da desde a perspectiva de elaborar críticas as formas estabelecidas de conhecimento que contribuem para reproduzir as culturas, tradições e práticas dominantes em relação a água, coml na elaboração e difusão de conteúdos e técnicas educativas orientadas para reverteer as condições de vulnerabilidade e desamparo que afetam as populações humanas em relação a água, tanto no que tange as desigualdades e injustiças do acesso à água e aos serviços relacionados e necessários para a vida digna, como no que se refere à proteção contra as ameaças e perigos derivados dos fenômenos climáticos e dos próprios efeitos das políticas e formas de gestão da água.

Por outra parte, a AT7 tem um caráter transversal devido a sua forte interconexão com os temas do resto das <a href="https://waterlat.org/pt/areas-tematicas/">Áreas Temáticas</a> de nossa Rede, com as quais mantem una estreita inter-relação. Efetivamente, os temas cobertos pelo resto das ATs estão atravessados pelas dimensões  artística, comunicacional, cultural e educativa, que de fato são dimensões fundantes de muitos dos processos analisados nas ATs. De este modo, a AT7, junto com <a href="https://waterlat.org/pt/areas-tematicas/at1/">AT1 – A X-disciplinaridade na Pesquisa e na Ação</a>, constituem Áreas Temáticas estratégicas, que contribuem a elaboração de formas de conhecimento integrativas, que procuram superar os encerramentos disciplinares e alcançar níveis mais elevados de coordenação inter e transdisciplinar e de diálogos entre saberes diversos.

Temas destacados que abordam os membros da AT7:
<ul>
 	<li>Estudos sobre os discursos e as representações da água nas Artes: cinema, na literatura, na música, no teatro etc.</li>
 	<li>Produção artística propria sobre os temas da água que convocam a Rede nas Áreas do cinema, da literatura, da música, do teatro etc.</li>
 	<li>Estudos críticos sobre as abordagens das problemáticas da água nos meios de comunicação massivos</li>
 	<li>Produção de conteúdos sobre os temas da água que convocam a Rede para difusão nos diversos meios de comunicação</li>
 	<li>Estudos sobre as expressões culturais coletivas e individuais conectadas com os temas da água que convocam a Rede</li>
 	<li>Produção das expressões culturais críticas sobre os temas da água que convocam a Rede</li>
 	<li>Estudos críticos das abordagens discursivas sobre o tema da água nos materiais didáticos e paradidáticos nos diferentes níveis educativos</li>
 	<li>Elaboração de conteúdos e estratégias educativas sobre a água e o meio ambiente desde a perspectiva dos objetivos e prioridades temáticas da Rede, para os distintos níveis educativos</li>
 	<li>Estudos críticos dos conteúdos e práticas educativas das instituições públicas e da sociedade civil a cargo dos distintos aspectos da política e gestão da água (ministérios, empresas públicas de água e saneamento, sindicatos, etc.)</li>
 	<li>Elaboração conjunta com entidades públicas, sindicatos, associações comunitárias etc. de conteúdos e práticas educativas.</li>
</ul>
&nbsp;

<h2><a href="https://waterlat.org/pt/areas-tematicas/at7/cadernos-de-trabalho-da-at7/">Cadernos de Trabalho da AT7</a></h2>
<h2><a href="https://waterlat.org/pt/competicao-de-curta-metragens-2016-17/">Competição de Curta-metragens</a></h2>
<h2><a href="https://waterlat.org/pt/areas-tematicas/at7/galeria-multimidia-da-at7/">Galería Multimídia da AT7</a></h2>
&nbsp;

&nbsp;

<hr />

Apresentação Como assinala o título, a AT7 articula quatro grandes subáreas temáticas (Arte, Comunicão, Cultura e Educação) em função dos objetivos e prioridades de pesquisa de nossa Rede em relação à política e a gestão da água, com outros temas associados. Inicialmente, a AT7 se dedica especificamente aos temas inerentes às subáreas. Primeiramente, as representações [&hellip;]
