{"id":185,"date":"2014-01-24T10:41:30","date_gmt":"2014-01-24T10:41:30","guid":{"rendered":"http:\/\/waterlat.org\/pt\/?page_id=185"},"modified":"2017-06-13T13:08:46","modified_gmt":"2017-06-13T13:08:46","slug":"comissao-de-publicacoes-old","status":"publish","type":"page","link":"https:\/\/waterlat.org\/pt\/publicacoes\/comissao-de-publicacoes-old\/","title":{"rendered":"Comiss\u00e3o Editorial old"},"content":{"rendered":"<h2>Editor Geral<\/h2>\n<p dir=\"LTR\" align=\"LEFT\">Jos\u00e9 Esteban Castro,\u00a0Investigador Principal, Conselho Nacional de Pesquisas Cient\u00edficas e T\u00e9cnicas (CONICET), Argentina. Professor Em\u00e9rito em Sociologia, Newcastle University, Reino Unido<\/p>\n<p>&nbsp;<\/p>\n<h2>Editores de \u00c1reas Tem\u00e1ticas e S\u00e9ries<\/h2>\n<p dir=\"LTR\" align=\"LEFT\">Alex Ricardo Caldera Ortega,\u00a0Universidade de Guanajuato, Campus Le\u00f3n, Le\u00f3n, Guanajuato, M\u00e9xico<\/p>\n<p dir=\"LTR\" align=\"LEFT\">Andr\u00e9 Monteiro Costa, Centro de Pesquisas Aggeu Magalh\u00e3es, Funda\u00e7\u00e3o Oswaldo Cruz (Fiocruz), Recife, Pernambuco, Brasil<\/p>\n<p dir=\"LTR\" align=\"LEFT\">Luis Henrique Cunha, Universidade Federal de Campina Grande (UFCG), Campina Grande, Para\u00edba, Brasil<\/p>\n<p dir=\"LTR\" align=\"LEFT\">Eliano de Souza Martins Freitas, Universidade Federal de Minas Gerais (UFMG), Belo Horizonte, Minas Gerais, Brasil<\/p>\n<p dir=\"LTR\" align=\"LEFT\">Susana Herrera Lima, ITESO, a Universidade Jesu\u00edta de Guadalajara, Tlaquepaque, Jalisco, M\u00e9xico<\/p>\n<p dir=\"LTR\" align=\"LEFT\">Karina Kloster, Universidade Aut\u00f3noma da Cidade do M\u00e9xico (UACM), M\u00e9xico<\/p>\n<p dir=\"LTR\" align=\"LEFT\">Alex Latta, Wilfrid Laurier University, Waterloo, Ontario, Canad\u00e1<\/p>\n<p dir=\"LTR\" align=\"LEFT\">Mario Edgar L\u00f3pez Ram\u00edrez, ITESO, a Universidade Jesu\u00edta de Guadalajara, Tlaquepaque, Jalisco, M\u00e9xico <\/p>\n<p dir=\"LTR\" align=\"LEFT\">Fabi\u00e1n M\u00e9ndez, Escola de Sa\u00fade P\u00fablica, Universidade do Vale (UNIVALLE), Cali, Col\u00f4mbia<\/p>\n<p dir=\"LTR\" align=\"LEFT\">Francisco Javier Pe\u00f1a de Paz, El Colegio de San Luis (COLSAN), San Luis Potos\u00ed, M\u00e9xico<\/p>\n<p dir=\"LTR\" align=\"LEFT\">Miguel Ricardo Pe\u00f1a Var\u00f3n, Instituto CINARA, Universidade do Vale (UNIVALLE), Cali, Col\u00f4mbia<\/p>\n<p dir=\"LTR\" align=\"LEFT\">Wagner Costa Ribeiro, Universidade de S\u00e3o Paulo, S\u00e3o Paulo, Brasil<\/p>\n<p dir=\"LTR\" align=\"LEFT\">Antonio Rodr\u00edguez S\u00e1nchez, Instituto Jos\u00e9 Luis Mar\u00eda Mora, Cidade do M\u00e9xico, M\u00e9xico<\/p>\n<p dir=\"LTR\" align=\"LEFT\">Edgar Talledos S\u00e1nchez, El Colegio de San Luis (COLSAN), San Luis Potos\u00ed, Mexico<\/p>\n<p dir=\"LTR\" align=\"LEFT\">Alicia Torres Rodr\u00edguez, Universidade de Guadalajara, Guadalajara, Jalisco, M\u00e9xico<\/p>\n<p>&nbsp;<\/p>\n<h2>Junta Cient\u00edfica Assessora<\/h2>\n<p dir=\"LTR\" align=\"LEFT\">Cesaltina Abreu, Departamento de Sociologia, Faculdade de Ci\u00eancias Sociais, Universidade Agostinho Neto, Luanda, Angola.<\/p>\n<p dir=\"LTR\" align=\"LEFT\">Rais Akthar, Academia de Estudos sobre Meio Ambiente e Bem-estar Social, Aligarth, India<\/p>\n<p dir=\"LTR\" align=\"LEFT\">Pa\u00fal Cisneros, Instituto de Altos Estudos Nacionais (IAEN), Quito, Ecuador<\/p>\n<p dir=\"LTR\" align=\"LEFT\">Armando Luis Fern\u00e1ndez Soriano, Foro de Ecolog\u00eda Pol\u00edtica, Funda\u00e7\u00e3o Antonio N\u00fa\u00f1ez Jim\u00e9nez, Havana, Cuba<\/p>\n<p dir=\"LTR\" align=\"LEFT\">Javier Gonzaga Valencia Hern\u00e1ndez, Universidade de Caldas,\u00a0Manizales, Col\u00f4mbia<\/p>\n<p dir=\"LTR\" align=\"LEFT\">L\u00e9o Heller, Centro de Pesquisas Ren\u00e9 Rachou (CPqRR), Funda\u00e7\u00e3o Oswaldo Cruz, Belo Horizonte, Minas Gerais, Brasil<\/p>\n<p dir=\"LTR\" align=\"LEFT\">Tapio Katko, Universidade Tecnol\u00f3gica de Tampere (TUT), Tampere, Finl\u00e2ndia<\/p>\n<p dir=\"LTR\" align=\"LEFT\">Gustavo Kohan, Universidade Nacional de General Sarmiento (UNGS), Buenos Aires, Argentina<\/p>\n<p dir=\"LTR\" align=\"LEFT\">Luciano Louren\u00e7o, Faculdade de Humanidades, Universidade de Coimbra, Coimbra, Portugal<\/p>\n<p dir=\"LTR\" align=\"LEFT\">Cidoval Morais de Sousa, Universidade Estadual da\u00a0Para\u00edba, Campina Grande, Para\u00edba, Brasil<\/p>\n<p dir=\"LTR\" align=\"LEFT\">Elma Monta\u00f1a, Conselho Nacional de Pesquisas Cient\u00edficas e T\u00e9cnicas\u00a0(CONICET) Argentina, Mendoza, Argentina<\/p>\n<p dir=\"LTR\" align=\"LEFT\">Leandro del Moral Ituarte, Universidade de Sevilha, Sevilha, Espanha<\/p>\n<p dir=\"LTR\" align=\"LEFT\">Jesus Ra\u00fal Navarro Garc\u00eda, Escola de Estudos Hispano Americanos (EEHA), Conselho Superior de pesquisas Cient\u00edficas (CSIC), Sevilha, Espanha<\/p>\n<p dir=\"LTR\" align=\"LEFT\">Ezekiel Nyangeri Nyanchaga, Departamento de Engenharia Civil e da Constru\u00e7\u00e3o, Universidade de Nairobi, Nairobi, Qu\u00eania<\/p>\n<p dir=\"LTR\" align=\"LEFT\">David Saur\u00ed Pujol, Universidade Aut\u00f3noma de Barcelona (UAB), Barcelona, Espanha <\/p>\n<p dir=\"LTR\" align=\"LEFT\">Jos\u00e9 Irivaldo Alves Oliveira Silva, Universidade Federal de Campina Grande (UFCG), Sum\u00e9, Para\u00edba, Brasil<\/p>\n<p dir=\"LTR\" align=\"LEFT\">Erik Swyngedouw, Manchester University, Manchester, Reino Unido<\/p>\n<p dir=\"LTR\" align=\"LEFT\">Mar\u00eda Luisa Torregrosa, Faculdade Latino-americana de Ci\u00eancias Sociais (FLACSO), Cidade do M\u00e9xico, M\u00e9xico<\/p>\n<p dir=\"LTR\" align=\"LEFT\">Norma Valencio, Universidade de S\u00e3o Paulo, S\u00e3o Paulo, Brasil<\/p>\n<p>&nbsp;<\/p>\n<h2>Equipe Editorial<\/h2>\n<p dir=\"LTR\" align=\"LEFT\">Ana Mar\u00eda Attias, Faculdade de Arquitetura e Urbanismo, Universidade Nacional do Nordeste (UNNE), Resistencia, Chaco, Argentina<\/p>\n<p dir=\"LTR\" align=\"LEFT\">Marcionila Fernandes, Universidade Estadual da Para\u00edba (UEPB), Campina Grande, Para\u00edba, Brasil<\/p>\n<p dir=\"LTR\" align=\"LEFT\">Adriana Hern\u00e1ndez Garc\u00eda, Centro Universit\u00e1rio La Ci\u00e9naga, Universidade de Guadalajara, Ocotl\u00e1n, Jalisco, M\u00e9xico<\/p>\n<p dir=\"LTR\" align=\"LEFT\">Ricardo Daniel Lombardo, Faculdade de Arquitetura e Urbanismo, Universidade Nacional do Nordeste (UNNE), Resistencia, Chaco, Argentina<\/p>\n<p dir=\"LTR\" align=\"LEFT\">Cindy McCulligh, Centro de Pesquisa e Estudos Superiores em Antropologia Social (CIESAS), Guadalajara, Jalisco, M\u00e9xico<\/p>\n<p dir=\"LTR\" align=\"LEFT\">Heliodoro Ochoa Garc\u00eda, ITESO, a Universidade Jesu\u00edta de Guadalajara, Tlaquepaque, Jalisco, M\u00e9xico <\/p>\n<p dir=\"LTR\" align=\"LEFT\">Nidia Bibiana Pi\u00f1eyro, Faculdade de Humanidades, Universidade Nacional do Nordeste (UNNE), Resistencia, Chaco, Argentina<\/p>\n<p dir=\"LTR\" align=\"LEFT\">Alice Poma,\u00a0Instituto de Pesquisas Sociais (IIE), Universidade Nacional Aut\u00f3noma de M\u00e9xico (UNAM)<\/a>, Cidade do M\u00e9xico, M\u00e9xico<\/p>\n<p dir=\"LTR\" align=\"LEFT\">Carlos Ruggerio,\u00a0Universidade Nacional de General Sarmiento (UNGS), Buenos Aires, Argentina<\/p>\n<p dir=\"LTR\" align=\"LEFT\">Adriana Sandoval Moreno, Unidade Acad\u00e9mica de Estudos Regionais (UAER), Universidade Nacional Aut\u00f3noma de M\u00e9xico (UNAM), Jiquilpan, Michoac\u00e1n, M\u00e9xico<\/p>\n<p>&nbsp;<\/p>\n<h2>Equipe de Apoio Editorial<\/h2>\n<p dir=\"LTR\" align=\"LEFT\">Alba Margarita Campos Buend\u00eda, Universidade Aut\u00f3noma da Cidade do M\u00e9xico (UAMC), Cidade do M\u00e9xico, M\u00e9xico<\/p>\n<p dir=\"LTR\" align=\"LEFT\">Dem\u00e9trius Rodrigues de Freitas Ferreira, Universidade Federal de Pernambuco (UFPE), Recife, Pernambuco, Brasil<\/p>\n<p dir=\"LTR\" align=\"LEFT\">Carolina Filippon, Universidade Nacional do Litoral (UNL), Santa Fe, Argentina<\/p>\n<p dir=\"LTR\" align=\"LEFT\">Damiano Tagliavini, Conselho Nacional de Pesquisas Cient\u00edficas e T\u00e9cnicas (CONICET), Buenos Aires, Argentina<\/p>\n<p dir=\"LTR\" align=\"LEFT\">Hildelano Delanusse Theodoro, Universidade Federal de Minas Gerais (UFMG), Belo Horizonte, Minas Gerais, Brasil<\/p>\n<p dir=\"LTR\" align=\"LEFT\">Raquel Duarte Venturato Landmann, Universidade Federal de S\u00e3o Carlos (UFSCar), S\u00e3o Carlos, S\u00e3o Paulo, Brasil<\/p>\n<p>&nbsp;<\/p>\n<h2>Contacto<\/h2>\n<p><span style=\"text-decoration: underline;\">Secretaria<\/span>: Ana Sof\u00eda Mac\u00edas Ascanio. <a href=\"mailto: redwaterlat@gmail.com\">E-mail<\/a>.<\/p>\n<p>&nbsp;<\/p>\n<p><a href=\"https:\/\/waterlat.org\/pt\/publicacoes\/\">Retorno \u00e0 P\u00e1gina de Publica\u00e7\u00f5es<\/a><\/p>\n<p><a href=\"https:\/\/waterlat.org\/pt\/publicacoes\/working-papers-series\/\">Retorno \u00e0 P\u00e1gina dos Cadernos de Trabalho WATERLAT-GOBACIT<\/a><\/p>\n","protected":false},"excerpt":{"rendered":"<p>Editor Geral Jos\u00e9 Esteban Castro,\u00a0Investigador Principal, Conselho Nacional de Pesquisas Cient\u00edficas e T\u00e9cnicas (CONICET), Argentina. Professor Em\u00e9rito em Sociologia, Newcastle University, Reino Unido &nbsp; Editores de \u00c1reas Tem\u00e1ticas e S\u00e9ries Alex Ricardo Caldera Ortega,\u00a0Universidade de Guanajuato, Campus Le\u00f3n, Le\u00f3n, Guanajuato, M\u00e9xico Andr\u00e9 Monteiro Costa, Centro de Pesquisas Aggeu Magalh\u00e3es, Funda\u00e7\u00e3o Oswaldo Cruz (Fiocruz), Recife, Pernambuco, [&hellip;]<\/p>\n","protected":false},"author":3,"featured_media":0,"parent":7,"menu_order":0,"comment_status":"closed","ping_status":"open","template":"page-templates\/full-width.php","meta":{"_acf_changed":false,"footnotes":""},"class_list":["post-185","page","type-page","status-publish","hentry","wpautop"],"acf":[],"_links":{"self":[{"href":"https:\/\/waterlat.org\/pt\/wp-json\/wp\/v2\/pages\/185","targetHints":{"allow":["GET"]}}],"collection":[{"href":"https:\/\/waterlat.org\/pt\/wp-json\/wp\/v2\/pages"}],"about":[{"href":"https:\/\/waterlat.org\/pt\/wp-json\/wp\/v2\/types\/page"}],"author":[{"embeddable":true,"href":"https:\/\/waterlat.org\/pt\/wp-json\/wp\/v2\/users\/3"}],"replies":[{"embeddable":true,"href":"https:\/\/waterlat.org\/pt\/wp-json\/wp\/v2\/comments?post=185"}],"version-history":[{"count":20,"href":"https:\/\/waterlat.org\/pt\/wp-json\/wp\/v2\/pages\/185\/revisions"}],"predecessor-version":[{"id":2122,"href":"https:\/\/waterlat.org\/pt\/wp-json\/wp\/v2\/pages\/185\/revisions\/2122"}],"up":[{"embeddable":true,"href":"https:\/\/waterlat.org\/pt\/wp-json\/wp\/v2\/pages\/7"}],"wp:attachment":[{"href":"https:\/\/waterlat.org\/pt\/wp-json\/wp\/v2\/media?parent=185"}],"curies":[{"name":"wp","href":"https:\/\/api.w.org\/{rel}","templated":true}]}}

Comissão Editorial old

<h2>Editor Geral</h2>
<p dir="LTR" align="LEFT">José Esteban Castro, Investigador Principal, Conselho Nacional de Pesquisas Científicas e Técnicas (CONICET), Argentina. Professor Emérito em Sociologia, Newcastle University, Reino Unido</p>
<p>&nbsp;</p>
<h2>Editores de Áreas Temáticas e Séries</h2>
<p dir="LTR" align="LEFT">Alex Ricardo Caldera Ortega, Universidade de Guanajuato, Campus León, León, Guanajuato, México</p>
<p dir="LTR" align="LEFT">André Monteiro Costa, Centro de Pesquisas Aggeu Magalhães, Fundação Oswaldo Cruz (Fiocruz), Recife, Pernambuco, Brasil</p>
<p dir="LTR" align="LEFT">Luis Henrique Cunha, Universidade Federal de Campina Grande (UFCG), Campina Grande, Paraíba, Brasil</p>
<p dir="LTR" align="LEFT">Eliano de Souza Martins Freitas, Universidade Federal de Minas Gerais (UFMG), Belo Horizonte, Minas Gerais, Brasil</p>
<p dir="LTR" align="LEFT">Susana Herrera Lima, ITESO, a Universidade Jesuíta de Guadalajara, Tlaquepaque, Jalisco, México</p>
<p dir="LTR" align="LEFT">Karina Kloster, Universidade Autónoma da Cidade do México (UACM), México</p>
<p dir="LTR" align="LEFT">Alex Latta, Wilfrid Laurier University, Waterloo, Ontario, Canadá</p>
<p dir="LTR" align="LEFT">Mario Edgar López Ramírez, ITESO, a Universidade Jesuíta de Guadalajara, Tlaquepaque, Jalisco, México </p>
<p dir="LTR" align="LEFT">Fabián Méndez, Escola de Saúde Pública, Universidade do Vale (UNIVALLE), Cali, Colômbia</p>
<p dir="LTR" align="LEFT">Francisco Javier Peña de Paz, El Colegio de San Luis (COLSAN), San Luis Potosí, México</p>
<p dir="LTR" align="LEFT">Miguel Ricardo Peña Varón, Instituto CINARA, Universidade do Vale (UNIVALLE), Cali, Colômbia</p>
<p dir="LTR" align="LEFT">Wagner Costa Ribeiro, Universidade de São Paulo, São Paulo, Brasil</p>
<p dir="LTR" align="LEFT">Antonio Rodríguez Sánchez, Instituto José Luis María Mora, Cidade do México, México</p>
<p dir="LTR" align="LEFT">Edgar Talledos Sánchez, El Colegio de San Luis (COLSAN), San Luis Potosí, Mexico</p>
<p dir="LTR" align="LEFT">Alicia Torres Rodríguez, Universidade de Guadalajara, Guadalajara, Jalisco, México</p>
<p>&nbsp;</p>
<h2>Junta Científica Assessora</h2>
<p dir="LTR" align="LEFT">Cesaltina Abreu, Departamento de Sociologia, Faculdade de Ciências Sociais, Universidade Agostinho Neto, Luanda, Angola.</p>
<p dir="LTR" align="LEFT">Rais Akthar, Academia de Estudos sobre Meio Ambiente e Bem-estar Social, Aligarth, India</p>
<p dir="LTR" align="LEFT">Paúl Cisneros, Instituto de Altos Estudos Nacionais (IAEN), Quito, Ecuador</p>
<p dir="LTR" align="LEFT">Armando Luis Fernández Soriano, Foro de Ecología Política, Fundação Antonio Núñez Jiménez, Havana, Cuba</p>
<p dir="LTR" align="LEFT">Javier Gonzaga Valencia Hernández, Universidade de Caldas, Manizales, Colômbia</p>
<p dir="LTR" align="LEFT">Léo Heller, Centro de Pesquisas René Rachou (CPqRR), Fundação Oswaldo Cruz, Belo Horizonte, Minas Gerais, Brasil</p>
<p dir="LTR" align="LEFT">Tapio Katko, Universidade Tecnológica de Tampere (TUT), Tampere, Finlândia</p>
<p dir="LTR" align="LEFT">Gustavo Kohan, Universidade Nacional de General Sarmiento (UNGS), Buenos Aires, Argentina</p>
<p dir="LTR" align="LEFT">Luciano Lourenço, Faculdade de Humanidades, Universidade de Coimbra, Coimbra, Portugal</p>
<p dir="LTR" align="LEFT">Cidoval Morais de Sousa, Universidade Estadual da Paraíba, Campina Grande, Paraíba, Brasil</p>
<p dir="LTR" align="LEFT">Elma Montaña, Conselho Nacional de Pesquisas Científicas e Técnicas (CONICET) Argentina, Mendoza, Argentina</p>
<p dir="LTR" align="LEFT">Leandro del Moral Ituarte, Universidade de Sevilha, Sevilha, Espanha</p>
<p dir="LTR" align="LEFT">Jesus Raúl Navarro García, Escola de Estudos Hispano Americanos (EEHA), Conselho Superior de pesquisas Científicas (CSIC), Sevilha, Espanha</p>
<p dir="LTR" align="LEFT">Ezekiel Nyangeri Nyanchaga, Departamento de Engenharia Civil e da Construção, Universidade de Nairobi, Nairobi, Quênia</p>
<p dir="LTR" align="LEFT">David Saurí Pujol, Universidade Autónoma de Barcelona (UAB), Barcelona, Espanha </p>
<p dir="LTR" align="LEFT">José Irivaldo Alves Oliveira Silva, Universidade Federal de Campina Grande (UFCG), Sumé, Paraíba, Brasil</p>
<p dir="LTR" align="LEFT">Erik Swyngedouw, Manchester University, Manchester, Reino Unido</p>
<p dir="LTR" align="LEFT">María Luisa Torregrosa, Faculdade Latino-americana de Ciências Sociais (FLACSO), Cidade do México, México</p>
<p dir="LTR" align="LEFT">Norma Valencio, Universidade de São Paulo, São Paulo, Brasil</p>
<p>&nbsp;</p>
<h2>Equipe Editorial</h2>
<p dir="LTR" align="LEFT">Ana María Attias, Faculdade de Arquitetura e Urbanismo, Universidade Nacional do Nordeste (UNNE), Resistencia, Chaco, Argentina</p>
<p dir="LTR" align="LEFT">Marcionila Fernandes, Universidade Estadual da Paraíba (UEPB), Campina Grande, Paraíba, Brasil</p>
<p dir="LTR" align="LEFT">Adriana Hernández García, Centro Universitário La Ciénaga, Universidade de Guadalajara, Ocotlán, Jalisco, México</p>
<p dir="LTR" align="LEFT">Ricardo Daniel Lombardo, Faculdade de Arquitetura e Urbanismo, Universidade Nacional do Nordeste (UNNE), Resistencia, Chaco, Argentina</p>
<p dir="LTR" align="LEFT">Cindy McCulligh, Centro de Pesquisa e Estudos Superiores em Antropologia Social (CIESAS), Guadalajara, Jalisco, México</p>
<p dir="LTR" align="LEFT">Heliodoro Ochoa García, ITESO, a Universidade Jesuíta de Guadalajara, Tlaquepaque, Jalisco, México </p>
<p dir="LTR" align="LEFT">Nidia Bibiana Piñeyro, Faculdade de Humanidades, Universidade Nacional do Nordeste (UNNE), Resistencia, Chaco, Argentina</p>
<p dir="LTR" align="LEFT">Alice Poma, Instituto de Pesquisas Sociais (IIE), Universidade Nacional Autónoma de México (UNAM)</a>, Cidade do México, México</p>
<p dir="LTR" align="LEFT">Carlos Ruggerio, Universidade Nacional de General Sarmiento (UNGS), Buenos Aires, Argentina</p>
<p dir="LTR" align="LEFT">Adriana Sandoval Moreno, Unidade Académica de Estudos Regionais (UAER), Universidade Nacional Autónoma de México (UNAM), Jiquilpan, Michoacán, México</p>
<p>&nbsp;</p>
<h2>Equipe de Apoio Editorial</h2>
<p dir="LTR" align="LEFT">Alba Margarita Campos Buendía, Universidade Autónoma da Cidade do México (UAMC), Cidade do México, México</p>
<p dir="LTR" align="LEFT">Demétrius Rodrigues de Freitas Ferreira, Universidade Federal de Pernambuco (UFPE), Recife, Pernambuco, Brasil</p>
<p dir="LTR" align="LEFT">Carolina Filippon, Universidade Nacional do Litoral (UNL), Santa Fe, Argentina</p>
<p dir="LTR" align="LEFT">Damiano Tagliavini, Conselho Nacional de Pesquisas Científicas e Técnicas (CONICET), Buenos Aires, Argentina</p>
<p dir="LTR" align="LEFT">Hildelano Delanusse Theodoro, Universidade Federal de Minas Gerais (UFMG), Belo Horizonte, Minas Gerais, Brasil</p>
<p dir="LTR" align="LEFT">Raquel Duarte Venturato Landmann, Universidade Federal de São Carlos (UFSCar), São Carlos, São Paulo, Brasil</p>
<p>&nbsp;</p>
<h2>Contacto</h2>
<p><span style="text-decoration: underline;">Secretaria</span>: Ana Sofía Macías Ascanio. <a href="mailto: redwaterlat@gmail.com">E-mail</a>.</p>
<p>&nbsp;</p>
<p><a href="https://waterlat.org/pt/publicacoes/">Retorno à Página de Publicações</a></p>
<p><a href="https://waterlat.org/pt/publicacoes/working-papers-series/">Retorno à Página dos Cadernos de Trabalho WATERLAT-GOBACIT</a></p>

<p>Editor Geral José Esteban Castro, Investigador Principal, Conselho Nacional de Pesquisas Científicas e Técnicas (CONICET), Argentina. Professor Emérito em Sociologia, Newcastle University, Reino Unido &nbsp; Editores de Áreas Temáticas e Séries Alex Ricardo Caldera Ortega, Universidade de Guanajuato, Campus León, León, Guanajuato, México André Monteiro Costa, Centro de Pesquisas Aggeu Magalhães, Fundação Oswaldo Cruz (Fiocruz), Recife, Pernambuco, [&hellip;]</p>
