{"id":1990,"date":"2017-04-11T21:14:52","date_gmt":"2017-04-11T21:14:52","guid":{"rendered":"http:\/\/waterlat.org\/pt\/?page_id=1990"},"modified":"2024-10-30T14:26:19","modified_gmt":"2024-10-30T14:26:19","slug":"competicao-de-curta-metragens-2016-17-3","status":"publish","type":"page","link":"https:\/\/waterlat.org\/pt\/competicao-de-curta-metragens-2016-17-3\/","title":{"rendered":"Competi\u00e7\u00e3o de Curta-metragens old"},"content":{"rendered":"Desde\u00a02015 a Rede organiza regularmente uma Competi\u00e7\u00e3o de Curta-metragens, que faz parte das atividades de nossa <a href=\"https:\/\/waterlat.org\/pt\/areas-tematicas\/at7\/\">\u00c1rea Tem\u00e1tica 7, Arte, Comunica\u00e7\u00e3o, Cultura, e Educa\u00e7\u00e3o<\/a>.\r\n\r\n<strong>Visite as p\u00e1ginas individuais de nossas Competi\u00e7\u00f5es de Curta-metragens<\/strong>\r\n<h3><a href=\"https:\/\/waterlat.org\/pt\/encontros\/encontros-abertos\/waterlat-gobacit-viii-san-jose-2017\/competicao-de-curta-metragems-2016-17-regras-da-competicao\/\">Competi\u00e7\u00e3o de Curta-metragens 2016-17<\/a><\/h3>\r\n<h3><a href=\"https:\/\/waterlat.org\/pt\/encontros\/encontros-abertos\/waterlat-gobacit-2015\/competicao-de-curta-metragems-2015\/\">Competi\u00e7\u00e3o de Curta-metragens 2015<\/a><\/h3>\r\n&nbsp;\r\n\r\n<strong>Todos os v\u00eddeos participantes s\u00e3o exhibidos nas listas de reprodu\u00e7\u00e3o relevantes em nosso Canal de Youtube:<\/strong>\r\n<h3><a href=\"https:\/\/www.youtube.com\/playlist?list=PLx6qphzdSP6tWe7bXKU_v4vP8eg0ct7Pz\">Lista de Reprodu\u00e7\u00e3o da Competi\u00e7\u00e3o de Curta-metragens 2016-17<\/a><\/h3>\r\n<h3><a href=\"https:\/\/www.youtube.com\/playlist?list=PLx6qphzdSP6v9cqqLMKGe-yAS6aQ0S7B-\">Lista de Reprodu\u00e7\u00e3o da Competi\u00e7\u00e3o de Curta-metragens 2015<\/a><\/h3>\r\n<h3><a href=\"https:\/\/www.youtube.com\/playlist?list=PLx6qphzdSP6u_RzjcUyQOWXZ9v3Y-H2kc\">Lista de Reprodu\u00e7\u00e3o da \u00c1rea Tem\u00e1tica 7<\/a><\/h3>","protected":false},"excerpt":{"rendered":"Desde\u00a02015 a Rede organiza regularmente uma Competi\u00e7\u00e3o de Curta-metragens, que faz parte das atividades de nossa \u00c1rea Tem\u00e1tica 7, Arte, Comunica\u00e7\u00e3o, Cultura, e Educa\u00e7\u00e3o. Visite as p\u00e1ginas individuais de nossas Competi\u00e7\u00f5es de Curta-metragens Competi\u00e7\u00e3o de Curta-metragens 2016-17 Competi\u00e7\u00e3o de Curta-metragens 2015 &nbsp; Todos os v\u00eddeos participantes s\u00e3o exhibidos nas listas de reprodu\u00e7\u00e3o relevantes em nosso [&hellip;]","protected":false},"author":3,"featured_media":0,"parent":0,"menu_order":0,"comment_status":"closed","ping_status":"closed","template":"page-templates\/full-width.php","meta":{"_acf_changed":false,"footnotes":""},"class_list":["post-1990","page","type-page","status-publish","hentry","no-wpautop"],"acf":[],"_links":{"self":[{"href":"https:\/\/waterlat.org\/pt\/wp-json\/wp\/v2\/pages\/1990","targetHints":{"allow":["GET"]}}],"collection":[{"href":"https:\/\/waterlat.org\/pt\/wp-json\/wp\/v2\/pages"}],"about":[{"href":"https:\/\/waterlat.org\/pt\/wp-json\/wp\/v2\/types\/page"}],"author":[{"embeddable":true,"href":"https:\/\/waterlat.org\/pt\/wp-json\/wp\/v2\/users\/3"}],"replies":[{"embeddable":true,"href":"https:\/\/waterlat.org\/pt\/wp-json\/wp\/v2\/comments?post=1990"}],"version-history":[{"count":5,"href":"https:\/\/waterlat.org\/pt\/wp-json\/wp\/v2\/pages\/1990\/revisions"}],"predecessor-version":[{"id":3955,"href":"https:\/\/waterlat.org\/pt\/wp-json\/wp\/v2\/pages\/1990\/revisions\/3955"}],"wp:attachment":[{"href":"https:\/\/waterlat.org\/pt\/wp-json\/wp\/v2\/media?parent=1990"}],"curies":[{"name":"wp","href":"https:\/\/api.w.org\/{rel}","templated":true}]}}

Competição de Curta-metragens old

Desde 2015 a Rede organiza regularmente uma Competição de Curta-metragens, que faz parte das atividades de nossa <a href="https://waterlat.org/pt/areas-tematicas/at7/">Área Temática 7, Arte, Comunicação, Cultura, e Educação</a>.

<strong>Visite as páginas individuais de nossas Competições de Curta-metragens</strong>
<h3><a href="https://waterlat.org/pt/encontros/encontros-abertos/waterlat-gobacit-viii-san-jose-2017/competicao-de-curta-metragems-2016-17-regras-da-competicao/">Competição de Curta-metragens 2016-17</a></h3>
<h3><a href="https://waterlat.org/pt/encontros/encontros-abertos/waterlat-gobacit-2015/competicao-de-curta-metragems-2015/">Competição de Curta-metragens 2015</a></h3>
&nbsp;

<strong>Todos os vídeos participantes são exhibidos nas listas de reprodução relevantes em nosso Canal de Youtube:</strong>
<h3><a href="https://www.youtube.com/playlist?list=PLx6qphzdSP6tWe7bXKU_v4vP8eg0ct7Pz">Lista de Reprodução da Competição de Curta-metragens 2016-17</a></h3>
<h3><a href="https://www.youtube.com/playlist?list=PLx6qphzdSP6v9cqqLMKGe-yAS6aQ0S7B-">Lista de Reprodução da Competição de Curta-metragens 2015</a></h3>
<h3><a href="https://www.youtube.com/playlist?list=PLx6qphzdSP6u_RzjcUyQOWXZ9v3Y-H2kc">Lista de Reprodução da Área Temática 7</a></h3>

Desde 2015 a Rede organiza regularmente uma Competição de Curta-metragens, que faz parte das atividades de nossa Área Temática 7, Arte, Comunicação, Cultura, e Educação. Visite as páginas individuais de nossas Competições de Curta-metragens Competição de Curta-metragens 2016-17 Competição de Curta-metragens 2015 &nbsp; Todos os vídeos participantes são exhibidos nas listas de reprodução relevantes em nosso [&hellip;]
