{"id":20,"date":"2013-11-27T20:58:46","date_gmt":"2013-11-27T20:58:46","guid":{"rendered":"http:\/\/waterlat.org\/pt\/?page_id=20"},"modified":"2016-03-04T20:58:45","modified_gmt":"2016-03-04T20:58:45","slug":"desafio","status":"publish","type":"page","link":"https:\/\/waterlat.org\/pt\/projetos\/desafio\/","title":{"rendered":"DESAFIO"},"content":{"rendered":"<h2><a href=\"http:\/\/www.desafioglobal.org\/\">&#8220;Democratiza\u00e7\u00e3o da Governan\u00e7a da \u00c1gua e Saneamento mediante Inova\u00e7\u00f5es S\u00f3cio-T\u00e9cnicas (DESAFIO)&#8221;<\/a>\u00a0&#8211; 01 de fevereiro de 2013 &#8211; 31 de julho de 2015<\/h2>\n<div>\n<p>Este projeto pretende contribuir para a resolu\u00e7\u00e3o de um dos maiores desafios enfrentados pelo Brasil &#8211; e, em geral, os pa\u00edses da Am\u00e9rica Latina e do Caribe &#8211; no s\u00e9culo XXI: a erradica\u00e7\u00e3o das desigualdades estruturais no acesso a servi\u00e7os essenciais \u00e1gua e saneamento (SAS). Neste sentido, o nosso projeto parte da ideia de que a realiza\u00e7\u00e3o dos objetivos estabelecidos pela comunidade internacional para as pr\u00f3ximas duas d\u00e9cadas em rela\u00e7\u00e3o \u00e0 redu\u00e7\u00e3o da pobreza e na protec\u00e7\u00e3o da sustentabilidade ambiental depende fundamentalmente da utiliza\u00e7\u00e3o de solu\u00e7\u00f5es s\u00f3cio-t\u00e9cnicas adequadas, inovadoras, para proporcionar SAS de qualidade.<\/p>\n<p>&nbsp;<\/p>\n<hr \/>\n<p>&nbsp;<\/p>\n<h2 style=\"padding-left: 30px;\"><strong><em><span style=\"color: #0000ff;\"><span style=\"color: #ff0000;\">Novo!<\/span> <\/span><\/em><\/strong><\/h2>\n<p><strong>A \u00e1rea de Ci\u00eancias Sociais e Humanidades da se\u00e7\u00e3o de Pesquisa e Inova\u00e7\u00e3o da Comiss\u00e3o Europeia publicou uma entrevista com o Coordenador de DESAFIO sobre as contribui\u00e7\u00f5es do Projeto aos debates sobre a epidemia do v\u00edrus Zika. <a href=\"http:\/\/ec.europa.eu\/research\/social-sciences\/index.cfm?pg=newspage&amp;item=160225\">Acesse a entrevista aqui (em ingl\u00eas, espanhol e portugu\u00eas).<\/a><\/strong><\/p>\n<hr \/>\n<p>&nbsp;<\/p>\n<p><strong>A UE publicou uma sinopse das principais recomenda\u00e7\u00f5es de DESAFIO numa sele\u00e7\u00e3o dos projetos mais relevantes na \u00e1rea de desenvolvimento financiados pelo S\u00e9timo Programa Quadro para a pesquisa e o desenvolvimento tecnol\u00f3gico (FP7): <a href=\"http:\/\/ec.europa.eu\/research\/social-sciences\/pdf\/project_synopses\/ki-na-27-321-en.pdf#view=fit&amp;pagemode=none\">Open the Door: Social Science Research for Development and a Sustainable Future<\/a><\/strong><br \/>\n<a href=\"http:\/\/desafioglobal.org\/pt\/wp-content\/uploads\/sites\/3\/2013\/07\/Cover.jpg\"><img loading=\"lazy\" decoding=\"async\" class=\"aligncenter size-medium wp-image-753\" src=\"http:\/\/desafioglobal.org\/pt\/wp-content\/uploads\/sites\/3\/2013\/07\/Cover-211x300.jpg\" alt=\"Cover\" width=\"211\" height=\"300\" \/><\/a><\/p>\n<hr \/>\n<p><strong>Video clips do projeto:<\/strong><\/p>\n<p><iframe loading=\"lazy\" src=\"\/\/www.youtube.com\/embed\/videoseries?list=PLx6qphzdSP6sxHigH5SMJSfaa31tYyl8u\" width=\"560\" height=\"315\" frameborder=\"0\" allowfullscreen=\"allowfullscreen\"><\/iframe><\/p>\n<p>O projeto \u00e9 um produto da colabora\u00e7\u00e3o entre pesquisadores da \u00c1rea Tem\u00e1tica\u00a03 da Rede WATERLAT-GOBACIT sobre o tema do &#8220;ciclo urbano da \u00e1gua e dos servi\u00e7os essenciais de \u00e1gua&#8221;, em colabora\u00e7\u00e3o com colegas de outras institui\u00e7\u00f5es na Europa e na Am\u00e9rica Latina.<\/p>\n<p>DESAFIO \u00e9 um projeto colaborativo para a\u00e7\u00f5es de coopera\u00e7\u00e3o espec\u00edficas dedicadas \u00e0 coopera\u00e7\u00e3o internacional (CP-FP-SICA), financiado pelo S\u00e9timo Programa-Quadro de Coopera\u00e7\u00e3o da Comiss\u00e3o Europeia. \u00c9 parte da chamada SSH.2012.2.1-2. &#8220;Inova\u00e7\u00e3o Social para Popula\u00e7\u00f5es Vulner\u00e1veis&#8221;, Item 8: &#8220;Ci\u00eancias Socioecon\u00f3micas e humanas&#8221;, Atividade 8.2: &#8220;Combinando objetivos econ\u00f4micos, sociais e ambientais numa perspectiva europeia: caminhos para o desenvolvimento sustent\u00e1vel&#8221;, \u00c1rea: 8.2.1. &#8220;Trajet\u00f3rias de desenvolvimento socioecon\u00f4mico&#8221;. Convenio do Projeto\u00a0No. 320303.<\/p>\n<p>&nbsp;<\/p>\n<p>Visite o site de Internet de <a href=\"http:\/\/desafioglobal.org\/pt\/\">DESAFIO<\/a>\u00a0para obter mais informa\u00e7\u00f5es.<\/p>\n<\/div>\n<p>&nbsp;<\/p>\n<p>Galeria Fotografica do Projeto<\/p>\n<p><object width=\"675\" height=\"506\"><param name=\"flashvars\" value=\"offsite=true&amp;lang=en-us&amp;page_show_url=%2Fphotos%2F125391306%40N03%2Fsets%2F72157646703365919%2Fshow%2F&amp;page_show_back_url=%2Fphotos%2F125391306%40N03%2Fsets%2F72157646703365919%2F&amp;set_id=72157646703365919&amp;jump_to=\" \/><param name=\"movie\" value=\"https:\/\/www.flickr.com\/apps\/slideshow\/show.swf?v=1811922554\" \/><param name=\"allowFullScreen\" value=\"true\" \/><embed type=\"application\/x-shockwave-flash\" src=\"https:\/\/www.flickr.com\/apps\/slideshow\/show.swf?v=1811922554\" allowfullscreen=\"allowfullscreen\" flashvars=\"offsite=true&amp;lang=en-us&amp;page_show_url=%2Fphotos%2F125391306%40N03%2Fsets%2F72157646703365919%2Fshow%2F&amp;page_show_back_url=%2Fphotos%2F125391306%40N03%2Fsets%2F72157646703365919%2F&amp;set_id=72157646703365919&amp;jump_to=\" width=\"675\" height=\"506\" \/><\/object><\/p>\n<p>&nbsp;<\/p>\n","protected":false},"excerpt":{"rendered":"<p>&#8220;Democratiza\u00e7\u00e3o da Governan\u00e7a da \u00c1gua e Saneamento mediante Inova\u00e7\u00f5es S\u00f3cio-T\u00e9cnicas (DESAFIO)&#8221;\u00a0&#8211; 01 de fevereiro de 2013 &#8211; 31 de julho de 2015 Este projeto pretende contribuir para a resolu\u00e7\u00e3o de um dos maiores desafios enfrentados pelo Brasil &#8211; e, em geral, os pa\u00edses da Am\u00e9rica Latina e do Caribe &#8211; no s\u00e9culo XXI: a erradica\u00e7\u00e3o [&hellip;]<\/p>\n","protected":false},"author":1,"featured_media":0,"parent":6,"menu_order":0,"comment_status":"closed","ping_status":"closed","template":"page-templates\/full-width.php","meta":{"_acf_changed":false,"footnotes":""},"class_list":["post-20","page","type-page","status-publish","hentry","wpautop"],"acf":[],"_links":{"self":[{"href":"https:\/\/waterlat.org\/pt\/wp-json\/wp\/v2\/pages\/20","targetHints":{"allow":["GET"]}}],"collection":[{"href":"https:\/\/waterlat.org\/pt\/wp-json\/wp\/v2\/pages"}],"about":[{"href":"https:\/\/waterlat.org\/pt\/wp-json\/wp\/v2\/types\/page"}],"author":[{"embeddable":true,"href":"https:\/\/waterlat.org\/pt\/wp-json\/wp\/v2\/users\/1"}],"replies":[{"embeddable":true,"href":"https:\/\/waterlat.org\/pt\/wp-json\/wp\/v2\/comments?post=20"}],"version-history":[{"count":10,"href":"https:\/\/waterlat.org\/pt\/wp-json\/wp\/v2\/pages\/20\/revisions"}],"predecessor-version":[{"id":1471,"href":"https:\/\/waterlat.org\/pt\/wp-json\/wp\/v2\/pages\/20\/revisions\/1471"}],"up":[{"embeddable":true,"href":"https:\/\/waterlat.org\/pt\/wp-json\/wp\/v2\/pages\/6"}],"wp:attachment":[{"href":"https:\/\/waterlat.org\/pt\/wp-json\/wp\/v2\/media?parent=20"}],"curies":[{"name":"wp","href":"https:\/\/api.w.org\/{rel}","templated":true}]}}

<h2><a href="http://www.desafioglobal.org/">&#8220;Democratização da Governança da Água e Saneamento mediante Inovações Sócio-Técnicas (DESAFIO)&#8221;</a> &#8211; 01 de fevereiro de 2013 &#8211; 31 de julho de 2015</h2>
<div>
<p>Este projeto pretende contribuir para a resolução de um dos maiores desafios enfrentados pelo Brasil &#8211; e, em geral, os países da América Latina e do Caribe &#8211; no século XXI: a erradicação das desigualdades estruturais no acesso a serviços essenciais água e saneamento (SAS). Neste sentido, o nosso projeto parte da ideia de que a realização dos objetivos estabelecidos pela comunidade internacional para as próximas duas décadas em relação à redução da pobreza e na protecção da sustentabilidade ambiental depende fundamentalmente da utilização de soluções sócio-técnicas adequadas, inovadoras, para proporcionar SAS de qualidade.</p>
<p>&nbsp;</p>
<hr />
<p>&nbsp;</p>
<h2 style="padding-left: 30px;"><strong><em><span style="color: #0000ff;"><span style="color: #ff0000;">Novo!</span> </span></em></strong></h2>
<p><strong>A área de Ciências Sociais e Humanidades da seção de Pesquisa e Inovação da Comissão Europeia publicou uma entrevista com o Coordenador de DESAFIO sobre as contribuições do Projeto aos debates sobre a epidemia do vírus Zika. <a href="http://ec.europa.eu/research/social-sciences/index.cfm?pg=newspage&amp;item=160225">Acesse a entrevista aqui (em inglês, espanhol e português).</a></strong></p>
<hr />
<p>&nbsp;</p>
<p><strong>A UE publicou uma sinopse das principais recomendações de DESAFIO numa seleção dos projetos mais relevantes na área de desenvolvimento financiados pelo Sétimo Programa Quadro para a pesquisa e o desenvolvimento tecnológico (FP7): <a href="http://ec.europa.eu/research/social-sciences/pdf/project_synopses/ki-na-27-321-en.pdf#view=fit&amp;pagemode=none">Open the Door: Social Science Research for Development and a Sustainable Future</a></strong><br />
<a href="http://desafioglobal.org/pt/wp-content/uploads/sites/3/2013/07/Cover.jpg"><img loading="lazy" decoding="async" class="aligncenter size-medium wp-image-753" src="http://desafioglobal.org/pt/wp-content/uploads/sites/3/2013/07/Cover-211x300.jpg" alt="Cover" width="211" height="300" /></a></p>
<hr />
<p><strong>Video clips do projeto:</strong></p>
<p><iframe loading="lazy" src="//www.youtube.com/embed/videoseries?list=PLx6qphzdSP6sxHigH5SMJSfaa31tYyl8u" width="560" height="315" frameborder="0" allowfullscreen="allowfullscreen"></iframe></p>
<p>O projeto é um produto da colaboração entre pesquisadores da Área Temática 3 da Rede WATERLAT-GOBACIT sobre o tema do &#8220;ciclo urbano da água e dos serviços essenciais de água&#8221;, em colaboração com colegas de outras instituições na Europa e na América Latina.</p>
<p>DESAFIO é um projeto colaborativo para ações de cooperação específicas dedicadas à cooperação internacional (CP-FP-SICA), financiado pelo Sétimo Programa-Quadro de Cooperação da Comissão Europeia. É parte da chamada SSH.2012.2.1-2. &#8220;Inovação Social para Populações Vulneráveis&#8221;, Item 8: &#8220;Ciências Socioeconómicas e humanas&#8221;, Atividade 8.2: &#8220;Combinando objetivos econômicos, sociais e ambientais numa perspectiva europeia: caminhos para o desenvolvimento sustentável&#8221;, Área: 8.2.1. &#8220;Trajetórias de desenvolvimento socioeconômico&#8221;. Convenio do Projeto No. 320303.</p>
<p>&nbsp;</p>
<p>Visite o site de Internet de <a href="http://desafioglobal.org/pt/">DESAFIO</a> para obter mais informações.</p>
</div>
<p>&nbsp;</p>
<p>Galeria Fotografica do Projeto</p>
<p><object width="675" height="506"><param name="flashvars" value="offsite=true&amp;lang=en-us&amp;page_show_url=%2Fphotos%2F125391306%40N03%2Fsets%2F72157646703365919%2Fshow%2F&amp;page_show_back_url=%2Fphotos%2F125391306%40N03%2Fsets%2F72157646703365919%2F&amp;set_id=72157646703365919&amp;jump_to=" /><param name="movie" value="https://www.flickr.com/apps/slideshow/show.swf?v=1811922554" /><param name="allowFullScreen" value="true" /><embed type="application/x-shockwave-flash" src="https://www.flickr.com/apps/slideshow/show.swf?v=1811922554" allowfullscreen="allowfullscreen" flashvars="offsite=true&amp;lang=en-us&amp;page_show_url=%2Fphotos%2F125391306%40N03%2Fsets%2F72157646703365919%2Fshow%2F&amp;page_show_back_url=%2Fphotos%2F125391306%40N03%2Fsets%2F72157646703365919%2F&amp;set_id=72157646703365919&amp;jump_to=" width="675" height="506" /></object></p>
<p>&nbsp;</p>

<p>&#8220;Democratização da Governança da Água e Saneamento mediante Inovações Sócio-Técnicas (DESAFIO)&#8221; &#8211; 01 de fevereiro de 2013 &#8211; 31 de julho de 2015 Este projeto pretende contribuir para a resolução de um dos maiores desafios enfrentados pelo Brasil &#8211; e, em geral, os países da América Latina e do Caribe &#8211; no século XXI: a erradicação [&hellip;]</p>
