{"id":2206,"date":"2017-07-28T17:59:18","date_gmt":"2017-07-28T17:59:18","guid":{"rendered":"http:\/\/waterlat.org\/pt\/?page_id=2206"},"modified":"2017-08-26T17:15:11","modified_gmt":"2017-08-26T17:15:11","slug":"waterlat-gobacit-ix-eventos-preparatorios","status":"publish","type":"page","link":"https:\/\/waterlat.org\/pt\/encontros\/encontros-abertos\/waterlat-gobacit-ix-2018\/waterlat-gobacit-ix-eventos-preparatorios\/","title":{"rendered":"WATERLAT-GOBACIT IX, Eventos Preparat\u00f3rios"},"content":{"rendered":"<style>\r\n.e_event{padding: 10px 25px; margin: 20px auto;;background-color: rgb(238, 238, 238); transition: 0.2s all; border-radius: 3px; width: 90%;}\r\n.e_event:hover{background-color: rgb(226, 226, 226); transition: 0.2s all;}\r\n.e_event h3{font-size:14px; margin: 0px !important; cursor: default; color: black;}\r\n.e_event p{margin: 5px 0px !important; cursor: default; line-height: normal !important;}\r\n.p_date{font-size:15px;}\r\n<\/style>\r\nEstamos organizando v\u00e1rios eventos e atividades em prepara\u00e7\u00e3o para o <a href=\"https:\/\/waterlat.org\/pt\/encontros\/encontros-abertos\/waterlat-gobacit-ix-2018\/\">IX Encontro Internacional<\/a>.\r\n<br\/><br\/>\r\n<a href=\"https:\/\/www.flickr.com\/photos\/125391306@N03\/29006055512\/in\/album-72157686409631986\/\"><img style=\"margin:10px auto; display: block;\"src=\"https:\/\/farm9.staticflickr.com\/8170\/29006055512_9408487344_z.jpg\" width=\"90%\"><\/a>\r\n<br\/>\r\n\r\n\r\n\r\n<div class=\"e_event\">\r\n<p class=\"p_date\"><b>18 de agosto de 2017<\/b><\/p>\r\n<h3>Democratiza\u00e7\u00e3o da Pol\u00edtica e da Gest\u00e3o da \u00c1gua: um Desafio Transdisciplinar<\/h3>\r\n<p><a href=\"http:\/\/www.fundaj.gov.br\/\">Funda\u00e7\u00e3o Joaquim Nabuco (Fundaj)<\/a><br\/>\r\n<i>Recife, Pernambuco, Brasil<\/i><br\/>\r\n<\/p>\r\n<i><a href=\"https:\/\/waterlat.org\/pt\/encontros\/outros-encontros-publicos\/democratizacaoRecife180717\/\">P\u00e1gina do evento<\/a><\/i>\r\n<\/div>\r\n\r\n<br\/>\r\n<h3><a href=\"https:\/\/waterlat.org\/pt\/encontros\/encontros-abertos\/waterlat-gobacit-ix-2018\/\">Regresar \u00e0 p\u00e1gina principal do IX Encontro Internacional<\/a>.<\/h3>\r\n","protected":false},"excerpt":{"rendered":"Estamos organizando v\u00e1rios eventos e atividades em prepara\u00e7\u00e3o para o IX Encontro Internacional. 18 de agosto de 2017 Democratiza\u00e7\u00e3o da Pol\u00edtica e da Gest\u00e3o da \u00c1gua: um Desafio Transdisciplinar Funda\u00e7\u00e3o Joaquim Nabuco (Fundaj) Recife, Pernambuco, Brasil P\u00e1gina do evento Regresar \u00e0 p\u00e1gina principal do IX Encontro Internacional.","protected":false},"author":3,"featured_media":0,"parent":2205,"menu_order":0,"comment_status":"closed","ping_status":"closed","template":"page-templates\/full-width.php","meta":{"_acf_changed":false,"footnotes":""},"class_list":["post-2206","page","type-page","status-publish","hentry","no-wpautop"],"acf":[],"_links":{"self":[{"href":"https:\/\/waterlat.org\/pt\/wp-json\/wp\/v2\/pages\/2206","targetHints":{"allow":["GET"]}}],"collection":[{"href":"https:\/\/waterlat.org\/pt\/wp-json\/wp\/v2\/pages"}],"about":[{"href":"https:\/\/waterlat.org\/pt\/wp-json\/wp\/v2\/types\/page"}],"author":[{"embeddable":true,"href":"https:\/\/waterlat.org\/pt\/wp-json\/wp\/v2\/users\/3"}],"replies":[{"embeddable":true,"href":"https:\/\/waterlat.org\/pt\/wp-json\/wp\/v2\/comments?post=2206"}],"version-history":[{"count":8,"href":"https:\/\/waterlat.org\/pt\/wp-json\/wp\/v2\/pages\/2206\/revisions"}],"predecessor-version":[{"id":2276,"href":"https:\/\/waterlat.org\/pt\/wp-json\/wp\/v2\/pages\/2206\/revisions\/2276"}],"up":[{"embeddable":true,"href":"https:\/\/waterlat.org\/pt\/wp-json\/wp\/v2\/pages\/2205"}],"wp:attachment":[{"href":"https:\/\/waterlat.org\/pt\/wp-json\/wp\/v2\/media?parent=2206"}],"curies":[{"name":"wp","href":"https:\/\/api.w.org\/{rel}","templated":true}]}}

WATERLAT-GOBACIT IX, Eventos Preparatórios

<style>
.e_event{padding: 10px 25px; margin: 20px auto;;background-color: rgb(238, 238, 238); transition: 0.2s all; border-radius: 3px; width: 90%;}
.e_event:hover{background-color: rgb(226, 226, 226); transition: 0.2s all;}
.e_event h3{font-size:14px; margin: 0px !important; cursor: default; color: black;}
.e_event p{margin: 5px 0px !important; cursor: default; line-height: normal !important;}
.p_date{font-size:15px;}
</style>
Estamos organizando vários eventos e atividades em preparação para o <a href="https://waterlat.org/pt/encontros/encontros-abertos/waterlat-gobacit-ix-2018/">IX Encontro Internacional</a>.
<br/><br/>
<a href="https://www.flickr.com/photos/125391306@N03/29006055512/in/album-72157686409631986/"><img style="margin:10px auto; display: block;"src="https://farm9.staticflickr.com/8170/29006055512_9408487344_z.jpg" width="90%"></a>
<br/>



<div class="e_event">
<p class="p_date"><b>18 de agosto de 2017</b></p>
<h3>Democratização da Política e da Gestão da Água: um Desafio Transdisciplinar</h3>
<p><a href="http://www.fundaj.gov.br/">Fundação Joaquim Nabuco (Fundaj)</a><br/>
<i>Recife, Pernambuco, Brasil</i><br/>
</p>
<i><a href="https://waterlat.org/pt/encontros/outros-encontros-publicos/democratizacaoRecife180717/">Página do evento</a></i>
</div>

<br/>
<h3><a href="https://waterlat.org/pt/encontros/encontros-abertos/waterlat-gobacit-ix-2018/">Regresar à página principal do IX Encontro Internacional</a>.</h3>

Estamos organizando vários eventos e atividades em preparação para o IX Encontro Internacional. 18 de agosto de 2017 Democratização da Política e da Gestão da Água: um Desafio Transdisciplinar Fundação Joaquim Nabuco (Fundaj) Recife, Pernambuco, Brasil Página do evento Regresar à página principal do IX Encontro Internacional.
