{"id":24,"date":"2013-11-27T20:58:46","date_gmt":"2013-11-27T20:58:46","guid":{"rendered":"http:\/\/waterlat.org\/pt\/?page_id=24"},"modified":"2017-06-13T12:23:03","modified_gmt":"2017-06-13T12:23:03","slug":"artigos","status":"publish","type":"page","link":"https:\/\/waterlat.org\/pt\/publicacoes\/artigos\/","title":{"rendered":"Mini artigos (IPEA, Brasil)"},"content":{"rendered":"<p><a href=\"http:\/\/desafios.ipea.gov.br\/\">Desafios do Desenvolvimento<\/a>, e o <a href=\"http:\/\/www.ipea.gov.br\/portal\/index.php?option=com_alphacontent&#038;view=alphacontent&#038;Itemid=368\">Boletim Regional, Urbano e Ambiental<\/a>, revistas peri\u00f3dicas do Instituto de Pesquisa Econ\u00f4mica Aplicada (IPEA), Brasilia, Brasil, publicam uma s\u00e9rie de mini-artigos de membros da Rede WATERLAT-GOBACIT.<\/p>\n<p>&nbsp;<\/p>\n<p>&nbsp;<\/p>\n<h2>Publicados<\/h2>\n<p>Nidia Pi\u00f1eyro, Adriana Sandoval Moreno, y Adriana Hern\u00e1ndez Garc\u00eda, <a href=\"http:\/\/www.ipea.gov.br\/portal\/index.phpoption=com_content&#038;view=article&#038;id=28494&#038;Itemid=7\">&#8220;Desafios das comunidades de pescadores e o papel dos governos na Am\u00e9rica Latina&#8221;<\/a>, Desafios do Desenvolvimento, Vol. 13, No 88, 2016, p\u00e1g. 57.<\/p>\n<p>Jos\u00e9 Esteban Castro, <a href=\"http:\/\/www.ipea.gov.br\/portal\/index.phpoption=com_content&#038;view=article&#038;id=28494&#038;Itemid=7\">&#8220;O acesso universal \u00e0 \u00e1gua \u00e9 uma quest\u00e3o de democracia&#8221;<\/a>, Boletim Regional, Urbano e Ambiental, Vol. 9, No 15, 2016, pp. 59-65.<\/p>\n<p>Andr\u00e9 Monteiro Costa, <a href=\"http:\/\/www.ipea.gov.br\/desafios\/index.php?option=com_content&#038;view=article&#038;id=3267&#038;catid=29&#038;Itemid=34\">&#8220;A determina\u00e7\u00e3o social da microcefalia\/Zika&#8221;<\/a>, Vol. 13, No 87, 2016.<\/p>\n<p>Deborah Trevizan (IPEA), <a href=\"http:\/\/www.ipea.gov.br\/desafios\/index.php?option=com_content&#038;view=article&#038;id=3172&#038;catid=28&#038;Itemid=39\">&#8220;Direito \u00e0 \u00e1gua enfrenta desafios&#8221;<\/a>, Vol. 12, No 84, 2015. Entrevista com os editores do livro <a href=\"http:\/\/www.ipea.gov.br\/portal\/index.php?option=com_content&#038;view=article&#038;id=25137&#038;Itemid=383O\">O Direito \u00e0 \u00c1gua como Pol\u00edtica P\u00fablica na Am\u00e9rica Latina: uma Explora\u00e7\u00e3o Te\u00f3rica e Emp\u00edrica, Brasilia: Instituto de Pesquisa Econ\u00f4mica Aplicada (IPEA) \u2013 Rede WATERLAT-GOBACIT, 2015<\/a>, Jos\u00e9 Esteban Castro, L\u00e9o Heller, e Maria da Piedade Morais (Eds.).<\/p>\n<p>Javier Gonzaga Valencia Hern\u00e1ndez, <a href=\"http:\/\/desafios.ipea.gov.br\/index.php?option=com_content&#038;view=article&#038;id=3187&#038;catid=29&#038;Itemid=34\">&#8220;O deslocamento for\u00e7ado de popula\u00e7\u00f5es causado por obras de hidrel\u00e9tricas na Am\u00e9rica Latina&#8221;<\/a>, Vol. 12, No 84, 2015.<\/p>\n<p>David Saur\u00ed, Laura Palau, and Maria Vall\u00e8s, <a href=\"http:\/\/desafios.ipea.gov.br\/index.php?option=com_content&amp;view=article&amp;id=3147&amp;catid=29&amp;Itemid=34\">&#8220;Novas estrat\u00e9gias locais na gest\u00e3o de recursos h\u00eddricos: li\u00e7\u00f5es do aproveitamento da \u00e1gua da chuva na aglomera\u00e7\u00e3o urbana de Barcelona&#8221;<\/a>, Vol. 12, No 83, 2015.<\/p>\n<p>Sylvain Merel, <a href=\"http:\/\/desafios.ipea.gov.br\/index.php?option=com_content&amp;view=article&amp;id=3078&amp;catid=29&amp;Itemid=34\">&#8220;Cianobact\u00e9rias, um risco \u00e0 vida&#8221;<\/a>, Vol. 11, No 81, 2014.<\/p>\n<p>Norma Valencio, <a href=\"http:\/\/desafios.ipea.gov.br\/index.php?option=com_content&amp;view=article&amp;id=3056&amp;catid=29&amp;Itemid=34\">&#8220;Desastres relacionados \u00e0 \u00e1gua e mudan\u00e7a de paradigma&#8221;<\/a>, Vol. 10, No 80, 2014.<\/p>\n<p>Leandro del Moral and Roc\u00edo Bustamante, <a href=\"http:\/\/desafios.ipea.gov.br\/index.php?option=com_content&amp;view=article&amp;id=3007:catid=28&amp;Itemid=23\">&#8220;Novos debates sobre as pol\u00edticas de escala e a \u00e1gua: bacias hidrogr\u00e1ficas, estados, regi\u00f5es e territ\u00f3rios&#8221;<\/a> Vol. 10, No 79, 2014.<\/p>\n<p>Anah\u00ed G\u00f3mez Fuentes e Alex Latta, <a href=\"http:\/\/desafios.ipea.gov.br\/index.php?option=com_content&amp;view=article&amp;id=2983:catid=28&amp;Itemid=23\">&#8220;\u00c1gua e Megaprojectos em Latinoam\u00e9rica&#8221;<\/a>,\u00a0Vol. 10, No 78, 2013.<\/p>\n<p>Wagner Costa Ribeiro,\u00a0<a href=\"http:\/\/desafios.ipea.gov.br\/index.php?option=com_content&amp;view=article&amp;id=2948%3Acatid=28&amp;Itemid=23\">&#8220;Coopera\u00e7\u00e3o e conflito por \u00e1guas transfronteiri\u00e7as na Am\u00e9rica Latina&#8221;<\/a>, Vol. 10, No 77, octubre de 2013.<\/p>\n<p>Jos\u00e9 Esteban Castro,\u00a0<a href=\"http:\/\/desafios.ipea.gov.br\/index.php?option=com_content&amp;view=article&amp;id=2834%3Acatid=28&amp;Itemid=23\">&#8220;A gest\u00e3o da \u00e1gua na Am\u00e9rica Latina&#8221;<\/a>, Vol. 9, No 74, outubro de 2012.<\/p>\n<p>L\u00e9o Heller,\u00a0<a href=\"http:\/\/desafios.ipea.gov.br\/index.php?option=com_content&amp;view=article&amp;id=1039&amp;catid=29&amp;Itemid=34\">&#8220;A pesquisa em saneamento b\u00e1sico&#8221;<\/a>, Vol. 6, No 53, agosto de 2009.<\/p>\n<p>Jos\u00e9 Esteban Castro,\u00a0<a href=\"http:\/\/desafios.ipea.gov.br\/index.php?option=com_content&amp;view=article&amp;id=1030%3Acatid=28&amp;Itemid=23\">&#8220;Luta pela \u00e1gua na Am\u00e9rica Latina&#8221;<\/a>, Vol. 6, No 51, junho de 2009.<\/p>\n","protected":false},"excerpt":{"rendered":"<p>Desafios do Desenvolvimento, e o Boletim Regional, Urbano e Ambiental, revistas peri\u00f3dicas do Instituto de Pesquisa Econ\u00f4mica Aplicada (IPEA), Brasilia, Brasil, publicam uma s\u00e9rie de mini-artigos de membros da Rede WATERLAT-GOBACIT. &nbsp; &nbsp; Publicados Nidia Pi\u00f1eyro, Adriana Sandoval Moreno, y Adriana Hern\u00e1ndez Garc\u00eda, &#8220;Desafios das comunidades de pescadores e o papel dos governos na Am\u00e9rica [&hellip;]<\/p>\n","protected":false},"author":1,"featured_media":0,"parent":7,"menu_order":0,"comment_status":"closed","ping_status":"closed","template":"page-templates\/full-width.php","meta":{"_acf_changed":false,"footnotes":""},"class_list":["post-24","page","type-page","status-publish","hentry","wpautop"],"acf":[],"_links":{"self":[{"href":"https:\/\/waterlat.org\/pt\/wp-json\/wp\/v2\/pages\/24","targetHints":{"allow":["GET"]}}],"collection":[{"href":"https:\/\/waterlat.org\/pt\/wp-json\/wp\/v2\/pages"}],"about":[{"href":"https:\/\/waterlat.org\/pt\/wp-json\/wp\/v2\/types\/page"}],"author":[{"embeddable":true,"href":"https:\/\/waterlat.org\/pt\/wp-json\/wp\/v2\/users\/1"}],"replies":[{"embeddable":true,"href":"https:\/\/waterlat.org\/pt\/wp-json\/wp\/v2\/comments?post=24"}],"version-history":[{"count":33,"href":"https:\/\/waterlat.org\/pt\/wp-json\/wp\/v2\/pages\/24\/revisions"}],"predecessor-version":[{"id":1773,"href":"https:\/\/waterlat.org\/pt\/wp-json\/wp\/v2\/pages\/24\/revisions\/1773"}],"up":[{"embeddable":true,"href":"https:\/\/waterlat.org\/pt\/wp-json\/wp\/v2\/pages\/7"}],"wp:attachment":[{"href":"https:\/\/waterlat.org\/pt\/wp-json\/wp\/v2\/media?parent=24"}],"curies":[{"name":"wp","href":"https:\/\/api.w.org\/{rel}","templated":true}]}}

<p><a href="http://desafios.ipea.gov.br/">Desafios do Desenvolvimento</a>, e o <a href="http://www.ipea.gov.br/portal/index.php?option=com_alphacontent&#038;view=alphacontent&#038;Itemid=368">Boletim Regional, Urbano e Ambiental</a>, revistas periódicas do Instituto de Pesquisa Econômica Aplicada (IPEA), Brasilia, Brasil, publicam uma série de mini-artigos de membros da Rede WATERLAT-GOBACIT.</p>
<p>&nbsp;</p>
<p>&nbsp;</p>
<h2>Publicados</h2>
<p>Nidia Piñeyro, Adriana Sandoval Moreno, y Adriana Hernández García, <a href="http://www.ipea.gov.br/portal/index.phpoption=com_content&#038;view=article&#038;id=28494&#038;Itemid=7">&#8220;Desafios das comunidades de pescadores e o papel dos governos na América Latina&#8221;</a>, Desafios do Desenvolvimento, Vol. 13, No 88, 2016, pág. 57.</p>
<p>José Esteban Castro, <a href="http://www.ipea.gov.br/portal/index.phpoption=com_content&#038;view=article&#038;id=28494&#038;Itemid=7">&#8220;O acesso universal à água é uma questão de democracia&#8221;</a>, Boletim Regional, Urbano e Ambiental, Vol. 9, No 15, 2016, pp. 59-65.</p>
<p>André Monteiro Costa, <a href="http://www.ipea.gov.br/desafios/index.php?option=com_content&#038;view=article&#038;id=3267&#038;catid=29&#038;Itemid=34">&#8220;A determinação social da microcefalia/Zika&#8221;</a>, Vol. 13, No 87, 2016.</p>
<p>Deborah Trevizan (IPEA), <a href="http://www.ipea.gov.br/desafios/index.php?option=com_content&#038;view=article&#038;id=3172&#038;catid=28&#038;Itemid=39">&#8220;Direito à água enfrenta desafios&#8221;</a>, Vol. 12, No 84, 2015. Entrevista com os editores do livro <a href="http://www.ipea.gov.br/portal/index.php?option=com_content&#038;view=article&#038;id=25137&#038;Itemid=383O">O Direito à Água como Política Pública na América Latina: uma Exploração Teórica e Empírica, Brasilia: Instituto de Pesquisa Econômica Aplicada (IPEA) – Rede WATERLAT-GOBACIT, 2015</a>, José Esteban Castro, Léo Heller, e Maria da Piedade Morais (Eds.).</p>
<p>Javier Gonzaga Valencia Hernández, <a href="http://desafios.ipea.gov.br/index.php?option=com_content&#038;view=article&#038;id=3187&#038;catid=29&#038;Itemid=34">&#8220;O deslocamento forçado de populações causado por obras de hidrelétricas na América Latina&#8221;</a>, Vol. 12, No 84, 2015.</p>
<p>David Saurí, Laura Palau, and Maria Vallès, <a href="http://desafios.ipea.gov.br/index.php?option=com_content&amp;view=article&amp;id=3147&amp;catid=29&amp;Itemid=34">&#8220;Novas estratégias locais na gestão de recursos hídricos: lições do aproveitamento da água da chuva na aglomeração urbana de Barcelona&#8221;</a>, Vol. 12, No 83, 2015.</p>
<p>Sylvain Merel, <a href="http://desafios.ipea.gov.br/index.php?option=com_content&amp;view=article&amp;id=3078&amp;catid=29&amp;Itemid=34">&#8220;Cianobactérias, um risco à vida&#8221;</a>, Vol. 11, No 81, 2014.</p>
<p>Norma Valencio, <a href="http://desafios.ipea.gov.br/index.php?option=com_content&amp;view=article&amp;id=3056&amp;catid=29&amp;Itemid=34">&#8220;Desastres relacionados à água e mudança de paradigma&#8221;</a>, Vol. 10, No 80, 2014.</p>
<p>Leandro del Moral and Rocío Bustamante, <a href="http://desafios.ipea.gov.br/index.php?option=com_content&amp;view=article&amp;id=3007:catid=28&amp;Itemid=23">&#8220;Novos debates sobre as políticas de escala e a água: bacias hidrográficas, estados, regiões e territórios&#8221;</a> Vol. 10, No 79, 2014.</p>
<p>Anahí Gómez Fuentes e Alex Latta, <a href="http://desafios.ipea.gov.br/index.php?option=com_content&amp;view=article&amp;id=2983:catid=28&amp;Itemid=23">&#8220;Água e Megaprojectos em Latinoamérica&#8221;</a>, Vol. 10, No 78, 2013.</p>
<p>Wagner Costa Ribeiro, <a href="http://desafios.ipea.gov.br/index.php?option=com_content&amp;view=article&amp;id=2948%3Acatid=28&amp;Itemid=23">&#8220;Cooperação e conflito por águas transfronteiriças na América Latina&#8221;</a>, Vol. 10, No 77, octubre de 2013.</p>
<p>José Esteban Castro, <a href="http://desafios.ipea.gov.br/index.php?option=com_content&amp;view=article&amp;id=2834%3Acatid=28&amp;Itemid=23">&#8220;A gestão da água na América Latina&#8221;</a>, Vol. 9, No 74, outubro de 2012.</p>
<p>Léo Heller, <a href="http://desafios.ipea.gov.br/index.php?option=com_content&amp;view=article&amp;id=1039&amp;catid=29&amp;Itemid=34">&#8220;A pesquisa em saneamento básico&#8221;</a>, Vol. 6, No 53, agosto de 2009.</p>
<p>José Esteban Castro, <a href="http://desafios.ipea.gov.br/index.php?option=com_content&amp;view=article&amp;id=1030%3Acatid=28&amp;Itemid=23">&#8220;Luta pela água na América Latina&#8221;</a>, Vol. 6, No 51, junho de 2009.</p>

<p>Desafios do Desenvolvimento, e o Boletim Regional, Urbano e Ambiental, revistas periódicas do Instituto de Pesquisa Econômica Aplicada (IPEA), Brasilia, Brasil, publicam uma série de mini-artigos de membros da Rede WATERLAT-GOBACIT. &nbsp; &nbsp; Publicados Nidia Piñeyro, Adriana Sandoval Moreno, y Adriana Hernández García, &#8220;Desafios das comunidades de pescadores e o papel dos governos na América [&hellip;]</p>
