{"id":2456,"date":"2018-02-17T14:40:37","date_gmt":"2018-02-17T14:40:37","guid":{"rendered":"http:\/\/waterlat.org\/pt\/?page_id=2456"},"modified":"2023-05-22T21:06:19","modified_gmt":"2023-05-22T21:06:19","slug":"cadernos-de-trabalho-da-at10","status":"publish","type":"page","link":"https:\/\/waterlat.org\/pt\/areas-tematicas\/at10\/cadernos-de-trabalho-da-at10\/","title":{"rendered":"Cadernos de Trabalho da AT10"},"content":{"rendered":"A AT10 tem uma S\u00e9rie dentro dos Cadernos de Trabalho da Rede WATERLAT-GOBACIT: Serie \u00c1reas Tem\u00e1ticas, AT10 \u00c1gua e Viol\u00eancia.\r\nA AT tamb\u00e9m  tem  publicado n\u00fameros dos Cadernos de Trabaho conjuntamente com outras \u00c1reas Tem\u00e1ticas sobre temas de interesse comum.\r\n\r\n<h2><\/h2>\r\n<h2><\/h2>\r\n<a href=\"https:\/\/waterlat.org\/wp-content\/uploads\/2020\/12\/Tapa.jpg\"><img loading=\"lazy\" decoding=\"async\" class=\"alignnone size-medium wp-image-2717\" src=\"https:\/\/waterlat.org\/wp-content\/uploads\/2020\/12\/Tapa.jpg\" alt=\"Tapa WPSATAM22\" width=\"212\" height=\"300\" \/><\/a>.\r\n<h2><\/h2>\r\n<b>Pol\u00edtica da \u00c1gua, Viol\u00eancia e Injusti\u00e7a: experi\u00eancias de Brasil, Guatemala e M\u00e9xico<\/b> (em espanhol e portugu\u00eas). Editado por J. E. Castro, Organizado por K. Kloster, com artigos de H. B. de Morais, A. Pohlenz de Tavira, M. Fracchia Figueiredo e M. B. Pelayo P\u00e9rez. \r\n<h2><\/h2>\r\nVol. 7 No 1, mar\u00e7o de  2020. <a href=\"https:\/\/waterlat.org\/pt\/working-papers-series\/volume-7-2020\/vol-7-no-1\/\">Baixar o n\u00famero aqui<\/a>.\r\n<h2><\/h2>\r\n\r\n<a href=\"https:\/\/waterlat.org\/pt\/areas-tematicas\/at10\/\">Voltar \u00e0 Apresenta\u00e7\u00e3o da AT10<\/a>","protected":false},"excerpt":{"rendered":"A AT10 tem uma S\u00e9rie dentro dos Cadernos de Trabalho da Rede WATERLAT-GOBACIT: Serie \u00c1reas Tem\u00e1ticas, AT10 \u00c1gua e Viol\u00eancia. A AT tamb\u00e9m tem publicado n\u00fameros dos Cadernos de Trabaho conjuntamente com outras \u00c1reas Tem\u00e1ticas sobre temas de interesse comum. . Pol\u00edtica da \u00c1gua, Viol\u00eancia e Injusti\u00e7a: experi\u00eancias de Brasil, Guatemala e M\u00e9xico (em espanhol [&hellip;]","protected":false},"author":3,"featured_media":0,"parent":2419,"menu_order":0,"comment_status":"closed","ping_status":"closed","template":"page-templates\/full-width.php","meta":{"_acf_changed":false,"footnotes":""},"class_list":["post-2456","page","type-page","status-publish","hentry","no-wpautop"],"acf":[],"_links":{"self":[{"href":"https:\/\/waterlat.org\/pt\/wp-json\/wp\/v2\/pages\/2456","targetHints":{"allow":["GET"]}}],"collection":[{"href":"https:\/\/waterlat.org\/pt\/wp-json\/wp\/v2\/pages"}],"about":[{"href":"https:\/\/waterlat.org\/pt\/wp-json\/wp\/v2\/types\/page"}],"author":[{"embeddable":true,"href":"https:\/\/waterlat.org\/pt\/wp-json\/wp\/v2\/users\/3"}],"replies":[{"embeddable":true,"href":"https:\/\/waterlat.org\/pt\/wp-json\/wp\/v2\/comments?post=2456"}],"version-history":[{"count":3,"href":"https:\/\/waterlat.org\/pt\/wp-json\/wp\/v2\/pages\/2456\/revisions"}],"predecessor-version":[{"id":3818,"href":"https:\/\/waterlat.org\/pt\/wp-json\/wp\/v2\/pages\/2456\/revisions\/3818"}],"up":[{"embeddable":true,"href":"https:\/\/waterlat.org\/pt\/wp-json\/wp\/v2\/pages\/2419"}],"wp:attachment":[{"href":"https:\/\/waterlat.org\/pt\/wp-json\/wp\/v2\/media?parent=2456"}],"curies":[{"name":"wp","href":"https:\/\/api.w.org\/{rel}","templated":true}]}}

A AT10 tem uma Série dentro dos Cadernos de Trabalho da Rede WATERLAT-GOBACIT: Serie Áreas Temáticas, AT10 Água e Violência.
A AT também  tem  publicado números dos Cadernos de Trabaho conjuntamente com outras Áreas Temáticas sobre temas de interesse comum.

<h2></h2>
<h2></h2>
<a href="https://waterlat.org/wp-content/uploads/2020/12/Tapa.jpg"><img loading="lazy" decoding="async" class="alignnone size-medium wp-image-2717" src="https://waterlat.org/wp-content/uploads/2020/12/Tapa.jpg" alt="Tapa WPSATAM22" width="212" height="300" /></a>.
<h2></h2>
<b>Política da Água, Violência e Injustiça: experiências de Brasil, Guatemala e México</b> (em espanhol e português). Editado por J. E. Castro, Organizado por K. Kloster, com artigos de H. B. de Morais, A. Pohlenz de Tavira, M. Fracchia Figueiredo e M. B. Pelayo Pérez. 
<h2></h2>
Vol. 7 No 1, março de  2020. <a href="https://waterlat.org/pt/working-papers-series/volume-7-2020/vol-7-no-1/">Baixar o número aqui</a>.
<h2></h2>

<a href="https://waterlat.org/pt/areas-tematicas/at10/">Voltar à Apresentação da AT10</a>

A AT10 tem uma Série dentro dos Cadernos de Trabalho da Rede WATERLAT-GOBACIT: Serie Áreas Temáticas, AT10 Água e Violência. A AT também tem publicado números dos Cadernos de Trabaho conjuntamente com outras Áreas Temáticas sobre temas de interesse comum. . Política da Água, Violência e Injustiça: experiências de Brasil, Guatemala e México (em espanhol [&hellip;]
