{"id":2548,"date":"2018-05-23T02:36:33","date_gmt":"2018-05-23T02:36:33","guid":{"rendered":"http:\/\/waterlat.org\/pt\/?page_id=2548"},"modified":"2020-07-21T18:16:32","modified_gmt":"2020-07-21T18:16:32","slug":"relaciones-fuerzas","status":"publish","type":"page","link":"https:\/\/waterlat.org\/pt\/publicacoes\/livros\/relaciones-fuerzas\/","title":{"rendered":"Rela\u00e7\u00f5es de Poder na Gest\u00e3o Comunit\u00e1ria da \u00c1gua. O Territ\u00f3rio e o Social como For\u00e7as (em espanhol)"},"content":{"rendered":"<style>\r\n.dw_pdf-full {\r\n    background-color: rgba(251, 116, 116, 0);\r\n    padding: 8px 20px;\r\n    color: #b52335;\r\n    text-decoration: none;\r\n    border: 2px #b52335 solid;\r\n    transition: 0.2s all;\r\n    border-radius: 4px;\r\n    font-weight: 600;\r\nmargin:0px 5px;}\r\n.dw_pdf-full:hover{background-color: #b52335; color:white;}\r\n.dw_pdf-full i {font-size:25px; vertical-align: bottom; margin-right: 3px;}\r\n<\/style>\r\n\r\n\r\n<a href=\"http:\/\/waterlat.org\/wp-content\/uploads\/2018\/05\/TapaDiazSantos.jpg\"><img loading=\"lazy\" decoding=\"async\" src=\"http:\/\/waterlat.org\/wp-content\/uploads\/2018\/05\/TapaDiazSantos-203x300.jpg\" alt=\"\" width=\"203\" height=\"300\" class=\"alignnone size-medium wp-image-4846\" \/><\/a>\r\n\r\n<span style=\"line-height: 1.714285714; font-size: 1rem;\"> Mar\u00eda Guadalupe D\u00edaz Santos, <\/span> <span style=\"text-decoration: underline;\"> Rela\u00e7\u00f5es de Poder na Gest\u00e3o Comunit\u00e1ria da \u00c1gua. O Territ\u00f3rio e o Social como For\u00e7as <\/span><span style=\"line-height: 1.714285714; font-size: 1rem;\"> (em espanhol) ISBN (Impresso): 978-85-7879-390-6. ISBN (E-book): 978-85-7879-389-0. Campina Grande, Para\u00edba, Brasil: <\/span><a style=\"line-height: 1.714285714; font-size: 1rem;\" href=\" http:\/\/eduepb.uepb.edu.br\/e-books\/\"> Editora da Universidade Estadual da Para\u00edba (EDUEPB)<\/a> <span style=\"line-height: 1.714285714; font-size: 1rem;\"> e Rede WATERLAT-GOBACIT, 2018. DOI: 10.5281\/zenodo.3955038.<\/span>\r\n<h3><\/h3>\r\n\r\n<i><a href=\"https:\/\/zenodo.org\/record\/3955038#invenio-csl\" class=\"desar\" style=\"color:#9ad3f9;\">Exportar Cita\u00e7\u00e3o<\/a><\/i>\r\n<h3><\/h3>\r\n&nbsp;\r\nEste livro \u00e9 um produto da <a href=\"https:\/\/waterlat.org\/pt\/waterlat-student-prize\/premio-de-estudantes-waterlat-gobacit-2015\/\">Edi\u00e7\u00e3o 2015 do Pr\u00eamio de Estudantes (Mestrado)<\/a> da Rede WATERLAT-GOBACIT.\r\n\r\n<h3><\/h3>\r\n\r\n<a href=\"https:\/\/zenodo.org\/record\/3955038#.XZJU-S2ZNQI\" class=\"dw_pdf-full\" target=\"_blank\" rel=\"noopener noreferrer\"><i class=\"fa fa-file-pdf-o\" aria-hidden=\"true\" fa-3x><\/i> Descargar aqui <\/a>\r\n","protected":false},"excerpt":{"rendered":"Mar\u00eda Guadalupe D\u00edaz Santos, Rela\u00e7\u00f5es de Poder na Gest\u00e3o Comunit\u00e1ria da \u00c1gua. O Territ\u00f3rio e o Social como For\u00e7as (em espanhol) ISBN (Impresso): 978-85-7879-390-6. ISBN (E-book): 978-85-7879-389-0. Campina Grande, Para\u00edba, Brasil: Editora da Universidade Estadual da Para\u00edba (EDUEPB) e Rede WATERLAT-GOBACIT, 2018. DOI: 10.5281\/zenodo.3955038. Exportar Cita\u00e7\u00e3o &nbsp; Este livro \u00e9 um produto da Edi\u00e7\u00e3o 2015 [&hellip;]","protected":false},"author":3,"featured_media":0,"parent":22,"menu_order":0,"comment_status":"closed","ping_status":"closed","template":"page-templates\/full-width.php","meta":{"_acf_changed":false,"footnotes":""},"class_list":["post-2548","page","type-page","status-publish","hentry","no-wpautop"],"acf":[],"_links":{"self":[{"href":"https:\/\/waterlat.org\/pt\/wp-json\/wp\/v2\/pages\/2548","targetHints":{"allow":["GET"]}}],"collection":[{"href":"https:\/\/waterlat.org\/pt\/wp-json\/wp\/v2\/pages"}],"about":[{"href":"https:\/\/waterlat.org\/pt\/wp-json\/wp\/v2\/types\/page"}],"author":[{"embeddable":true,"href":"https:\/\/waterlat.org\/pt\/wp-json\/wp\/v2\/users\/3"}],"replies":[{"embeddable":true,"href":"https:\/\/waterlat.org\/pt\/wp-json\/wp\/v2\/comments?post=2548"}],"version-history":[{"count":11,"href":"https:\/\/waterlat.org\/pt\/wp-json\/wp\/v2\/pages\/2548\/revisions"}],"predecessor-version":[{"id":3212,"href":"https:\/\/waterlat.org\/pt\/wp-json\/wp\/v2\/pages\/2548\/revisions\/3212"}],"up":[{"embeddable":true,"href":"https:\/\/waterlat.org\/pt\/wp-json\/wp\/v2\/pages\/22"}],"wp:attachment":[{"href":"https:\/\/waterlat.org\/pt\/wp-json\/wp\/v2\/media?parent=2548"}],"curies":[{"name":"wp","href":"https:\/\/api.w.org\/{rel}","templated":true}]}}

Relações de Poder na Gestão Comunitária da Água. O Território e o Social como Forças (em espanhol)

<style>
.dw_pdf-full {
    background-color: rgba(251, 116, 116, 0);
    padding: 8px 20px;
    color: #b52335;
    text-decoration: none;
    border: 2px #b52335 solid;
    transition: 0.2s all;
    border-radius: 4px;
    font-weight: 600;
margin:0px 5px;}
.dw_pdf-full:hover{background-color: #b52335; color:white;}
.dw_pdf-full i {font-size:25px; vertical-align: bottom; margin-right: 3px;}
</style>


<a href="http://waterlat.org/wp-content/uploads/2018/05/TapaDiazSantos.jpg"><img loading="lazy" decoding="async" src="http://waterlat.org/wp-content/uploads/2018/05/TapaDiazSantos-203x300.jpg" alt="" width="203" height="300" class="alignnone size-medium wp-image-4846" /></a>

<span style="line-height: 1.714285714; font-size: 1rem;"> María Guadalupe Díaz Santos, </span> <span style="text-decoration: underline;"> Relações de Poder na Gestão Comunitária da Água. O Território e o Social como Forças </span><span style="line-height: 1.714285714; font-size: 1rem;"> (em espanhol) ISBN (Impresso): 978-85-7879-390-6. ISBN (E-book): 978-85-7879-389-0. Campina Grande, Paraíba, Brasil: </span><a style="line-height: 1.714285714; font-size: 1rem;" href=" http://eduepb.uepb.edu.br/e-books/"> Editora da Universidade Estadual da Paraíba (EDUEPB)</a> <span style="line-height: 1.714285714; font-size: 1rem;"> e Rede WATERLAT-GOBACIT, 2018. DOI: 10.5281/zenodo.3955038.</span>
<h3></h3>

<i><a href="https://zenodo.org/record/3955038#invenio-csl" class="desar" style="color:#9ad3f9;">Exportar Citação</a></i>
<h3></h3>
&nbsp;
Este livro é um produto da <a href="https://waterlat.org/pt/waterlat-student-prize/premio-de-estudantes-waterlat-gobacit-2015/">Edição 2015 do Prêmio de Estudantes (Mestrado)</a> da Rede WATERLAT-GOBACIT.

<h3></h3>

<a href="https://zenodo.org/record/3955038#.XZJU-S2ZNQI" class="dw_pdf-full" target="_blank" rel="noopener noreferrer"><i class="fa fa-file-pdf-o" aria-hidden="true" fa-3x></i> Descargar aqui </a>

María Guadalupe Díaz Santos, Relações de Poder na Gestão Comunitária da Água. O Território e o Social como Forças (em espanhol) ISBN (Impresso): 978-85-7879-390-6. ISBN (E-book): 978-85-7879-389-0. Campina Grande, Paraíba, Brasil: Editora da Universidade Estadual da Paraíba (EDUEPB) e Rede WATERLAT-GOBACIT, 2018. DOI: 10.5281/zenodo.3955038. Exportar Citação &nbsp; Este livro é um produto da Edição 2015 [&hellip;]
