{"id":26,"date":"2013-11-27T20:59:04","date_gmt":"2013-11-27T20:59:04","guid":{"rendered":"http:\/\/waterlat.org\/pt\/?page_id=26"},"modified":"2016-02-19T14:24:53","modified_gmt":"2016-02-19T14:24:53","slug":"edicoes-especiais-em-revistas-cientificas","status":"publish","type":"page","link":"https:\/\/waterlat.org\/pt\/publicacoes\/edicoes-especiais-em-revistas-cientificas\/","title":{"rendered":"Edi\u00e7\u00f5es Especiais em Revistas Cient\u00edficas"},"content":{"rendered":"<p>&nbsp;<\/p>\n<h2>Publicados<\/h2>\n<p>Alex Latta e Alice Poma (Eds.), Dossier sobre &#8220;Megaproyectos h\u00eddricos: pol\u00edticas, culturas y conflictos&#8221;, <a href=\"http:\/\/revistaselectronicas.ujaen.es\/index.php\/atma\/issue\/view\/199\">Agua y Territorio<\/a>, Universidade de Ja\u00e9n, Ja\u00e9n, Espanha, No 4, 2014.<\/p>\n<p>Alex Latta e Anahi G\u00f3mez, Dossier sobre &#8220;Agua y megaproyectos en Latinoam\u00e9rica&#8221;, <a href=\"http:\/\/www.erlacs.org\/index.php\/erlacs\">European Review of Latin American and Caribbean Studies<\/a>, #97, 2014. A publica\u00e7\u00e3o apresenta um texto introdut\u00f3rio e tr\u00eas artigos a cargo de membros da \u00c1rea Tem\u00e1tica 2 da Rede, &#8220;\u00c1gua e megaprojetos&#8221;.<\/p>\n<p>Jos\u00e9 Esteban Castro, L\u00e9o Heller, e Maria da Piedade Morais (Eds.), Dossier sobre \u201cLa Lucha por el Derecho al Agua y las Pol\u00edticas P\u00fablicas en Am\u00e9rica Latina\u201d, <a href=\"http:\/\/revistaselectronicas.ujaen.es\/index.php\/atma\/index\">Agua y Territorio<\/a>, Universidad de Ja\u00e9n, Ja\u00e9n, Espanha, No 2, Julho-Dezembro 2013. Veja o Dossi\u00ea <a href=\"http:\/\/revistaselectronicas.ujaen.es\/index.php\/atma\/issue\/view\/133\">em formato virtual<\/a>.<\/p>\n<p>Luiz Roberto Santos Moraes, Magda Beretta, e Viviana Maria Zanta (Eds.), Dossi\u00ea: Gest\u00e3o e Manejo de \u00c1guas,\u00a0<span style=\"text-decoration: underline;\">Revista Eletr\u00f4nica de Gest\u00e3o e Tecnologias Ambientais (GESTA)<\/span>, Universidade Federal da Bahia, Brasil, Vol 1, No 1, 2013. Veja o Dossi\u00ea\u00a0<a href=\"http:\/\/www.portalseer.ufba.br\/index.php\/gesta\/issue\/view\/v.01%2C%20n.01\">em formato virtual<\/a>.<\/p>\n<p>Elisabete Santos, Luiz Roberto Santos Moraes, e Jos\u00e9 Ant\u00f4nio Gomes de Pinho (eds.), Dossi\u00ea: O Desafio da Gest\u00e3o das \u00c1guas no S\u00e9culo XXI,\u00a0<a href=\"http:\/\/www.rigs.ufba.br\/\">Revista Interdisciplinar de Gest\u00e3o Social (RIGS)<\/a>, Universidade Federal da Bahia, Brasil, Vol 1, No 1, 2012. Veja o Dossi\u00ea\u00a0<a href=\"http:\/\/en.calameo.com\/read\/0006758814ef99d09e1d6\">em formato virtual<\/a>.<\/p>\n<p>Wagner Costa Ribeiro e David Sauri (eds.), Dossi\u00ea, em\u00a0<a href=\"http:\/\/citrus.uspnet.usp.br\/geousp\/ojs-2.2.4\/index.php\/geousp\/issue\/view\/35\">GEOUSP: Espa\u00e7o e Tempo<\/a>\u00a0(ISSN 2179-0892), No. 31, 2012, Revista de los Programas de Posgrado en Geograf\u00eda Humana y Geograf\u00eda F\u00edsica, Departmento de Geograf\u00eda, Facultad de Filosof\u00eda y Ciencias Humanas, Universidad de San Pablo, Brasil.<\/p>\n<p>J. E. Castro e I. Sim\u00f3n Ruiz (eds.), Dossi\u00ea: \u00c1gua e Desigualdade na Am\u00e9rica Latina, em\u00a0<a href=\"http:\/\/estudiosamericanos.revistas.csic.es\/index.php\/estudiosamericanos\/issue\/view\/22\">Anuario de Estudios Americanos<\/a>, (ISSN: 0210-5810), Vol. 66, No 2, Escola de Estudos Hispano-Americanos de Sevilha, Conselho Superior de Pesquisas Cient\u00edficas (CSIC), Sevilha, Espanha, 2009. O dossi\u00ea apresenta artigos sobre o Brasil, Chile e os pa\u00edses andinos, incluindo a Bol\u00edvia.<\/p>\n","protected":false},"excerpt":{"rendered":"<p>&nbsp; Publicados Alex Latta e Alice Poma (Eds.), Dossier sobre &#8220;Megaproyectos h\u00eddricos: pol\u00edticas, culturas y conflictos&#8221;, Agua y Territorio, Universidade de Ja\u00e9n, Ja\u00e9n, Espanha, No 4, 2014. Alex Latta e Anahi G\u00f3mez, Dossier sobre &#8220;Agua y megaproyectos en Latinoam\u00e9rica&#8221;, European Review of Latin American and Caribbean Studies, #97, 2014. A publica\u00e7\u00e3o apresenta um texto introdut\u00f3rio [&hellip;]<\/p>\n","protected":false},"author":1,"featured_media":0,"parent":7,"menu_order":0,"comment_status":"closed","ping_status":"open","template":"page-templates\/full-width.php","meta":{"_acf_changed":false,"footnotes":""},"class_list":["post-26","page","type-page","status-publish","hentry","wpautop"],"acf":[],"_links":{"self":[{"href":"https:\/\/waterlat.org\/pt\/wp-json\/wp\/v2\/pages\/26","targetHints":{"allow":["GET"]}}],"collection":[{"href":"https:\/\/waterlat.org\/pt\/wp-json\/wp\/v2\/pages"}],"about":[{"href":"https:\/\/waterlat.org\/pt\/wp-json\/wp\/v2\/types\/page"}],"author":[{"embeddable":true,"href":"https:\/\/waterlat.org\/pt\/wp-json\/wp\/v2\/users\/1"}],"replies":[{"embeddable":true,"href":"https:\/\/waterlat.org\/pt\/wp-json\/wp\/v2\/comments?post=26"}],"version-history":[{"count":9,"href":"https:\/\/waterlat.org\/pt\/wp-json\/wp\/v2\/pages\/26\/revisions"}],"predecessor-version":[{"id":1442,"href":"https:\/\/waterlat.org\/pt\/wp-json\/wp\/v2\/pages\/26\/revisions\/1442"}],"up":[{"embeddable":true,"href":"https:\/\/waterlat.org\/pt\/wp-json\/wp\/v2\/pages\/7"}],"wp:attachment":[{"href":"https:\/\/waterlat.org\/pt\/wp-json\/wp\/v2\/media?parent=26"}],"curies":[{"name":"wp","href":"https:\/\/api.w.org\/{rel}","templated":true}]}}

Edições Especiais em Revistas Científicas

<p>&nbsp;</p>
<h2>Publicados</h2>
<p>Alex Latta e Alice Poma (Eds.), Dossier sobre &#8220;Megaproyectos hídricos: políticas, culturas y conflictos&#8221;, <a href="http://revistaselectronicas.ujaen.es/index.php/atma/issue/view/199">Agua y Territorio</a>, Universidade de Jaén, Jaén, Espanha, No 4, 2014.</p>
<p>Alex Latta e Anahi Gómez, Dossier sobre &#8220;Agua y megaproyectos en Latinoamérica&#8221;, <a href="http://www.erlacs.org/index.php/erlacs">European Review of Latin American and Caribbean Studies</a>, #97, 2014. A publicação apresenta um texto introdutório e três artigos a cargo de membros da Área Temática 2 da Rede, &#8220;Água e megaprojetos&#8221;.</p>
<p>José Esteban Castro, Léo Heller, e Maria da Piedade Morais (Eds.), Dossier sobre “La Lucha por el Derecho al Agua y las Políticas Públicas en América Latina”, <a href="http://revistaselectronicas.ujaen.es/index.php/atma/index">Agua y Territorio</a>, Universidad de Jaén, Jaén, Espanha, No 2, Julho-Dezembro 2013. Veja o Dossiê <a href="http://revistaselectronicas.ujaen.es/index.php/atma/issue/view/133">em formato virtual</a>.</p>
<p>Luiz Roberto Santos Moraes, Magda Beretta, e Viviana Maria Zanta (Eds.), Dossiê: Gestão e Manejo de Águas, <span style="text-decoration: underline;">Revista Eletrônica de Gestão e Tecnologias Ambientais (GESTA)</span>, Universidade Federal da Bahia, Brasil, Vol 1, No 1, 2013. Veja o Dossiê <a href="http://www.portalseer.ufba.br/index.php/gesta/issue/view/v.01%2C%20n.01">em formato virtual</a>.</p>
<p>Elisabete Santos, Luiz Roberto Santos Moraes, e José Antônio Gomes de Pinho (eds.), Dossiê: O Desafio da Gestão das Águas no Século XXI, <a href="http://www.rigs.ufba.br/">Revista Interdisciplinar de Gestão Social (RIGS)</a>, Universidade Federal da Bahia, Brasil, Vol 1, No 1, 2012. Veja o Dossiê <a href="http://en.calameo.com/read/0006758814ef99d09e1d6">em formato virtual</a>.</p>
<p>Wagner Costa Ribeiro e David Sauri (eds.), Dossiê, em <a href="http://citrus.uspnet.usp.br/geousp/ojs-2.2.4/index.php/geousp/issue/view/35">GEOUSP: Espaço e Tempo</a> (ISSN 2179-0892), No. 31, 2012, Revista de los Programas de Posgrado en Geografía Humana y Geografía Física, Departmento de Geografía, Facultad de Filosofía y Ciencias Humanas, Universidad de San Pablo, Brasil.</p>
<p>J. E. Castro e I. Simón Ruiz (eds.), Dossiê: Água e Desigualdade na América Latina, em <a href="http://estudiosamericanos.revistas.csic.es/index.php/estudiosamericanos/issue/view/22">Anuario de Estudios Americanos</a>, (ISSN: 0210-5810), Vol. 66, No 2, Escola de Estudos Hispano-Americanos de Sevilha, Conselho Superior de Pesquisas Científicas (CSIC), Sevilha, Espanha, 2009. O dossiê apresenta artigos sobre o Brasil, Chile e os países andinos, incluindo a Bolívia.</p>

<p>&nbsp; Publicados Alex Latta e Alice Poma (Eds.), Dossier sobre &#8220;Megaproyectos hídricos: políticas, culturas y conflictos&#8221;, Agua y Territorio, Universidade de Jaén, Jaén, Espanha, No 4, 2014. Alex Latta e Anahi Gómez, Dossier sobre &#8220;Agua y megaproyectos en Latinoamérica&#8221;, European Review of Latin American and Caribbean Studies, #97, 2014. A publicação apresenta um texto introdutório [&hellip;]</p>
