{"id":2830,"date":"2019-11-26T11:04:57","date_gmt":"2019-11-26T11:04:57","guid":{"rendered":"http:\/\/waterlat.org\/pt\/?page_id=2830"},"modified":"2020-10-10T23:26:46","modified_gmt":"2020-10-10T23:26:46","slug":"waterlat-gobacit-2019","status":"publish","type":"page","link":"https:\/\/waterlat.org\/pt\/waterlat-student-prize\/waterlat-gobacit-2019\/","title":{"rendered":"Pr\u00eamio de Estudantes WATERLAT-GOBACIT 2019"},"content":{"rendered":"<p>A sexta chamada a postula\u00e7\u00f5es para o Pr\u00eamio de Estudantes WATERLAT-GOBACIT foi para teses e disserta\u00e7\u00f5es aprovadas entre o 1 de janeiro e o 31 de dezembro de 2018 e foi fechada o 28 de fevereiro de 2019. Foram apresentadas 9 postula\u00e7\u00f5es ao Pr\u00eamio de Doutorado. Nesta edi\u00e7\u00e3o n\u00e3o houve postula\u00e7\u00f5es ao Pr\u00eamio de Mestrado. Foi convocada uma Comiss\u00e3o Avaliadora composta de acad\u00eamicas e acad\u00eamicos membros da Rede e convidados externos. Ao final de esta p\u00e1gina pode-se ver os detalhes da Comiss\u00e3o Avaliadora. O an\u00fancio dos resultados ocorreu o 10 de outubro de 2019, na <a href=\"https:\/\/waterlat.org\/pt\/encontros\/encontros-abertos\/waterlat-gobacit-x-concepcion-2019\/\">X Reuni\u00e3o Internacional da Rede WATERLAT-GOBACIT<\/a>.<\/p>\n<p>&nbsp;<\/p>\n<hr \/>\n<h3>O Pr\u00eamio<\/h3>\n<p><span style=\"text-decoration: underline;\">Pr\u00eamio de Doutorado 2019<\/span><\/p>\n<p><strong>Marcos Cristiano Zucarelli<\/strong>. T\u00edtulo da tese: \u201cA matem\u00e1tica da gest\u00e3o e a alma lameada: os conflictos da governan\u00e7a no licenciamiento do projeto de minera\u00e7\u00e3o Minas-Rio e no desastre da Samarco\u201d. Doutorado em Antropologia, com especializa\u00e7\u00e3o em Antropologia Social, Universidade Federal de Minas Gerais (UFMG), Belo Horizonte, Minas Gerais, Brasil, 2018.<\/p>\n<p>&nbsp;<\/p>\n<p><span style=\"text-decoration: underline;\">Men\u00e7\u00e3o Especial<\/span><\/p>\n<p><strong>Zenaida Luisa\u00a0Lauda Rodriguez<\/strong>. T\u00edtulo da tese: \u201cO principio da precauc\u00e3o en conflitos socioambientais por recursos hidricos e minerac\u00e3o. Estudo comparativo entre o Brasil e o Peru\u201d. Doutorado en Ci\u00eancias Ambientais, Universidade de S\u00e3o Paulo, S\u00e3o Paulo, Brasil, 2018.<\/p>\n<p>&nbsp;<\/p>\n<p><span style=\"text-decoration: underline;\"> Men\u00e7\u00e3o Especial<\/span><\/p>\n<p><strong>Rafael Caldeira Magalh\u00e3es<\/strong>. T\u00edtulo da tese: \u201cPLANOS DE SANEAMENTO DE BEL\u00c9M (1980 a 2015): racionalidades, mudan\u00e7as institucionais, intersetorialidade e participa\u00e7\u00e3o social\u201d. Doctorado em Saneamento, Meio Ambiente e Recursos H\u00eddricos, Universidade Federal de Minas Gerais (UFMG), Belo Horizonte, Minas Gerais, Brasil, 2018.<\/p>\n<p>&nbsp;<\/p>\n<p><span style=\"text-decoration: underline;\">Pr\u00eamio de Mestrado 2019<\/span><\/p>\n<p>Nesta edi\u00e7\u00e3o n\u00e3o houve postula\u00e7\u00f5es ao Pr\u00eamio de Mestrado.<\/p>\n<p>&nbsp;<\/p>\n<p>Dado que tivemos candidatos excelentes, a <a href=\"https:\/\/waterlat.org\/pt\/comissao-editorial\/\">Comiss\u00e3o Editorial<\/a> decidiu convidar ao resto dos participantes a enviar um artigo baseado nas teses e disserta\u00e7\u00f5es para sua publica\u00e7\u00e3o na <a href=\"https:\/\/waterlat.org\/pt\/publicacoes\/working-papers-series\/\">S\u00e9rie de Cadernos de Trabalho<\/a> da Rede.<\/p>\n<p>&nbsp;<\/p>\n<hr \/>\n<h3>Lista completa dos candidatos participantes:<\/h3>\n<p><strong><span style=\"text-decoration: underline;\">Pr\u00eamio de Doutorado<\/span><\/strong><\/p>\n<p><strong>Germain de Jes\u00fas Esquivel Hern\u00e1ndez<\/strong>. T\u00edtulo da tese: \u201cAn\u00e1lisis integrado de variabilidad clim\u00e1tica, din\u00e1mica de precipitaci\u00f3n y conflictos por el agua para la gesti\u00f3n del recurso h\u00eddrico en Costa Rica\u201d. Doctorado en Ciencias Naturales para el Desarrollo, Universidad Estatal a Distancia (UNED), San Jos\u00e9, Costa Rica, 2018.<\/p>\n<p><strong>Julieta Godfrid<\/strong>. T\u00edtulo da tese: \u201cEstrategias de legitimaci\u00f3n minera: La responsabilidad social empresaria argentina.\u00a0 Un an\u00e1lisis a partir de los casos Alumbrera y Veladero\u201d. Doctorado en Ciencias Sociales, Universidad de Buenos Aires, Buenos Aires, Argentina, 2018.<\/p>\n<p><strong>Robin Larsimont<\/strong>. T\u00edtulo da tese: \u201cModelo de agronegocio, agua y ruralidad en los oasis de Mendoza , 1990 &#8211; 2017: hacia una ecolog\u00eda pol\u00edtica territorial\u201d. Doctorado en Ciencias Sociales, Universidad de Buenos Aires, Buenos Aires, Argentina, 2018.<\/p>\n<p><strong>Rafael Caldeira Magalh\u00e3es<\/strong>. T\u00edtulo da tese: \u201cPLANOS DE SANEAMENTO DE BEL\u00c9M (1980 a 2015): racionalidades, mudan\u00e7as institucionais, intersetorialidade e participa\u00e7\u00e3o social\u201d. Doctorado em Saneamento, Meio Ambiente e Recursos H\u00eddricos, Universidade Federal de Minas Gerais (UFMG), Belo Horizonte, Minas Gerais, Brasil, 2018.<\/p>\n<p><strong>Daniel Moreno Mu\u00f1oz<\/strong>. T\u00edtulo da tese: \u201cLa actividad pesquera en la Bah\u00eda de Mazarr\u00f3n y el turismo marinero como propuesta de desarrollo\u201d. Doctorado en Geograf\u00eda, Universidad de Murcia, Murcia, Espa\u00f1a, 2018.<\/p>\n<p><strong>Sergio Luiz Dias Portella<\/strong>. T\u00edtulo da tese: \u201cO saber urgente do saber das urg\u00eancias: Redua\u00e7\u00e3o de riscos e desastres no Brasil\u201d. Doctorado en Territorio, Riesgo y Pol\u00edticas P\u00fablicas, Universidad de Coimbra, Coimbra, Portugal, 2018.<\/p>\n<p><strong>Suy\u00e1 Quintsrl<\/strong>. T\u00edtulo da tese: \u201cA (re)producao da desigualdade ambiental na metropole.\u00a0 Conflito pela agua, &#8220;crise hidrica&#8221; e macrossistema de abastecimiento no R\u00edo de Janeiro\u201d. Doctorado en Planificaci\u00f3n Urbana y Regional, Universidad de R\u00edo de Janeiro, R\u00edo de Janeiro, Brasil, 2018.<\/p>\n<p><strong>Zenaida Luisa\u00a0Lauda Rodriguez<\/strong>. T\u00edtulo da tese: \u201cO principio da precauc\u00e3o en conflitos socioambientais por recursos hidricos e minerac\u00e3o. Estudo comparativo entre o Brasil e o Peru\u201d. Doutorado en Ci\u00eancias Ambientais, Universidade de S\u00e3o Paulo, S\u00e3o Paulo, Brasil, 2018.<\/p>\n<p><strong>Marcos Cristiano Zucarelli<\/strong>. T\u00edtulo da tese: \u201cA matem\u00e1tica da gest\u00e3o e a alma lameada: os conflictos da governan\u00e7a no licenciamiento do projeto de minera\u00e7\u00e3o Minas-Rio e no desastre da Samarco\u201d. Doutorado em Antropologia, com especializa\u00e7\u00e3o em Antropologia Social, Universidade Federal de Minas Gerais (UFMG), Belo Horizonte, Minas Gerais, Brasil, 2018.<\/p>\n<p>&nbsp;<\/p>\n<hr \/>\n<h3>Comiss\u00e3o Avaliadora da Edi\u00e7\u00e3o 2018 do Pr\u00eamio WATERLAT-GOBACIT para Estudantes<\/h3>\n<p>Dr Felipe Alp\u00edzar Rodr\u00edguez, Universidad de Costa Rica, San Jos\u00e9, Costa Rica<\/p>\n<p>Dr Almir Arantes, Universidad Estatal de Mato Grosso (UNEMAT), Sinop, Mato Grosso, Brasil<\/p>\n<p>Dr Erivaldo Cavalcanti e Silva Filho, Universidad Estatal de Amazonas (UEA), Manaos, Amazonas, Brasil.<\/p>\n<p>Dr Mar\u00eda Ang\u00e9lica Maciel Costa,  Universidade Federal Rural de Rio de Janeiro (UFRRJ), \u00c1rea Rural &#8211; Seropedica, R\u00edo de Janeiro, Brasil<\/p>\n<p>Dr Andr\u00e9 Monteiro Costa, Fundaci\u00f3n Oswaldo Cruz, Recife, Pernambuco, Brasil<\/p>\n<p>Dr Karen da Costa, University College London, Londres, Reino Unido<\/p>\n<p>Dr Federico Yuri Hanai, Universidad Federal de San Carlos (UFSCAR), San Carlos, San Pablo, Brasil<\/p>\n<p>Dr Elder Andrade de Paula, Universidad Federal de Acre, Rio Branco, Acre, Brasil<\/p>\n<p>Dr Jos\u00e9 Gilberto de Souza, Universidad Estatal de San Pablo (UNESP), Rio Claro, San Pablo, Brasil<\/p>\n<p>Dr Leandro del Moral, Universidad de Sevilla, Sevilla, Espa\u00f1a<\/p>\n<p>Dr Daniela Maimoni de Figueiredo, Universidad Federal de Mato Grosso, Cuiab\u00e1, Mato Grosso, Brasil<\/p>\n<p>Dr Javier Gonzaga, Universidad de Caldas, Manizales, Colombia<\/p>\n<p>Dr Gonzalo Hatch Kuri, Universidad Nacional Aut\u00f3noma de M\u00e9xico (UNAM), Ciudad de M\u00e9xico, M\u00e9xico<\/p>\n<p>Dr Jes\u00fas Vargas Molina, Universidad Pablo de Olavide, Sevilla, Espa\u00f1a<\/p>\n<p>Dr Rodrigo Constante Martins, Universidad Federal de San Carlos, San Carlos, San Pablo, Brasil<\/p>\n<p>Dr M\u00f3nica Olvera, OXFAM, Ciudad de M\u00e9xico, M\u00e9xico<\/p>\n<p>Dr Margarita Portapila, Universidad Nacional de Rosario, Rosario, Santa Fe, Argentina<\/p>\n<p>Dr Mart\u00edn Sanzana Calvet, Instituto de Estudios Estrat\u00e9gicos para el Desarrollo Humano, Concepci\u00f3n, Bio Bio, Chile<\/p>\n<p>&nbsp;<\/p>\n<hr \/>\n<p style=\"text-align: center;\">Para consultas ou coment\u00e1rios referidos ao Pr\u00eamio WATERLAT-GOBACIT para Estudantes, por favor contatar a <a href=\"mailto:redwaterlat@gmail.com\">Secretaria<\/a> da Rede.<\/p>\n<p>&nbsp;<\/p>\n","protected":false},"excerpt":{"rendered":"<p>A sexta chamada a postula\u00e7\u00f5es para o Pr\u00eamio de Estudantes WATERLAT-GOBACIT foi para teses e disserta\u00e7\u00f5es aprovadas entre o 1 de janeiro e o 31 de dezembro de 2018 e foi fechada o 28 de fevereiro de 2019. Foram apresentadas 9 postula\u00e7\u00f5es ao Pr\u00eamio de Doutorado. Nesta edi\u00e7\u00e3o n\u00e3o houve postula\u00e7\u00f5es ao Pr\u00eamio de Mestrado. [&hellip;]<\/p>\n","protected":false},"author":3,"featured_media":0,"parent":249,"menu_order":0,"comment_status":"closed","ping_status":"closed","template":"page-templates\/full-width.php","meta":{"_acf_changed":false,"footnotes":""},"class_list":["post-2830","page","type-page","status-publish","hentry","wpautop"],"acf":[],"_links":{"self":[{"href":"https:\/\/waterlat.org\/pt\/wp-json\/wp\/v2\/pages\/2830","targetHints":{"allow":["GET"]}}],"collection":[{"href":"https:\/\/waterlat.org\/pt\/wp-json\/wp\/v2\/pages"}],"about":[{"href":"https:\/\/waterlat.org\/pt\/wp-json\/wp\/v2\/types\/page"}],"author":[{"embeddable":true,"href":"https:\/\/waterlat.org\/pt\/wp-json\/wp\/v2\/users\/3"}],"replies":[{"embeddable":true,"href":"https:\/\/waterlat.org\/pt\/wp-json\/wp\/v2\/comments?post=2830"}],"version-history":[{"count":7,"href":"https:\/\/waterlat.org\/pt\/wp-json\/wp\/v2\/pages\/2830\/revisions"}],"predecessor-version":[{"id":3313,"href":"https:\/\/waterlat.org\/pt\/wp-json\/wp\/v2\/pages\/2830\/revisions\/3313"}],"up":[{"embeddable":true,"href":"https:\/\/waterlat.org\/pt\/wp-json\/wp\/v2\/pages\/249"}],"wp:attachment":[{"href":"https:\/\/waterlat.org\/pt\/wp-json\/wp\/v2\/media?parent=2830"}],"curies":[{"name":"wp","href":"https:\/\/api.w.org\/{rel}","templated":true}]}}

Prêmio de Estudantes WATERLAT-GOBACIT 2019

<p>A sexta chamada a postulações para o Prêmio de Estudantes WATERLAT-GOBACIT foi para teses e dissertações aprovadas entre o 1 de janeiro e o 31 de dezembro de 2018 e foi fechada o 28 de fevereiro de 2019. Foram apresentadas 9 postulações ao Prêmio de Doutorado. Nesta edição não houve postulações ao Prêmio de Mestrado. Foi convocada uma Comissão Avaliadora composta de acadêmicas e acadêmicos membros da Rede e convidados externos. Ao final de esta página pode-se ver os detalhes da Comissão Avaliadora. O anúncio dos resultados ocorreu o 10 de outubro de 2019, na <a href="https://waterlat.org/pt/encontros/encontros-abertos/waterlat-gobacit-x-concepcion-2019/">X Reunião Internacional da Rede WATERLAT-GOBACIT</a>.</p>
<p>&nbsp;</p>
<hr />
<h3>O Prêmio</h3>
<p><span style="text-decoration: underline;">Prêmio de Doutorado 2019</span></p>
<p><strong>Marcos Cristiano Zucarelli</strong>. Título da tese: “A matemática da gestão e a alma lameada: os conflictos da governança no licenciamiento do projeto de mineração Minas-Rio e no desastre da Samarco”. Doutorado em Antropologia, com especialização em Antropologia Social, Universidade Federal de Minas Gerais (UFMG), Belo Horizonte, Minas Gerais, Brasil, 2018.</p>
<p>&nbsp;</p>
<p><span style="text-decoration: underline;">Menção Especial</span></p>
<p><strong>Zenaida Luisa Lauda Rodriguez</strong>. Título da tese: “O principio da precaucão en conflitos socioambientais por recursos hidricos e mineracão. Estudo comparativo entre o Brasil e o Peru”. Doutorado en Ciências Ambientais, Universidade de São Paulo, São Paulo, Brasil, 2018.</p>
<p>&nbsp;</p>
<p><span style="text-decoration: underline;"> Menção Especial</span></p>
<p><strong>Rafael Caldeira Magalhães</strong>. Título da tese: “PLANOS DE SANEAMENTO DE BELÉM (1980 a 2015): racionalidades, mudanças institucionais, intersetorialidade e participação social”. Doctorado em Saneamento, Meio Ambiente e Recursos Hídricos, Universidade Federal de Minas Gerais (UFMG), Belo Horizonte, Minas Gerais, Brasil, 2018.</p>
<p>&nbsp;</p>
<p><span style="text-decoration: underline;">Prêmio de Mestrado 2019</span></p>
<p>Nesta edição não houve postulações ao Prêmio de Mestrado.</p>
<p>&nbsp;</p>
<p>Dado que tivemos candidatos excelentes, a <a href="https://waterlat.org/pt/comissao-editorial/">Comissão Editorial</a> decidiu convidar ao resto dos participantes a enviar um artigo baseado nas teses e dissertações para sua publicação na <a href="https://waterlat.org/pt/publicacoes/working-papers-series/">Série de Cadernos de Trabalho</a> da Rede.</p>
<p>&nbsp;</p>
<hr />
<h3>Lista completa dos candidatos participantes:</h3>
<p><strong><span style="text-decoration: underline;">Prêmio de Doutorado</span></strong></p>
<p><strong>Germain de Jesús Esquivel Hernández</strong>. Título da tese: “Análisis integrado de variabilidad climática, dinámica de precipitación y conflictos por el agua para la gestión del recurso hídrico en Costa Rica”. Doctorado en Ciencias Naturales para el Desarrollo, Universidad Estatal a Distancia (UNED), San José, Costa Rica, 2018.</p>
<p><strong>Julieta Godfrid</strong>. Título da tese: “Estrategias de legitimación minera: La responsabilidad social empresaria argentina.  Un análisis a partir de los casos Alumbrera y Veladero”. Doctorado en Ciencias Sociales, Universidad de Buenos Aires, Buenos Aires, Argentina, 2018.</p>
<p><strong>Robin Larsimont</strong>. Título da tese: “Modelo de agronegocio, agua y ruralidad en los oasis de Mendoza , 1990 &#8211; 2017: hacia una ecología política territorial”. Doctorado en Ciencias Sociales, Universidad de Buenos Aires, Buenos Aires, Argentina, 2018.</p>
<p><strong>Rafael Caldeira Magalhães</strong>. Título da tese: “PLANOS DE SANEAMENTO DE BELÉM (1980 a 2015): racionalidades, mudanças institucionais, intersetorialidade e participação social”. Doctorado em Saneamento, Meio Ambiente e Recursos Hídricos, Universidade Federal de Minas Gerais (UFMG), Belo Horizonte, Minas Gerais, Brasil, 2018.</p>
<p><strong>Daniel Moreno Muñoz</strong>. Título da tese: “La actividad pesquera en la Bahía de Mazarrón y el turismo marinero como propuesta de desarrollo”. Doctorado en Geografía, Universidad de Murcia, Murcia, España, 2018.</p>
<p><strong>Sergio Luiz Dias Portella</strong>. Título da tese: “O saber urgente do saber das urgências: Reduação de riscos e desastres no Brasil”. Doctorado en Territorio, Riesgo y Políticas Públicas, Universidad de Coimbra, Coimbra, Portugal, 2018.</p>
<p><strong>Suyá Quintsrl</strong>. Título da tese: “A (re)producao da desigualdade ambiental na metropole.  Conflito pela agua, &#8220;crise hidrica&#8221; e macrossistema de abastecimiento no Río de Janeiro”. Doctorado en Planificación Urbana y Regional, Universidad de Río de Janeiro, Río de Janeiro, Brasil, 2018.</p>
<p><strong>Zenaida Luisa Lauda Rodriguez</strong>. Título da tese: “O principio da precaucão en conflitos socioambientais por recursos hidricos e mineracão. Estudo comparativo entre o Brasil e o Peru”. Doutorado en Ciências Ambientais, Universidade de São Paulo, São Paulo, Brasil, 2018.</p>
<p><strong>Marcos Cristiano Zucarelli</strong>. Título da tese: “A matemática da gestão e a alma lameada: os conflictos da governança no licenciamiento do projeto de mineração Minas-Rio e no desastre da Samarco”. Doutorado em Antropologia, com especialização em Antropologia Social, Universidade Federal de Minas Gerais (UFMG), Belo Horizonte, Minas Gerais, Brasil, 2018.</p>
<p>&nbsp;</p>
<hr />
<h3>Comissão Avaliadora da Edição 2018 do Prêmio WATERLAT-GOBACIT para Estudantes</h3>
<p>Dr Felipe Alpízar Rodríguez, Universidad de Costa Rica, San José, Costa Rica</p>
<p>Dr Almir Arantes, Universidad Estatal de Mato Grosso (UNEMAT), Sinop, Mato Grosso, Brasil</p>
<p>Dr Erivaldo Cavalcanti e Silva Filho, Universidad Estatal de Amazonas (UEA), Manaos, Amazonas, Brasil.</p>
<p>Dr María Angélica Maciel Costa,  Universidade Federal Rural de Rio de Janeiro (UFRRJ), Área Rural &#8211; Seropedica, Río de Janeiro, Brasil</p>
<p>Dr André Monteiro Costa, Fundación Oswaldo Cruz, Recife, Pernambuco, Brasil</p>
<p>Dr Karen da Costa, University College London, Londres, Reino Unido</p>
<p>Dr Federico Yuri Hanai, Universidad Federal de San Carlos (UFSCAR), San Carlos, San Pablo, Brasil</p>
<p>Dr Elder Andrade de Paula, Universidad Federal de Acre, Rio Branco, Acre, Brasil</p>
<p>Dr José Gilberto de Souza, Universidad Estatal de San Pablo (UNESP), Rio Claro, San Pablo, Brasil</p>
<p>Dr Leandro del Moral, Universidad de Sevilla, Sevilla, España</p>
<p>Dr Daniela Maimoni de Figueiredo, Universidad Federal de Mato Grosso, Cuiabá, Mato Grosso, Brasil</p>
<p>Dr Javier Gonzaga, Universidad de Caldas, Manizales, Colombia</p>
<p>Dr Gonzalo Hatch Kuri, Universidad Nacional Autónoma de México (UNAM), Ciudad de México, México</p>
<p>Dr Jesús Vargas Molina, Universidad Pablo de Olavide, Sevilla, España</p>
<p>Dr Rodrigo Constante Martins, Universidad Federal de San Carlos, San Carlos, San Pablo, Brasil</p>
<p>Dr Mónica Olvera, OXFAM, Ciudad de México, México</p>
<p>Dr Margarita Portapila, Universidad Nacional de Rosario, Rosario, Santa Fe, Argentina</p>
<p>Dr Martín Sanzana Calvet, Instituto de Estudios Estratégicos para el Desarrollo Humano, Concepción, Bio Bio, Chile</p>
<p>&nbsp;</p>
<hr />
<p style="text-align: center;">Para consultas ou comentários referidos ao Prêmio WATERLAT-GOBACIT para Estudantes, por favor contatar a <a href="mailto:redwaterlat@gmail.com">Secretaria</a> da Rede.</p>
<p>&nbsp;</p>

<p>A sexta chamada a postulações para o Prêmio de Estudantes WATERLAT-GOBACIT foi para teses e dissertações aprovadas entre o 1 de janeiro e o 31 de dezembro de 2018 e foi fechada o 28 de fevereiro de 2019. Foram apresentadas 9 postulações ao Prêmio de Doutorado. Nesta edição não houve postulações ao Prêmio de Mestrado. [&hellip;]</p>
