{"id":3636,"date":"2023-03-22T19:34:32","date_gmt":"2023-03-22T19:34:32","guid":{"rendered":"https:\/\/waterlat.org\/pt\/?page_id=3636"},"modified":"2023-03-22T19:34:32","modified_gmt":"2023-03-22T19:34:32","slug":"o-direito-a-agua-como-politica-publica-na-america-latina-uma-exploracao-teorica-e-empirica-em-espanhol","status":"publish","type":"page","link":"https:\/\/waterlat.org\/pt\/publicacoes\/livros\/o-direito-a-agua-como-politica-publica-na-america-latina-uma-exploracao-teorica-e-empirica-em-espanhol\/","title":{"rendered":"O Direito \u00e0 \u00c1gua como Pol\u00edtica P\u00fablica na Am\u00e9rica Latina: uma Explora\u00e7\u00e3o Te\u00f3rica e Emp\u00edrica ( em espanhol)"},"content":{"rendered":"<p><a href=\"https:\/\/waterlat.org\/wp-content\/uploads\/2023\/03\/Cover-El-Derecho-al-Agua_BOOK.jpg\"><img loading=\"lazy\" decoding=\"async\" class=\"alignnone size-medium wp-image-1938\" src=\"https:\/\/waterlat.org\/wp-content\/uploads\/2023\/03\/Cover-El-Derecho-al-Agua_BOOK.jpg\" width=\"300\" height=\"138\" \/><\/a><\/p>\n<p>Jos\u00e9 Esteban Castro, L\u00e9o Heller, Maria da Piedade Morais, e Alex R. Caldera Ortega (Eds.), <span style=\"text-decoration: underline;\">El Derecho al Agua como Pol\u00edtica P\u00fablica en Am\u00e9rica Latina.Una exploraci\u00f3n te\u00f3rica y emp\u00edrica<\/span>, Brasilia: Instituto de Investigaci\u00f3n Econ\u00f3mica Aplicada  (IPEA) &#8211; Red WATERLAT-GOBACIT y  Universidad  de  Guanajuato, Campus Le\u00f3n, Guanajuato, M\u00e9xico, 2023. ISBN: 978-65-5635-048-6 DOI:http:\/\/dx.doi.org\/10.38116\/978-65-5635-048-6. <a href=\"https:\/\/repositorio.ipea.gov.br\/bitstream\/11058\/11826\/1\/El_Derecho_al_Agua.pdf\">Dispon\u00edvel  aqui em formato pdf<\/a>.<\/p>\n<p style=\"font-weight: 400;\">\u00a0O livro \u00e9 uma vers\u00e3o  extendida, em espa\u00f1ol,<a href=\"https:\/\/waterlat.org\/publications\/books\/the-right-to-water-in-portuguese\/\">do original publicado m portugu\u00e9s em 2015.<\/p>\n<p>O livro tem  15 cap\u00edtulos, incluindo experi\u00eancias de Argentina, Brasil, El Salvador, Nicar\u00e1gua, Paraguai, Per\u00fa, Uruguai y Venezuela.<\/p>\n","protected":false},"excerpt":{"rendered":"<p>Jos\u00e9 Esteban Castro, L\u00e9o Heller, Maria da Piedade Morais, e Alex R. Caldera Ortega (Eds.), El Derecho al Agua como Pol\u00edtica P\u00fablica en Am\u00e9rica Latina.Una exploraci\u00f3n te\u00f3rica y emp\u00edrica, Brasilia: Instituto de Investigaci\u00f3n Econ\u00f3mica Aplicada (IPEA) &#8211; Red WATERLAT-GOBACIT y Universidad de Guanajuato, Campus Le\u00f3n, Guanajuato, M\u00e9xico, 2023. ISBN: 978-65-5635-048-6 DOI:http:\/\/dx.doi.org\/10.38116\/978-65-5635-048-6. Dispon\u00edvel aqui em formato [&hellip;]<\/p>\n","protected":false},"author":3,"featured_media":0,"parent":22,"menu_order":0,"comment_status":"closed","ping_status":"closed","template":"page-templates\/full-width.php","meta":{"_acf_changed":false,"footnotes":""},"class_list":["post-3636","page","type-page","status-publish","hentry","wpautop"],"acf":[],"_links":{"self":[{"href":"https:\/\/waterlat.org\/pt\/wp-json\/wp\/v2\/pages\/3636","targetHints":{"allow":["GET"]}}],"collection":[{"href":"https:\/\/waterlat.org\/pt\/wp-json\/wp\/v2\/pages"}],"about":[{"href":"https:\/\/waterlat.org\/pt\/wp-json\/wp\/v2\/types\/page"}],"author":[{"embeddable":true,"href":"https:\/\/waterlat.org\/pt\/wp-json\/wp\/v2\/users\/3"}],"replies":[{"embeddable":true,"href":"https:\/\/waterlat.org\/pt\/wp-json\/wp\/v2\/comments?post=3636"}],"version-history":[{"count":1,"href":"https:\/\/waterlat.org\/pt\/wp-json\/wp\/v2\/pages\/3636\/revisions"}],"predecessor-version":[{"id":3637,"href":"https:\/\/waterlat.org\/pt\/wp-json\/wp\/v2\/pages\/3636\/revisions\/3637"}],"up":[{"embeddable":true,"href":"https:\/\/waterlat.org\/pt\/wp-json\/wp\/v2\/pages\/22"}],"wp:attachment":[{"href":"https:\/\/waterlat.org\/pt\/wp-json\/wp\/v2\/media?parent=3636"}],"curies":[{"name":"wp","href":"https:\/\/api.w.org\/{rel}","templated":true}]}}

O Direito à Água como Política Pública na América Latina: uma Exploração Teórica e Empírica ( em espanhol)

<p><a href="https://waterlat.org/wp-content/uploads/2023/03/Cover-El-Derecho-al-Agua_BOOK.jpg"><img loading="lazy" decoding="async" class="alignnone size-medium wp-image-1938" src="https://waterlat.org/wp-content/uploads/2023/03/Cover-El-Derecho-al-Agua_BOOK.jpg" width="300" height="138" /></a></p>
<p>José Esteban Castro, Léo Heller, Maria da Piedade Morais, e Alex R. Caldera Ortega (Eds.), <span style="text-decoration: underline;">El Derecho al Agua como Política Pública en América Latina.Una exploración teórica y empírica</span>, Brasilia: Instituto de Investigación Económica Aplicada  (IPEA) &#8211; Red WATERLAT-GOBACIT y  Universidad  de  Guanajuato, Campus León, Guanajuato, México, 2023. ISBN: 978-65-5635-048-6 DOI:http://dx.doi.org/10.38116/978-65-5635-048-6. <a href="https://repositorio.ipea.gov.br/bitstream/11058/11826/1/El_Derecho_al_Agua.pdf">Disponível  aqui em formato pdf</a>.</p>
<p style="font-weight: 400;"> O livro é uma versão  extendida, em español,<a href="https://waterlat.org/publications/books/the-right-to-water-in-portuguese/">do original publicado m portugués em 2015.</p>
<p>O livro tem  15 capítulos, incluindo experiências de Argentina, Brasil, El Salvador, Nicarágua, Paraguai, Perú, Uruguai y Venezuela.</p>

<p>José Esteban Castro, Léo Heller, Maria da Piedade Morais, e Alex R. Caldera Ortega (Eds.), El Derecho al Agua como Política Pública en América Latina.Una exploración teórica y empírica, Brasilia: Instituto de Investigación Económica Aplicada (IPEA) &#8211; Red WATERLAT-GOBACIT y Universidad de Guanajuato, Campus León, Guanajuato, México, 2023. ISBN: 978-65-5635-048-6 DOI:http://dx.doi.org/10.38116/978-65-5635-048-6. Disponível aqui em formato [&hellip;]</p>
