{"id":3709,"date":"2023-05-20T20:57:24","date_gmt":"2023-05-20T20:57:24","guid":{"rendered":"https:\/\/waterlat.org\/pt\/?page_id=3709"},"modified":"2023-05-20T21:42:29","modified_gmt":"2023-05-20T21:42:29","slug":"serie-de-cadernos-de-trabalho-do-projeto-desafio","status":"publish","type":"page","link":"https:\/\/waterlat.org\/pt\/areas-tematicas\/at3\/cadernos-de-trabalho-da-at3\/serie-de-cadernos-de-trabalho-do-projeto-desafio\/","title":{"rendered":"S\u00e9rie de Cadernos de Trabalho do Projeto  DESAFIO da AT3"},"content":{"rendered":"<h2><\/h2>\r\n<a href=\"https:\/\/waterlat.org\/wp-content\/uploads\/2023\/05\/WPSPIDES01.jpg\"><img loading=\"lazy\" decoding=\"async\" class=\"alignnone size-medium wp-image-2717\" src=\"https:\/\/waterlat.org\/wp-content\/uploads\/2023\/05\/WPSPIDES01.jpg\" alt=\"Tapa WPSATAM22\" width=\"212\" height=\"300\" \/><\/a>.\r\n\r\n<h2><\/h2>\r\n\r\n<b>Inova\u00e7\u00f5es e desafios para a democratiza\u00e7\u00e3o dos servi\u00e7os de saneamento. S\u00edntese da Primeira Confer\u00eancia International<\/b>.Editado por J.E. Castro, Organizado por H.M. Rocha Ferreira e A. Ramos, com  artigos de L. Roberto Rosas de Siqueira, A. Brasileiro, C. Marcuzzo, A. Araujo, J.E.Castro, W. A. Ribeiro, M. Pigeon, A. da Costa Miranda Neto, A. Le Strat, J. C. Melo, P. Campos Borja, A. Monteiro, M. R. Pena, R. Cavalcanti Tavares, E. A. da Silva,B. Saraiva, M. Montenegro, e L.Heller.\r\n\r\nVol. 1 No 1 (Old ISSN), Outubro de 2013.\r\n<a href=\"https:\/\/waterlat.org\/WPapers\/WATERLAT%20Working%20Paper%20SPIDES%201.pdf\">Baixar o n\u00famero aqui<\/a>.\r\n<h2><\/h2>\r\n<a href=\"https:\/\/waterlat.org\/wp-content\/uploads\/2023\/05\/WPSPIDES26.jpg\"><img loading=\"lazy\" decoding=\"async\" class=\"alignnone size-medium wp-image-2717\" src=\"https:\/\/waterlat.org\/wp-content\/uploads\/2023\/05\/WPSPIDES26.jpg\" alt=\"Tapa WPSATAM22\" width=\"212\" height=\"300\" \/><\/a>.\r\n<h2><\/h2>\r\n<b>O Sistema Integrado de Saneamento Rural (SISAR) no Brasil<\/b>. Editado por J.E. Castro, com artigos de  E. de Souza Martins Freitas, S. V. de Castro, J. L. Pena, S. Rezende, e L.Heller.\r\nVol. 2 No 6, dezembro de 2015.\r\n<a href=\"https:\/\/waterlat.org\/WPapers\/WPSPIDES26.pdf\">Baixar o n\u00famero aqui<\/a>.\r\n<h2><\/h2>\r\n<a href=\"https:\/\/waterlat.org\/wp-content\/uploads\/2023\/05\/WPSPIDES27.jpg\"><img loading=\"lazy\" decoding=\"async\" class=\"alignnone size-medium wp-image-2717\" src=\"https:\/\/waterlat.org\/wp-content\/uploads\/2023\/05\/WPSPIDES27.jpg\" alt=\"Tapa WPSATAM22\" width=\"212\" height=\"300\" \/><\/a>.\r\n<h2><\/h2>\r\n<b>O Sistema Condominial de Saneamento em Zonas Especiais de Interesse Social (ZEIS) no Recife, Brasil <\/b>. J.E. Castro, e H. M. Rocha Ferreira.\r\nVol. 2 No 7, dezembro de  2015.\r\n<a href=\"https:\/\/waterlat.org\/WPapers\/WPSPIDES27.pdf\">Baixar o n\u00famero aqui<\/a>.\r\n\r\n<a href=\"https:\/\/waterlat.org\/wp-content\/uploads\/2023\/05\/WPSPIDES28.jpg\"><img loading=\"lazy\" decoding=\"async\" class=\"alignnone size-medium wp-image-2717\" src=\"https:\/\/waterlat.org\/wp-content\/uploads\/2023\/05\/WPSPIDES28.jpg\" alt=\"Tapa WPSATAM22\" width=\"212\" height=\"300\" \/><\/a>.\r\n<h2><\/h2>\r\n<b>Avalia\u00e7\u00e3o de Tecnologias Apropriadas para o Acesso \u00e0 \u00c1gua em Comunidades Vulner\u00e1veis na Baixada Fluminense, Rio de Janeiro, Brasil <\/b>. Editado por J.E. Castro, com artigos de A.L. Britto, A. Maiello, e S. Quintslr.\r\nVol. 2 No 8, dezembro de 2015.\r\n<a href=\"https:\/\/waterlat.org\/WPapers\/WPSPIDES28.pdf\">Baixar o n\u00famero aqui<\/a>.\r\n<h2><\/h2>\r\n<a href=\"https:\/\/waterlat.org\/wp-content\/uploads\/2023\/05\/WPSPIDES29.jpg\"><img loading=\"lazy\" decoding=\"async\" class=\"alignnone size-medium wp-image-2717\" src=\"https:\/\/waterlat.org\/wp-content\/uploads\/2023\/05\/WPSPIDES29.jpg\" alt=\"Tapa WPSATAM22\" width=\"212\" height=\"300\" \/><\/a>.\r\n<h2><\/h2>\r\n<b>Empoderamento, Resili\u00eancia e Sustentabilidade: Avalia\u00e7\u00e3o de uma Sistema Integrado de \u00c1gua e Esgotamento Sanit\u00e1rio numa Comunidade Rural na Col\u00f4mbia<\/b> (em espanhol). Editado por J.E. Castro, com  artigos de M. Garcia, M. Pena, A. F. Toro, J. Vargas, V. A. Ceron, S. P. Tamayo, E. Mena, V. Orjuela, D. Morales, S.I.Bolanos and R. J. Vidal.\r\nVol. 2 No 9, dezembro de 2015.\r\n<a href=\"https:\/\/waterlat.org\/WPapers\/WPSPIDES29.pdf\">Baixar o n\u00famero aqui<\/a>.\r\n<h2><\/h2>\r\n<a href=\"https:\/\/waterlat.org\/wp-content\/uploads\/2023\/05\/WPSPIDES210.jpg\"><img loading=\"lazy\" decoding=\"async\" class=\"alignnone size-medium wp-image-2717\" src=\"https:\/\/waterlat.org\/wp-content\/uploads\/2023\/05\/WPSPIDES210.jpg\" alt=\"Tapa WPSATAM22\" width=\"212\" height=\"300\" \/><\/a>.\r\n<h2><\/h2>\r\n<b>Dimens\u00f5es Sociot\u00e9cnicas do Sistema de \u2018Saneamento Integrado\u2019 em \u00c1reas de Baixa Renda no Recife, Brasil <\/b>. J.E. Castro, e H. M. Rocha Ferreira.\r\nVol. 2 No 10, dezembro de 2015.\r\n<a href=\"https:\/\/waterlat.org\/WPapers\/WPSPIDES210.pdf\">Baixar o n\u00famero aqui<\/a>.\r\n<h2><\/h2>\r\n<a href=\"https:\/\/waterlat.org\/wp-content\/uploads\/2023\/05\/WPSPIDES211.jpg\"><img loading=\"lazy\" decoding=\"async\" class=\"alignnone size-medium wp-image-2717\" src=\"https:\/\/waterlat.org\/wp-content\/uploads\/2023\/05\/WPSPIDES211.jpg\" alt=\"Tapa WPSATAM22\" width=\"212\" height=\"300\" \/><\/a>.\r\n<h2><\/h2>\r\n<b>Gest\u00e3o Comunit\u00e1ria da \u00c1gua Rural e Associatividade na Col\u00f4mbia <\/b> (em espanhol).Editado por J.E. Castro, com artigos de M. Garcia, M. Pena, A. F. Toro, J. Vargas, V. A. Ceron, S. P. Tamayo, E. Mena, V. Orjuela, D. Morales, S.I. Bolanos e R. J. Vidal.\r\nVol. 2 No 11, dezembro de 2015.\r\n<a href=\"https:\/\/waterlat.org\/WPapers\/WPSPIDES211.pdf\">Baixar o n\u00famero aqui<\/a>.\r\n<h2><\/h2>\r\n<a href=\"https:\/\/waterlat.org\/wp-content\/uploads\/2023\/05\/WPSPIDES212.jpg\"><img loading=\"lazy\" decoding=\"async\" class=\"alignnone size-medium wp-image-2717\" src=\"https:\/\/waterlat.org\/wp-content\/uploads\/2023\/05\/WPSPIDES212.jpg\" alt=\"Tapa WPSATAM22\" width=\"212\" height=\"300\" \/><\/a>.\r\n<h2><\/h2>\r\n<b>Gera\u00e7\u00e3o Participativa de um Sistema de Tratamento de \u00c1gua numa Comunidade Quilombola de Minas Gerais, Brasil<\/b>.Editado por J.E. Castro, com  artigos de V. L. de P\u00e1dua, D. Roncarati Vilela, e A. Sullyvan Rodrigues Silva.\r\nVol. 2 No 12, dezembro de 2015.\r\n<a href=\"https:\/\/waterlat.org\/WPapers\/WPSPIDES212.pdf\">Baixar o n\u00famero aqui<\/a>.\r\n<h2><\/h2>\r\n<a href=\"https:\/\/waterlat.org\/wp-content\/uploads\/2023\/05\/WPSPIDES213.jpg\"><img loading=\"lazy\" decoding=\"async\" class=\"alignnone size-medium wp-image-2717\" src=\"https:\/\/waterlat.org\/wp-content\/uploads\/2023\/05\/WPSPIDES213.jpg\" alt=\"Tapa WPSATAM22\" width=\"212\" height=\"300\" \/><\/a>.\r\n<h2><\/h2>\r\n<b>Desenvolvimento das Capacidades para Monitorar a Qualidade da \u00c1gua em Comunidades Vulner\u00e1veis na Argentina <\/b>(em espanhol).Editado por J.E. Castro, com artigos de M. Portapila, J. C. Marin, S. Omelianiuk, M.Orta, H. Escobar, G. Anton, G. Forte, G. Maydana, A. Rigall, M. Romagnoli, D. Tagliavini, e N. Torres.\r\nVol. 2 No 13, dezembro de 2015.\r\n<a href=\"https:\/\/waterlat.org\/WPapers\/WPSPIDES213.pdf\">Baixar o n\u00famero aqui<\/a>.\r\n<h2><\/h2>\r\n<a href=\"https:\/\/waterlat.org\/wp-content\/uploads\/2023\/05\/WPSPIDES214.jpg\"><img loading=\"lazy\" decoding=\"async\" class=\"alignnone size-medium wp-image-2717\" src=\"https:\/\/waterlat.org\/wp-content\/uploads\/2023\/05\/WPSPIDES214.jpg\" alt=\"Tapa WPSATAM22\" width=\"212\" height=\"300\" \/><\/a>.\r\n<h2><\/h2>\r\n<b>Marco Te\u00f3rico Metodol\u00f3gico (em ingl\u00eas). DESAFIO Project<\/b>.Editado por J.E. Castro, com  apoio dos  parceiros do Cons\u00f3rcio do Projeto DESAFIO.\r\nVol. 2 No 14, dezembro de  2015.\r\n<a href=\"https:\/\/waterlat.org\/WPapers\/WPSPIDES214.pdf\">Baixar o n\u00famero aqui<\/a>.\r\n<h2><\/h2>\r\n<a href=\"https:\/\/waterlat.org\/wp-content\/uploads\/2023\/05\/WPSPIDES215.jpg\"><img loading=\"lazy\" decoding=\"async\" class=\"alignnone size-medium wp-image-2717\" src=\"https:\/\/waterlat.org\/wp-content\/uploads\/2023\/05\/WPSPIDES215.jpg\" alt=\"Tapa WPSATAM22\" width=\"212\" height=\"300\" \/><\/a>.\r\n<h2><\/h2>\r\n<b>An\u00e1lise Cross-Comparativo. Projeto DESAFIO<\/b>.(em ingl\u00eas).Editado por J.E. Castro, com    artigos de R. Pinto, Z. Teixeira, M. da C. Cunha, e J.E. Castro, com  apoio dos parceiros do Cons\u00f3rcio do Projeto DESAFIO.\r\nVol. 2 No 15, dezembro de  2015.\r\n<a href=\"https:\/\/waterlat.org\/WPapers\/WPSPIDES215.pdf\">Baixar o n\u00famero aqui<\/a>.\r\n<h2><\/h2>\r\n<a href=\"https:\/\/waterlat.org\/wp-content\/uploads\/2023\/05\/WPSPIDES216.jpg\"><img loading=\"lazy\" decoding=\"async\" class=\"alignnone size-medium wp-image-2717\" src=\"https:\/\/waterlat.org\/wp-content\/uploads\/2023\/05\/WPSPIDES216.jpg\" alt=\"Tapa WPSATAM22\" width=\"212\" height=\"300\" \/><\/a>.\r\n<h2><\/h2>\r\n<b>Relat\u00f3rios Finais do Projeto DESAFIO<\/b>(em ingl\u00eas). J.E. Castro, com  apoio dos parceiros do Cons\u00f3rcio do Projeto DESAFIO.\r\nVol. 2 No 16, dezembro de  2015.\r\n<a href=\"https:\/\/waterlat.org\/WPapers\/WPSPIDES216.pdf\">Baixar o n\u00famero aqui<\/a>.\r\n<h2><\/h2>\r\n\r\n\r\n\r\n\r\n\r\n\r\n\r\n\r\n<a href=\"https:\/\/waterlat.org\/pt\/areas-tematicas\/at3\/\">Voltar \u00e0 Apresenta\u00e7\u00e3o da AT3<\/a>","protected":false},"excerpt":{"rendered":". Inova\u00e7\u00f5es e desafios para a democratiza\u00e7\u00e3o dos servi\u00e7os de saneamento. S\u00edntese da Primeira Confer\u00eancia International.Editado por J.E. Castro, Organizado por H.M. Rocha Ferreira e A. Ramos, com artigos de L. Roberto Rosas de Siqueira, A. Brasileiro, C. Marcuzzo, A. Araujo, J.E.Castro, W. A. Ribeiro, M. Pigeon, A. da Costa Miranda Neto, A. Le Strat, [&hellip;]","protected":false},"author":3,"featured_media":0,"parent":1460,"menu_order":0,"comment_status":"closed","ping_status":"closed","template":"page-templates\/full-width.php","meta":{"_acf_changed":false,"footnotes":""},"class_list":["post-3709","page","type-page","status-publish","hentry","no-wpautop"],"acf":[],"_links":{"self":[{"href":"https:\/\/waterlat.org\/pt\/wp-json\/wp\/v2\/pages\/3709","targetHints":{"allow":["GET"]}}],"collection":[{"href":"https:\/\/waterlat.org\/pt\/wp-json\/wp\/v2\/pages"}],"about":[{"href":"https:\/\/waterlat.org\/pt\/wp-json\/wp\/v2\/types\/page"}],"author":[{"embeddable":true,"href":"https:\/\/waterlat.org\/pt\/wp-json\/wp\/v2\/users\/3"}],"replies":[{"embeddable":true,"href":"https:\/\/waterlat.org\/pt\/wp-json\/wp\/v2\/comments?post=3709"}],"version-history":[{"count":11,"href":"https:\/\/waterlat.org\/pt\/wp-json\/wp\/v2\/pages\/3709\/revisions"}],"predecessor-version":[{"id":3767,"href":"https:\/\/waterlat.org\/pt\/wp-json\/wp\/v2\/pages\/3709\/revisions\/3767"}],"up":[{"embeddable":true,"href":"https:\/\/waterlat.org\/pt\/wp-json\/wp\/v2\/pages\/1460"}],"wp:attachment":[{"href":"https:\/\/waterlat.org\/pt\/wp-json\/wp\/v2\/media?parent=3709"}],"curies":[{"name":"wp","href":"https:\/\/api.w.org\/{rel}","templated":true}]}}

Série de Cadernos de Trabalho do Projeto  DESAFIO da AT3

<h2></h2>
<a href="https://waterlat.org/wp-content/uploads/2023/05/WPSPIDES01.jpg"><img loading="lazy" decoding="async" class="alignnone size-medium wp-image-2717" src="https://waterlat.org/wp-content/uploads/2023/05/WPSPIDES01.jpg" alt="Tapa WPSATAM22" width="212" height="300" /></a>.

<h2></h2>

<b>Inovações e desafios para a democratização dos serviços de saneamento. Síntese da Primeira Conferência International</b>.Editado por J.E. Castro, Organizado por H.M. Rocha Ferreira e A. Ramos, com  artigos de L. Roberto Rosas de Siqueira, A. Brasileiro, C. Marcuzzo, A. Araujo, J.E.Castro, W. A. Ribeiro, M. Pigeon, A. da Costa Miranda Neto, A. Le Strat, J. C. Melo, P. Campos Borja, A. Monteiro, M. R. Pena, R. Cavalcanti Tavares, E. A. da Silva,B. Saraiva, M. Montenegro, e L.Heller.

Vol. 1 No 1 (Old ISSN), Outubro de 2013.
<a href="https://waterlat.org/WPapers/WATERLAT%20Working%20Paper%20SPIDES%201.pdf">Baixar o número aqui</a>.
<h2></h2>
<a href="https://waterlat.org/wp-content/uploads/2023/05/WPSPIDES26.jpg"><img loading="lazy" decoding="async" class="alignnone size-medium wp-image-2717" src="https://waterlat.org/wp-content/uploads/2023/05/WPSPIDES26.jpg" alt="Tapa WPSATAM22" width="212" height="300" /></a>.
<h2></h2>
<b>O Sistema Integrado de Saneamento Rural (SISAR) no Brasil</b>. Editado por J.E. Castro, com artigos de  E. de Souza Martins Freitas, S. V. de Castro, J. L. Pena, S. Rezende, e L.Heller.
Vol. 2 No 6, dezembro de 2015.
<a href="https://waterlat.org/WPapers/WPSPIDES26.pdf">Baixar o número aqui</a>.
<h2></h2>
<a href="https://waterlat.org/wp-content/uploads/2023/05/WPSPIDES27.jpg"><img loading="lazy" decoding="async" class="alignnone size-medium wp-image-2717" src="https://waterlat.org/wp-content/uploads/2023/05/WPSPIDES27.jpg" alt="Tapa WPSATAM22" width="212" height="300" /></a>.
<h2></h2>
<b>O Sistema Condominial de Saneamento em Zonas Especiais de Interesse Social (ZEIS) no Recife, Brasil </b>. J.E. Castro, e H. M. Rocha Ferreira.
Vol. 2 No 7, dezembro de  2015.
<a href="https://waterlat.org/WPapers/WPSPIDES27.pdf">Baixar o número aqui</a>.

<a href="https://waterlat.org/wp-content/uploads/2023/05/WPSPIDES28.jpg"><img loading="lazy" decoding="async" class="alignnone size-medium wp-image-2717" src="https://waterlat.org/wp-content/uploads/2023/05/WPSPIDES28.jpg" alt="Tapa WPSATAM22" width="212" height="300" /></a>.
<h2></h2>
<b>Avaliação de Tecnologias Apropriadas para o Acesso à Água em Comunidades Vulneráveis na Baixada Fluminense, Rio de Janeiro, Brasil </b>. Editado por J.E. Castro, com artigos de A.L. Britto, A. Maiello, e S. Quintslr.
Vol. 2 No 8, dezembro de 2015.
<a href="https://waterlat.org/WPapers/WPSPIDES28.pdf">Baixar o número aqui</a>.
<h2></h2>
<a href="https://waterlat.org/wp-content/uploads/2023/05/WPSPIDES29.jpg"><img loading="lazy" decoding="async" class="alignnone size-medium wp-image-2717" src="https://waterlat.org/wp-content/uploads/2023/05/WPSPIDES29.jpg" alt="Tapa WPSATAM22" width="212" height="300" /></a>.
<h2></h2>
<b>Empoderamento, Resiliência e Sustentabilidade: Avaliação de uma Sistema Integrado de Água e Esgotamento Sanitário numa Comunidade Rural na Colômbia</b> (em espanhol). Editado por J.E. Castro, com  artigos de M. Garcia, M. Pena, A. F. Toro, J. Vargas, V. A. Ceron, S. P. Tamayo, E. Mena, V. Orjuela, D. Morales, S.I.Bolanos and R. J. Vidal.
Vol. 2 No 9, dezembro de 2015.
<a href="https://waterlat.org/WPapers/WPSPIDES29.pdf">Baixar o número aqui</a>.
<h2></h2>
<a href="https://waterlat.org/wp-content/uploads/2023/05/WPSPIDES210.jpg"><img loading="lazy" decoding="async" class="alignnone size-medium wp-image-2717" src="https://waterlat.org/wp-content/uploads/2023/05/WPSPIDES210.jpg" alt="Tapa WPSATAM22" width="212" height="300" /></a>.
<h2></h2>
<b>Dimensões Sociotécnicas do Sistema de ‘Saneamento Integrado’ em Áreas de Baixa Renda no Recife, Brasil </b>. J.E. Castro, e H. M. Rocha Ferreira.
Vol. 2 No 10, dezembro de 2015.
<a href="https://waterlat.org/WPapers/WPSPIDES210.pdf">Baixar o número aqui</a>.
<h2></h2>
<a href="https://waterlat.org/wp-content/uploads/2023/05/WPSPIDES211.jpg"><img loading="lazy" decoding="async" class="alignnone size-medium wp-image-2717" src="https://waterlat.org/wp-content/uploads/2023/05/WPSPIDES211.jpg" alt="Tapa WPSATAM22" width="212" height="300" /></a>.
<h2></h2>
<b>Gestão Comunitária da Água Rural e Associatividade na Colômbia </b> (em espanhol).Editado por J.E. Castro, com artigos de M. Garcia, M. Pena, A. F. Toro, J. Vargas, V. A. Ceron, S. P. Tamayo, E. Mena, V. Orjuela, D. Morales, S.I. Bolanos e R. J. Vidal.
Vol. 2 No 11, dezembro de 2015.
<a href="https://waterlat.org/WPapers/WPSPIDES211.pdf">Baixar o número aqui</a>.
<h2></h2>
<a href="https://waterlat.org/wp-content/uploads/2023/05/WPSPIDES212.jpg"><img loading="lazy" decoding="async" class="alignnone size-medium wp-image-2717" src="https://waterlat.org/wp-content/uploads/2023/05/WPSPIDES212.jpg" alt="Tapa WPSATAM22" width="212" height="300" /></a>.
<h2></h2>
<b>Geração Participativa de um Sistema de Tratamento de Água numa Comunidade Quilombola de Minas Gerais, Brasil</b>.Editado por J.E. Castro, com  artigos de V. L. de Pádua, D. Roncarati Vilela, e A. Sullyvan Rodrigues Silva.
Vol. 2 No 12, dezembro de 2015.
<a href="https://waterlat.org/WPapers/WPSPIDES212.pdf">Baixar o número aqui</a>.
<h2></h2>
<a href="https://waterlat.org/wp-content/uploads/2023/05/WPSPIDES213.jpg"><img loading="lazy" decoding="async" class="alignnone size-medium wp-image-2717" src="https://waterlat.org/wp-content/uploads/2023/05/WPSPIDES213.jpg" alt="Tapa WPSATAM22" width="212" height="300" /></a>.
<h2></h2>
<b>Desenvolvimento das Capacidades para Monitorar a Qualidade da Água em Comunidades Vulneráveis na Argentina </b>(em espanhol).Editado por J.E. Castro, com artigos de M. Portapila, J. C. Marin, S. Omelianiuk, M.Orta, H. Escobar, G. Anton, G. Forte, G. Maydana, A. Rigall, M. Romagnoli, D. Tagliavini, e N. Torres.
Vol. 2 No 13, dezembro de 2015.
<a href="https://waterlat.org/WPapers/WPSPIDES213.pdf">Baixar o número aqui</a>.
<h2></h2>
<a href="https://waterlat.org/wp-content/uploads/2023/05/WPSPIDES214.jpg"><img loading="lazy" decoding="async" class="alignnone size-medium wp-image-2717" src="https://waterlat.org/wp-content/uploads/2023/05/WPSPIDES214.jpg" alt="Tapa WPSATAM22" width="212" height="300" /></a>.
<h2></h2>
<b>Marco Teórico Metodológico (em inglês). DESAFIO Project</b>.Editado por J.E. Castro, com  apoio dos  parceiros do Consórcio do Projeto DESAFIO.
Vol. 2 No 14, dezembro de  2015.
<a href="https://waterlat.org/WPapers/WPSPIDES214.pdf">Baixar o número aqui</a>.
<h2></h2>
<a href="https://waterlat.org/wp-content/uploads/2023/05/WPSPIDES215.jpg"><img loading="lazy" decoding="async" class="alignnone size-medium wp-image-2717" src="https://waterlat.org/wp-content/uploads/2023/05/WPSPIDES215.jpg" alt="Tapa WPSATAM22" width="212" height="300" /></a>.
<h2></h2>
<b>Análise Cross-Comparativo. Projeto DESAFIO</b>.(em inglês).Editado por J.E. Castro, com    artigos de R. Pinto, Z. Teixeira, M. da C. Cunha, e J.E. Castro, com  apoio dos parceiros do Consórcio do Projeto DESAFIO.
Vol. 2 No 15, dezembro de  2015.
<a href="https://waterlat.org/WPapers/WPSPIDES215.pdf">Baixar o número aqui</a>.
<h2></h2>
<a href="https://waterlat.org/wp-content/uploads/2023/05/WPSPIDES216.jpg"><img loading="lazy" decoding="async" class="alignnone size-medium wp-image-2717" src="https://waterlat.org/wp-content/uploads/2023/05/WPSPIDES216.jpg" alt="Tapa WPSATAM22" width="212" height="300" /></a>.
<h2></h2>
<b>Relatórios Finais do Projeto DESAFIO</b>(em inglês). J.E. Castro, com  apoio dos parceiros do Consórcio do Projeto DESAFIO.
Vol. 2 No 16, dezembro de  2015.
<a href="https://waterlat.org/WPapers/WPSPIDES216.pdf">Baixar o número aqui</a>.
<h2></h2>








<a href="https://waterlat.org/pt/areas-tematicas/at3/">Voltar à Apresentação da AT3</a>

. Inovações e desafios para a democratização dos serviços de saneamento. Síntese da Primeira Conferência International.Editado por J.E. Castro, Organizado por H.M. Rocha Ferreira e A. Ramos, com artigos de L. Roberto Rosas de Siqueira, A. Brasileiro, C. Marcuzzo, A. Araujo, J.E.Castro, W. A. Ribeiro, M. Pigeon, A. da Costa Miranda Neto, A. Le Strat, [&hellip;]
