{"id":3937,"date":"2024-10-28T19:10:06","date_gmt":"2024-10-28T19:10:06","guid":{"rendered":"https:\/\/waterlat.org\/pt\/?page_id=3937"},"modified":"2025-07-07T15:07:10","modified_gmt":"2025-07-07T15:07:10","slug":"competicao-de-curta-metragens-2025","status":"publish","type":"page","link":"https:\/\/waterlat.org\/pt\/competicao-de-curta-metragens\/competicao-de-curta-metragens-2025\/","title":{"rendered":"Competi\u00e7\u00e3o de Curta-metragens 2025"},"content":{"rendered":"<h1>Resultados<\/h1>\r\nA Competi\u00e7\u00e3o recebeu 9 v\u00eddeos de 5 pa\u00edses: Argentina, Brasil, Col\u00f4mbia, Guatemala e M\u00e9xico. Todos os v\u00eddeos est\u00e3o dispon\u00edveis ao p \u00fablico na <a href=\"https:\/\/www.youtube.com\/playlist?list=PLx6qphzdSP6sfFrj0PhA0eAcb4-rhP7p3\">Lista de Reprodu\u00e7\u00e3o da Competi\u00e7\u00e3o em nosso Canal de YouTube (Click para abrir)<\/a>. Abaixo apresentamos os tr\u00eas melhores v\u00eddeos e dois v\u00eddeos adicionais que receberam men\u00e7\u00f5es em reconhecimento a suas contribui\u00e7\u00f5es \u00e0 interesses e debates da Rede relevantes aos quatro temas da Competi\u00e7\u00e3o.\r\n<h2>Primeiro Lugar<\/h2>\r\n<h3><a href=\"https:\/\/youtu.be\/u-IZxH1ptAw\">La Performance<\/a> (Click para abrir)<\/h3>\r\n<b>Colectivo Comunidad Tz&#8217;unun Ya&#8217;, San Pedro La Laguna, Solol\u00e1, Guatemala<\/b>.\r\n\r\n&nbsp;\r\n\r\n&nbsp;\r\n<h2>Segundo Lugar<\/h2>\r\n<h3><a href=\"https:\/\/youtu.be\/n3jZ4opCe10\">Juego de territorio y gobernanza com\u00fan del agua en el Valle Inferior del R\u00edo Chubut<\/a> (Click para abrir)<\/h3>\r\n<b>Franco Salvadores, Trelew, Chubut, Argentina<\/b>.\r\n\r\n&nbsp;\r\n<h2>Terceiro Lugar<\/h2>\r\n<h3><a href=\"https:\/\/youtu.be\/FBKk6K9ZRqA\">Identidad Anfibia y Lucha Colectiva por el Cuidado de la Laguna de Sonso<\/a> (Click para abrir)<\/h3>\r\n<b>Alex Mauricio Villegas Tabares, Cali, Colombia<\/b>.\r\n\r\n&nbsp;\r\n<h1>Men\u00e7\u00f5es<\/h1>\r\n<h2>Men\u00e7\u00e3o<\/h2>\r\n<h3><a href=\"https:\/\/youtu.be\/OeZ6DG34d_o\">La Tierra del Agua <\/a> (Click para abrir)<\/h3>\r\n<b>Natali Ormazabal, el Chalt\u00e9n, Santa Cruz, Argentina<\/b>.\r\n<h2>Men\u00e7\u00e3o<\/h2>\r\n<h3><a href=\"https:\/\/youtu.be\/F3Q2MrBbtpA\">Frente a El Zapotillo, los Pueblos permanecen<\/a> (Click para abrir)<\/h3>\r\n<b>David Flores Mag\u00f3n Guzm\u00e1n, Zapopan, M\u00e9xico<\/b>.\r\n\r\n<hr \/>\r\n\r\nPara maiores informa\u00e7\u00f5es ou para esclarecer as d\u00favidas, envie uma mensagem eletr\u00f4nica para a <a href=\"mailto:waterlat@newcastle.ac.uk\"> Secretaria da Rede WATERLAT-GOBACIT <\/a>.\r\n\r\n<a href=\"https:\/\/waterlat.org\/pt\/competicao-de-curta-metragens\/\">Voltar \u00e0 pagina principal da Competi\u00e7\u00e3o <\/a>","protected":false},"excerpt":{"rendered":"Resultados A Competi\u00e7\u00e3o recebeu 9 v\u00eddeos de 5 pa\u00edses: Argentina, Brasil, Col\u00f4mbia, Guatemala e M\u00e9xico. Todos os v\u00eddeos est\u00e3o dispon\u00edveis ao p \u00fablico na Lista de Reprodu\u00e7\u00e3o da Competi\u00e7\u00e3o em nosso Canal de YouTube (Click para abrir). Abaixo apresentamos os tr\u00eas melhores v\u00eddeos e dois v\u00eddeos adicionais que receberam men\u00e7\u00f5es em reconhecimento a suas contribui\u00e7\u00f5es [&hellip;]","protected":false},"author":3,"featured_media":0,"parent":2019,"menu_order":0,"comment_status":"closed","ping_status":"closed","template":"page-templates\/full-width.php","meta":{"_acf_changed":false,"footnotes":""},"class_list":["post-3937","page","type-page","status-publish","hentry","no-wpautop"],"acf":[],"_links":{"self":[{"href":"https:\/\/waterlat.org\/pt\/wp-json\/wp\/v2\/pages\/3937","targetHints":{"allow":["GET"]}}],"collection":[{"href":"https:\/\/waterlat.org\/pt\/wp-json\/wp\/v2\/pages"}],"about":[{"href":"https:\/\/waterlat.org\/pt\/wp-json\/wp\/v2\/types\/page"}],"author":[{"embeddable":true,"href":"https:\/\/waterlat.org\/pt\/wp-json\/wp\/v2\/users\/3"}],"replies":[{"embeddable":true,"href":"https:\/\/waterlat.org\/pt\/wp-json\/wp\/v2\/comments?post=3937"}],"version-history":[{"count":18,"href":"https:\/\/waterlat.org\/pt\/wp-json\/wp\/v2\/pages\/3937\/revisions"}],"predecessor-version":[{"id":4031,"href":"https:\/\/waterlat.org\/pt\/wp-json\/wp\/v2\/pages\/3937\/revisions\/4031"}],"up":[{"embeddable":true,"href":"https:\/\/waterlat.org\/pt\/wp-json\/wp\/v2\/pages\/2019"}],"wp:attachment":[{"href":"https:\/\/waterlat.org\/pt\/wp-json\/wp\/v2\/media?parent=3937"}],"curies":[{"name":"wp","href":"https:\/\/api.w.org\/{rel}","templated":true}]}}

Competição de Curta-metragens 2025

<h1>Resultados</h1>
A Competição recebeu 9 vídeos de 5 países: Argentina, Brasil, Colômbia, Guatemala e México. Todos os vídeos estão disponíveis ao p úblico na <a href="https://www.youtube.com/playlist?list=PLx6qphzdSP6sfFrj0PhA0eAcb4-rhP7p3">Lista de Reprodução da Competição em nosso Canal de YouTube (Click para abrir)</a>. Abaixo apresentamos os três melhores vídeos e dois vídeos adicionais que receberam menções em reconhecimento a suas contribuições à interesses e debates da Rede relevantes aos quatro temas da Competição.
<h2>Primeiro Lugar</h2>
<h3><a href="https://youtu.be/u-IZxH1ptAw">La Performance</a> (Click para abrir)</h3>
<b>Colectivo Comunidad Tz&#8217;unun Ya&#8217;, San Pedro La Laguna, Sololá, Guatemala</b>.

&nbsp;

&nbsp;
<h2>Segundo Lugar</h2>
<h3><a href="https://youtu.be/n3jZ4opCe10">Juego de territorio y gobernanza común del agua en el Valle Inferior del Río Chubut</a> (Click para abrir)</h3>
<b>Franco Salvadores, Trelew, Chubut, Argentina</b>.

&nbsp;
<h2>Terceiro Lugar</h2>
<h3><a href="https://youtu.be/FBKk6K9ZRqA">Identidad Anfibia y Lucha Colectiva por el Cuidado de la Laguna de Sonso</a> (Click para abrir)</h3>
<b>Alex Mauricio Villegas Tabares, Cali, Colombia</b>.

&nbsp;
<h1>Menções</h1>
<h2>Menção</h2>
<h3><a href="https://youtu.be/OeZ6DG34d_o">La Tierra del Agua </a> (Click para abrir)</h3>
<b>Natali Ormazabal, el Chaltén, Santa Cruz, Argentina</b>.
<h2>Menção</h2>
<h3><a href="https://youtu.be/F3Q2MrBbtpA">Frente a El Zapotillo, los Pueblos permanecen</a> (Click para abrir)</h3>
<b>David Flores Magón Guzmán, Zapopan, México</b>.

<hr />

Para maiores informações ou para esclarecer as dúvidas, envie uma mensagem eletrônica para a <a href="mailto:waterlat@newcastle.ac.uk"> Secretaria da Rede WATERLAT-GOBACIT </a>.

<a href="https://waterlat.org/pt/competicao-de-curta-metragens/">Voltar à pagina principal da Competição </a>

Resultados A Competição recebeu 9 vídeos de 5 países: Argentina, Brasil, Colômbia, Guatemala e México. Todos os vídeos estão disponíveis ao p úblico na Lista de Reprodução da Competição em nosso Canal de YouTube (Click para abrir). Abaixo apresentamos os três melhores vídeos e dois vídeos adicionais que receberam menções em reconhecimento a suas contribuições [&hellip;]
