{"id":4035,"date":"2026-01-16T15:57:50","date_gmt":"2026-01-16T15:57:50","guid":{"rendered":"https:\/\/waterlat.org\/pt\/?page_id=4035"},"modified":"2026-01-16T16:02:48","modified_gmt":"2026-01-16T16:02:48","slug":"quinta-sessao-do-seminario","status":"publish","type":"page","link":"https:\/\/waterlat.org\/pt\/ensino\/seminario-2025\/quinta-sessao-do-seminario\/","title":{"rendered":"Quinta Sess\u00e3o do Seminario"},"content":{"rendered":"<h2>Quinta Sess\u00e3o 12 de novembro de 2025 (espanhol)<\/h2>\n<h3>Apresenta\u00e7\u00e3o do Semin\u00e1rio 2025<\/h3>\n<h3>Apresenta\u00e7\u00f5es de Estudantes<\/h3>\n<p>\u201cJusticia h\u00eddrica restaurativa: Propuesta anal\u00edtica para una aproximaci\u00f3n radical a la contaminaci\u00f3n de los r\u00edos urbanos\u201d. <\/p>\n<p>Jessica Estefan\u00eda Jim\u00e9nez (M\u00e9xico)<\/p>\n<p>Doctorado en Estudios Latinoamericanos Universidad Nacional Autonoma de Mexico (UNAM ), Ciudad de M\u00e9xico, M\u00e9xico.<\/p>\n<p>\u201cGobernanza com\u00fan del agua en el Valle Inferior del R\u00edo Chubut: aproximaci\u00f3n te\u00f3rico-metodol\u00f3gica para la participaci\u00f3n y transformaci\u00f3n\u201d. <\/p>\n<p>Franco Salvadores (Argentina)  <\/p>\n<p>Doctorado en Geograf\u00eda, Universidad Nacional de La Plata, La Plata, Buenos Aires, Argentina.<\/p>\n<p>\u201cDesaf\u00edos h\u00eddricos en el territorio de Wirikuta, San Luis Potos\u00ed\u201d.<\/p>\n<p>Mar\u00eda Trinidad Z\u00fa\u00f1iga Raudales (M\u00e9xico)<\/p>\n<p>Doctorado en Estudios del Desarrollo. Universidad Aut\u00f3noma de Zacatecas (UAZ). Zacatecas, M\u00e9xico. <\/p>\n<h3><\/h3>\n<h3><\/h3>\n<h3>Coment\u00e1rios e discuss\u00e3o<\/h3>\n<h3><\/h3>\n<h3>Fechamento<\/h3>\n<h3><\/h3>\n<h3><a href=\"https:\/\/youtu.be\/csj2A7J34g0\">Link ao V\u00eddeo do Semin\u00e1rio<\/a>.<\/h3>\n","protected":false},"excerpt":{"rendered":"<p>Quinta Sess\u00e3o 12 de novembro de 2025 (espanhol) Apresenta\u00e7\u00e3o do Semin\u00e1rio 2025 Apresenta\u00e7\u00f5es de Estudantes \u201cJusticia h\u00eddrica restaurativa: Propuesta anal\u00edtica para una aproximaci\u00f3n radical a la contaminaci\u00f3n de los r\u00edos urbanos\u201d. Jessica Estefan\u00eda Jim\u00e9nez (M\u00e9xico) Doctorado en Estudios Latinoamericanos Universidad Nacional Autonoma de Mexico (UNAM ), Ciudad de M\u00e9xico, M\u00e9xico. \u201cGobernanza com\u00fan del agua en [&hellip;]<\/p>\n","protected":false},"author":3,"featured_media":0,"parent":3982,"menu_order":0,"comment_status":"closed","ping_status":"closed","template":"page-templates\/full-width.php","meta":{"_acf_changed":false,"footnotes":""},"class_list":["post-4035","page","type-page","status-publish","hentry","wpautop"],"acf":[],"_links":{"self":[{"href":"https:\/\/waterlat.org\/pt\/wp-json\/wp\/v2\/pages\/4035","targetHints":{"allow":["GET"]}}],"collection":[{"href":"https:\/\/waterlat.org\/pt\/wp-json\/wp\/v2\/pages"}],"about":[{"href":"https:\/\/waterlat.org\/pt\/wp-json\/wp\/v2\/types\/page"}],"author":[{"embeddable":true,"href":"https:\/\/waterlat.org\/pt\/wp-json\/wp\/v2\/users\/3"}],"replies":[{"embeddable":true,"href":"https:\/\/waterlat.org\/pt\/wp-json\/wp\/v2\/comments?post=4035"}],"version-history":[{"count":3,"href":"https:\/\/waterlat.org\/pt\/wp-json\/wp\/v2\/pages\/4035\/revisions"}],"predecessor-version":[{"id":4041,"href":"https:\/\/waterlat.org\/pt\/wp-json\/wp\/v2\/pages\/4035\/revisions\/4041"}],"up":[{"embeddable":true,"href":"https:\/\/waterlat.org\/pt\/wp-json\/wp\/v2\/pages\/3982"}],"wp:attachment":[{"href":"https:\/\/waterlat.org\/pt\/wp-json\/wp\/v2\/media?parent=4035"}],"curies":[{"name":"wp","href":"https:\/\/api.w.org\/{rel}","templated":true}]}}

Quinta Sessão do Seminario

<h2>Quinta Sessão 12 de novembro de 2025 (espanhol)</h2>
<h3>Apresentação do Seminário 2025</h3>
<h3>Apresentações de Estudantes</h3>
<p>“Justicia hídrica restaurativa: Propuesta analítica para una aproximación radical a la contaminación de los ríos urbanos”. </p>
<p>Jessica Estefanía Jiménez (México)</p>
<p>Doctorado en Estudios Latinoamericanos Universidad Nacional Autonoma de Mexico (UNAM ), Ciudad de México, México.</p>
<p>“Gobernanza común del agua en el Valle Inferior del Río Chubut: aproximación teórico-metodológica para la participación y transformación”. </p>
<p>Franco Salvadores (Argentina)  </p>
<p>Doctorado en Geografía, Universidad Nacional de La Plata, La Plata, Buenos Aires, Argentina.</p>
<p>“Desafíos hídricos en el territorio de Wirikuta, San Luis Potosí”.</p>
<p>María Trinidad Zúñiga Raudales (México)</p>
<p>Doctorado en Estudios del Desarrollo. Universidad Autónoma de Zacatecas (UAZ). Zacatecas, México. </p>
<h3></h3>
<h3></h3>
<h3>Comentários e discussão</h3>
<h3></h3>
<h3>Fechamento</h3>
<h3></h3>
<h3><a href="https://youtu.be/csj2A7J34g0">Link ao Vídeo do Seminário</a>.</h3>

<p>Quinta Sessão 12 de novembro de 2025 (espanhol) Apresentação do Seminário 2025 Apresentações de Estudantes “Justicia hídrica restaurativa: Propuesta analítica para una aproximación radical a la contaminación de los ríos urbanos”. Jessica Estefanía Jiménez (México) Doctorado en Estudios Latinoamericanos Universidad Nacional Autonoma de Mexico (UNAM ), Ciudad de México, México. “Gobernanza común del agua en [&hellip;]</p>
